{"id":22598,"date":"2025-09-02T11:32:20","date_gmt":"2025-09-02T09:32:20","guid":{"rendered":"https:\/\/www.editionsloco.com\/?post_type=livre&#038;p=22598"},"modified":"2026-02-09T12:35:58","modified_gmt":"2026-02-09T11:35:58","slug":"le-reste-du-monde-nexiste-pas","status":"publish","type":"livre","link":"https:\/\/www.editionsloco.com\/en\/livre\/le-reste-du-monde-nexiste-pas\/","title":{"rendered":"Le reste du monde n&#8217;existe pas"},"content":{"rendered":"\n<p>From 2019 to 2024, C\u00e9dric Calandraud returned to the lands of his childhood and adolescence to photograph the young people who live in the villages of eastern and northern Charente. Through an immersive investigation, he documented this period, at the end of adolescence, when some leave to study in the cities without knowing if they will ever return and when others stay to train in the region hoping to quickly integrate into working life. These young people are called Anthony, Oc\u00e9ane, Teddy, and are between 15 and 25 years old. The photographer met them in schools, community centers, at their workplace or during their free time when they find themselves &#8220;at each other&#8217;s houses&#8221;, at the motocross track or on the banks of the river. For him, working with them was an opportunity to rediscover this territory he left at the age of 18, but also its history and origins, to connect them to the present and to his practice. Photograph after photograph, he reconnected with this place that he still calls home.<\/p>\n\n\n\n<p>This book is accompanied by a text retracing these five years of investigation, an interview with sociologists Ya\u00eblle Amsellem-Mainguy and Beno\u00eet Coquard and a political perspective of this work against the invisibility of rural youth by F\u00e9lix Assouly and Salom\u00e9 Berlioux.<\/p>\n\n\n\n<p><\/p>\n","protected":false},"author":13,"featured_media":22579,"template":"","format":"standard","meta":{"_acf_changed":false,"footnotes":""},"nature":[],"statutdeslivres":[],"class_list":["post-22598","livre","type-livre","status-publish","format-standard","has-post-thumbnail","hentry"],"acf":[],"yoast_head":"<!-- This site is optimized with the Yoast SEO plugin v27.1.1 - https:\/\/yoast.com\/product\/yoast-seo-wordpress\/ -->\n<title>Le reste du monde n&#039;existe pas - Editions LOCO<\/title>\n<meta name=\"robots\" content=\"index, follow, max-snippet:-1, max-image-preview:large, max-video-preview:-1\" \/>\n<link rel=\"canonical\" href=\"https:\/\/www.editionsloco.com\/en\/livre\/le-reste-du-monde-nexiste-pas\/\" \/>\n<meta property=\"og:locale\" content=\"en_US\" \/>\n<meta property=\"og:type\" content=\"article\" \/>\n<meta property=\"og:title\" content=\"Le reste du monde n&#039;existe pas - Editions LOCO\" \/>\n<meta property=\"og:description\" content=\"From 2019 to 2024, C\u00e9dric Calandraud returned to the lands of his childhood and adolescence to photograph the young people who live in the villages [&hellip;]\" \/>\n<meta property=\"og:url\" content=\"https:\/\/www.editionsloco.com\/en\/livre\/le-reste-du-monde-nexiste-pas\/\" \/>\n<meta property=\"og:site_name\" content=\"Editions LOCO\" \/>\n<meta property=\"article:modified_time\" content=\"2026-02-09T11:35:58+00:00\" \/>\n<meta property=\"og:image\" content=\"https:\/\/www.editionsloco.com\/wp-content\/uploads\/2025\/09\/DSC3974.jpg\" \/>\n\t<meta property=\"og:image:width\" content=\"1671\" \/>\n\t<meta property=\"og:image:height\" content=\"2000\" \/>\n\t<meta property=\"og:image:type\" content=\"image\/jpeg\" \/>\n<meta name=\"twitter:card\" content=\"summary_large_image\" \/>\n<meta name=\"twitter:label1\" content=\"Est. reading time\" \/>\n\t<meta name=\"twitter:data1\" content=\"2 minutes\" \/>\n<script type=\"application\/ld+json\" class=\"yoast-schema-graph\">{\"@context\":\"https:\/\/schema.org\",\"@graph\":[{\"@type\":\"WebPage\",\"@id\":\"https:\/\/www.editionsloco.com\/en\/livre\/le-reste-du-monde-nexiste-pas\/\",\"url\":\"https:\/\/www.editionsloco.com\/en\/livre\/le-reste-du-monde-nexiste-pas\/\",\"name\":\"Le reste du monde n'existe pas - Editions LOCO\",\"isPartOf\":{\"@id\":\"https:\/\/www.editionsloco.com\/#website\"},\"primaryImageOfPage\":{\"@id\":\"https:\/\/www.editionsloco.com\/en\/livre\/le-reste-du-monde-nexiste-pas\/#primaryimage\"},\"image\":{\"@id\":\"https:\/\/www.editionsloco.com\/en\/livre\/le-reste-du-monde-nexiste-pas\/#primaryimage\"},\"thumbnailUrl\":\"https:\/\/www.editionsloco.com\/wp-content\/uploads\/2025\/09\/DSC3974.jpg\",\"datePublished\":\"2025-09-02T09:32:20+00:00\",\"dateModified\":\"2026-02-09T11:35:58+00:00\",\"breadcrumb\":{\"@id\":\"https:\/\/www.editionsloco.com\/en\/livre\/le-reste-du-monde-nexiste-pas\/#breadcrumb\"},\"inLanguage\":\"en-US\",\"potentialAction\":[{\"@type\":\"ReadAction\",\"target\":[\"https:\/\/www.editionsloco.com\/en\/livre\/le-reste-du-monde-nexiste-pas\/\"]}]},{\"@type\":\"ImageObject\",\"inLanguage\":\"en-US\",\"@id\":\"https:\/\/www.editionsloco.com\/en\/livre\/le-reste-du-monde-nexiste-pas\/#primaryimage\",\"url\":\"https:\/\/www.editionsloco.com\/wp-content\/uploads\/2025\/09\/DSC3974.jpg\",\"contentUrl\":\"https:\/\/www.editionsloco.com\/wp-content\/uploads\/2025\/09\/DSC3974.jpg\",\"width\":1671,\"height\":2000},{\"@type\":\"BreadcrumbList\",\"@id\":\"https:\/\/www.editionsloco.com\/en\/livre\/le-reste-du-monde-nexiste-pas\/#breadcrumb\",\"itemListElement\":[{\"@type\":\"ListItem\",\"position\":1,\"name\":\"Accueil\",\"item\":\"https:\/\/www.editionsloco.com\/en\/\"},{\"@type\":\"ListItem\",\"position\":2,\"name\":\"Le reste du monde n&rsquo;existe pas\"}]},{\"@type\":\"WebSite\",\"@id\":\"https:\/\/www.editionsloco.com\/#website\",\"url\":\"https:\/\/www.editionsloco.com\/\",\"name\":\"Editions LOCO\",\"description\":\"\",\"potentialAction\":[{\"@type\":\"SearchAction\",\"target\":{\"@type\":\"EntryPoint\",\"urlTemplate\":\"https:\/\/www.editionsloco.com\/?s={search_term_string}\"},\"query-input\":{\"@type\":\"PropertyValueSpecification\",\"valueRequired\":true,\"valueName\":\"search_term_string\"}}],\"inLanguage\":\"en-US\"}]}<\/script>\n<!-- \/ Yoast SEO plugin. -->","yoast_head_json":{"title":"Le reste du monde n'existe pas - Editions LOCO","robots":{"index":"index","follow":"follow","max-snippet":"max-snippet:-1","max-image-preview":"max-image-preview:large","max-video-preview":"max-video-preview:-1"},"canonical":"https:\/\/www.editionsloco.com\/en\/livre\/le-reste-du-monde-nexiste-pas\/","og_locale":"en_US","og_type":"article","og_title":"Le reste du monde n'existe pas - Editions LOCO","og_description":"From 2019 to 2024, C\u00e9dric Calandraud returned to the lands of his childhood and adolescence to photograph the young people who live in the villages [&hellip;]","og_url":"https:\/\/www.editionsloco.com\/en\/livre\/le-reste-du-monde-nexiste-pas\/","og_site_name":"Editions LOCO","article_modified_time":"2026-02-09T11:35:58+00:00","og_image":[{"width":1671,"height":2000,"url":"https:\/\/www.editionsloco.com\/wp-content\/uploads\/2025\/09\/DSC3974.jpg","type":"image\/jpeg"}],"twitter_card":"summary_large_image","twitter_misc":{"Est. reading time":"2 minutes"},"schema":{"@context":"https:\/\/schema.org","@graph":[{"@type":"WebPage","@id":"https:\/\/www.editionsloco.com\/en\/livre\/le-reste-du-monde-nexiste-pas\/","url":"https:\/\/www.editionsloco.com\/en\/livre\/le-reste-du-monde-nexiste-pas\/","name":"Le reste du monde n'existe pas - Editions LOCO","isPartOf":{"@id":"https:\/\/www.editionsloco.com\/#website"},"primaryImageOfPage":{"@id":"https:\/\/www.editionsloco.com\/en\/livre\/le-reste-du-monde-nexiste-pas\/#primaryimage"},"image":{"@id":"https:\/\/www.editionsloco.com\/en\/livre\/le-reste-du-monde-nexiste-pas\/#primaryimage"},"thumbnailUrl":"https:\/\/www.editionsloco.com\/wp-content\/uploads\/2025\/09\/DSC3974.jpg","datePublished":"2025-09-02T09:32:20+00:00","dateModified":"2026-02-09T11:35:58+00:00","breadcrumb":{"@id":"https:\/\/www.editionsloco.com\/en\/livre\/le-reste-du-monde-nexiste-pas\/#breadcrumb"},"inLanguage":"en-US","potentialAction":[{"@type":"ReadAction","target":["https:\/\/www.editionsloco.com\/en\/livre\/le-reste-du-monde-nexiste-pas\/"]}]},{"@type":"ImageObject","inLanguage":"en-US","@id":"https:\/\/www.editionsloco.com\/en\/livre\/le-reste-du-monde-nexiste-pas\/#primaryimage","url":"https:\/\/www.editionsloco.com\/wp-content\/uploads\/2025\/09\/DSC3974.jpg","contentUrl":"https:\/\/www.editionsloco.com\/wp-content\/uploads\/2025\/09\/DSC3974.jpg","width":1671,"height":2000},{"@type":"BreadcrumbList","@id":"https:\/\/www.editionsloco.com\/en\/livre\/le-reste-du-monde-nexiste-pas\/#breadcrumb","itemListElement":[{"@type":"ListItem","position":1,"name":"Accueil","item":"https:\/\/www.editionsloco.com\/en\/"},{"@type":"ListItem","position":2,"name":"Le reste du monde n&rsquo;existe pas"}]},{"@type":"WebSite","@id":"https:\/\/www.editionsloco.com\/#website","url":"https:\/\/www.editionsloco.com\/","name":"Editions LOCO","description":"","potentialAction":[{"@type":"SearchAction","target":{"@type":"EntryPoint","urlTemplate":"https:\/\/www.editionsloco.com\/?s={search_term_string}"},"query-input":{"@type":"PropertyValueSpecification","valueRequired":true,"valueName":"search_term_string"}}],"inLanguage":"en-US"}]}},"_links":{"self":[{"href":"https:\/\/www.editionsloco.com\/en\/wp-json\/wp\/v2\/livre\/22598","targetHints":{"allow":["GET"]}}],"collection":[{"href":"https:\/\/www.editionsloco.com\/en\/wp-json\/wp\/v2\/livre"}],"about":[{"href":"https:\/\/www.editionsloco.com\/en\/wp-json\/wp\/v2\/types\/livre"}],"author":[{"embeddable":true,"href":"https:\/\/www.editionsloco.com\/en\/wp-json\/wp\/v2\/users\/13"}],"version-history":[{"count":10,"href":"https:\/\/www.editionsloco.com\/en\/wp-json\/wp\/v2\/livre\/22598\/revisions"}],"predecessor-version":[{"id":27331,"href":"https:\/\/www.editionsloco.com\/en\/wp-json\/wp\/v2\/livre\/22598\/revisions\/27331"}],"wp:featuredmedia":[{"embeddable":true,"href":"https:\/\/www.editionsloco.com\/en\/wp-json\/wp\/v2\/media\/22579"}],"wp:attachment":[{"href":"https:\/\/www.editionsloco.com\/en\/wp-json\/wp\/v2\/media?parent=22598"}],"wp:term":[{"taxonomy":"nature","embeddable":true,"href":"https:\/\/www.editionsloco.com\/en\/wp-json\/wp\/v2\/nature?post=22598"},{"taxonomy":"statutdeslivres","embeddable":true,"href":"https:\/\/www.editionsloco.com\/en\/wp-json\/wp\/v2\/statutdeslivres?post=22598"}],"curies":[{"name":"wp","href":"https:\/\/api.w.org\/{rel}","templated":true}]}}

<p>From 2019 to 2024, Cédric Calandraud returned to the lands of his childhood and adolescence to photograph the young people who live in the villages of eastern and northern Charente. Through an immersive investigation, he documented this period, at the end of adolescence, when some leave to study in the cities without knowing if they will ever return and when others stay to train in the region hoping to quickly integrate into working life. These young people are called Anthony, Océane, Teddy, and are between 15 and 25 years old. The photographer met them in schools, community centers, at their workplace or during their free time when they find themselves &#8220;at each other&#8217;s houses&#8221;, at the motocross track or on the banks of the river. For him, working with them was an opportunity to rediscover this territory he left at the age of 18, but also its history and origins, to connect them to the present and to his practice. Photograph after photograph, he reconnected with this place that he still calls home.</p>



<p>This book is accompanied by a text retracing these five years of investigation, an interview with sociologists Yaëlle Amsellem-Mainguy and Benoît Coquard and a political perspective of this work against the invisibility of rural youth by Félix Assouly and Salomé Berlioux.</p>



<p></p>

<!-- This site is optimized with the Yoast SEO plugin v27.1.1 - https://yoast.com/product/yoast-seo-wordpress/ -->
<title>Le reste du monde n&#039;existe pas - Editions LOCO</title>
<meta name="robots" content="index, follow, max-snippet:-1, max-image-preview:large, max-video-preview:-1" />
<link rel="canonical" href="https://www.editionsloco.com/en/livre/le-reste-du-monde-nexiste-pas/" />
<meta property="og:locale" content="en_US" />
<meta property="og:type" content="article" />
<meta property="og:title" content="Le reste du monde n&#039;existe pas - Editions LOCO" />
<meta property="og:description" content="From 2019 to 2024, Cédric Calandraud returned to the lands of his childhood and adolescence to photograph the young people who live in the villages [&hellip;]" />
<meta property="og:url" content="https://www.editionsloco.com/en/livre/le-reste-du-monde-nexiste-pas/" />
<meta property="og:site_name" content="Editions LOCO" />
<meta property="article:modified_time" content="2026-02-09T11:35:58+00:00" />
<meta property="og:image" content="https://www.editionsloco.com/wp-content/uploads/2025/09/DSC3974.jpg" />
	<meta property="og:image:width" content="1671" />
	<meta property="og:image:height" content="2000" />
	<meta property="og:image:type" content="image/jpeg" />
<meta name="twitter:card" content="summary_large_image" />
<meta name="twitter:label1" content="Est. reading time" />
	<meta name="twitter:data1" content="2 minutes" />
<script type="application/ld+json" class="yoast-schema-graph">{"@context":"https://schema.org","@graph":[{"@type":"WebPage","@id":"https://www.editionsloco.com/en/livre/le-reste-du-monde-nexiste-pas/","url":"https://www.editionsloco.com/en/livre/le-reste-du-monde-nexiste-pas/","name":"Le reste du monde n'existe pas - Editions LOCO","isPartOf":{"@id":"https://www.editionsloco.com/#website"},"primaryImageOfPage":{"@id":"https://www.editionsloco.com/en/livre/le-reste-du-monde-nexiste-pas/#primaryimage"},"image":{"@id":"https://www.editionsloco.com/en/livre/le-reste-du-monde-nexiste-pas/#primaryimage"},"thumbnailUrl":"https://www.editionsloco.com/wp-content/uploads/2025/09/DSC3974.jpg","datePublished":"2025-09-02T09:32:20+00:00","dateModified":"2026-02-09T11:35:58+00:00","breadcrumb":{"@id":"https://www.editionsloco.com/en/livre/le-reste-du-monde-nexiste-pas/#breadcrumb"},"inLanguage":"en-US","potentialAction":[{"@type":"ReadAction","target":["https://www.editionsloco.com/en/livre/le-reste-du-monde-nexiste-pas/"]}]},{"@type":"ImageObject","inLanguage":"en-US","@id":"https://www.editionsloco.com/en/livre/le-reste-du-monde-nexiste-pas/#primaryimage","url":"https://www.editionsloco.com/wp-content/uploads/2025/09/DSC3974.jpg","contentUrl":"https://www.editionsloco.com/wp-content/uploads/2025/09/DSC3974.jpg","width":1671,"height":2000},{"@type":"BreadcrumbList","@id":"https://www.editionsloco.com/en/livre/le-reste-du-monde-nexiste-pas/#breadcrumb","itemListElement":[{"@type":"ListItem","position":1,"name":"Accueil","item":"https://www.editionsloco.com/en/"},{"@type":"ListItem","position":2,"name":"Le reste du monde n&rsquo;existe pas"}]},{"@type":"WebSite","@id":"https://www.editionsloco.com/#website","url":"https://www.editionsloco.com/","name":"Editions LOCO","description":"","potentialAction":[{"@type":"SearchAction","target":{"@type":"EntryPoint","urlTemplate":"https://www.editionsloco.com/?s={search_term_string}"},"query-input":{"@type":"PropertyValueSpecification","valueRequired":true,"valueName":"search_term_string"}}],"inLanguage":"en-US"}]}</script>
<!-- / Yoast SEO plugin. -->

From 2019 to 2024, Cédric Calandraud returned to the lands of his childhood and adolescence to photograph the young people who live in the villages [&hellip;]
