{"id":22793,"date":"2025-10-06T16:12:49","date_gmt":"2025-10-06T14:12:49","guid":{"rendered":"https:\/\/www.editionsloco.com\/?post_type=biographie&#038;p=22793"},"modified":"2025-10-06T16:12:50","modified_gmt":"2025-10-06T14:12:50","slug":"armengaud","status":"publish","type":"biographie","link":"https:\/\/www.editionsloco.com\/en\/biographie\/armengaud\/","title":{"rendered":"Armengaud"},"content":{"rendered":"\n<p>Depuis bient\u00f4t quarante ans, Max Armengaud photographie des institutions. Parmi lesquelles l\u2019Op\u00e9ra de Paris, la Cit\u00e9 du Vatican, le ch\u00e2teau de Prague et la Casa de Vel\u00e1zquez, repr\u00e9sent\u00e9es gr\u00e2ce aux<br>personnes qui les habitent et les traversent. Son travail est port\u00e9 par deux notions centrales : la permanence et la disparition. Il est l\u2019auteur du livre Antichambre, publi\u00e9 en 2015 aux \u00e9ditions Analogues, \u00e9ditions pour l\u2019art contemporain. Il a \u00e9t\u00e9 professeur d\u2019enseignement artistique \u00e0 l\u2019\u00c9cole<br>sup\u00e9rieure des beaux-arts de Marseille de 1999 \u00e0 2024.<\/p>\n\n\n\n<p><\/p>\n","protected":false},"author":13,"featured_media":22795,"template":"","format":"standard","meta":{"_acf_changed":false,"footnotes":""},"class_list":["post-22793","biographie","type-biographie","status-publish","format-standard","has-post-thumbnail","hentry"],"acf":[],"yoast_head":"<!-- This site is optimized with the Yoast SEO plugin v27.1.1 - https:\/\/yoast.com\/product\/yoast-seo-wordpress\/ -->\n<title>Armengaud - Editions LOCO<\/title>\n<meta name=\"robots\" content=\"index, follow, max-snippet:-1, max-image-preview:large, max-video-preview:-1\" \/>\n<link rel=\"canonical\" href=\"https:\/\/www.editionsloco.com\/biographie\/armengaud\/\" \/>\n<meta property=\"og:locale\" content=\"en_US\" \/>\n<meta property=\"og:type\" content=\"article\" \/>\n<meta property=\"og:title\" content=\"Armengaud - Editions LOCO\" \/>\n<meta property=\"og:description\" content=\"Depuis bient\u00f4t quarante ans, Max Armengaud photographie des institutions. Parmi lesquelles l\u2019Op\u00e9ra de Paris, la Cit\u00e9 du Vatican, le ch\u00e2teau de Prague et la Casa [&hellip;]\" \/>\n<meta property=\"og:url\" content=\"https:\/\/www.editionsloco.com\/biographie\/armengaud\/\" \/>\n<meta property=\"og:site_name\" content=\"Editions LOCO\" \/>\n<meta property=\"article:modified_time\" content=\"2025-10-06T14:12:50+00:00\" \/>\n<meta property=\"og:image\" content=\"https:\/\/www.editionsloco.com\/wp-content\/uploads\/2025\/10\/Capture-decran-2025-10-06-a-16.12.30.png\" \/>\n\t<meta property=\"og:image:width\" content=\"614\" \/>\n\t<meta property=\"og:image:height\" content=\"820\" \/>\n\t<meta property=\"og:image:type\" content=\"image\/png\" \/>\n<meta name=\"twitter:card\" content=\"summary_large_image\" \/>\n<script type=\"application\/ld+json\" class=\"yoast-schema-graph\">{\"@context\":\"https:\/\/schema.org\",\"@graph\":[{\"@type\":\"WebPage\",\"@id\":\"https:\/\/www.editionsloco.com\/biographie\/armengaud\/\",\"url\":\"https:\/\/www.editionsloco.com\/biographie\/armengaud\/\",\"name\":\"Armengaud - Editions LOCO\",\"isPartOf\":{\"@id\":\"https:\/\/www.editionsloco.com\/#website\"},\"primaryImageOfPage\":{\"@id\":\"https:\/\/www.editionsloco.com\/biographie\/armengaud\/#primaryimage\"},\"image\":{\"@id\":\"https:\/\/www.editionsloco.com\/biographie\/armengaud\/#primaryimage\"},\"thumbnailUrl\":\"https:\/\/www.editionsloco.com\/wp-content\/uploads\/2025\/10\/Capture-decran-2025-10-06-a-16.12.30.png\",\"datePublished\":\"2025-10-06T14:12:49+00:00\",\"dateModified\":\"2025-10-06T14:12:50+00:00\",\"breadcrumb\":{\"@id\":\"https:\/\/www.editionsloco.com\/biographie\/armengaud\/#breadcrumb\"},\"inLanguage\":\"en-US\",\"potentialAction\":[{\"@type\":\"ReadAction\",\"target\":[\"https:\/\/www.editionsloco.com\/biographie\/armengaud\/\"]}]},{\"@type\":\"ImageObject\",\"inLanguage\":\"en-US\",\"@id\":\"https:\/\/www.editionsloco.com\/biographie\/armengaud\/#primaryimage\",\"url\":\"https:\/\/www.editionsloco.com\/wp-content\/uploads\/2025\/10\/Capture-decran-2025-10-06-a-16.12.30.png\",\"contentUrl\":\"https:\/\/www.editionsloco.com\/wp-content\/uploads\/2025\/10\/Capture-decran-2025-10-06-a-16.12.30.png\",\"width\":614,\"height\":820},{\"@type\":\"BreadcrumbList\",\"@id\":\"https:\/\/www.editionsloco.com\/biographie\/armengaud\/#breadcrumb\",\"itemListElement\":[{\"@type\":\"ListItem\",\"position\":1,\"name\":\"Accueil\",\"item\":\"https:\/\/www.editionsloco.com\/en\/\"},{\"@type\":\"ListItem\",\"position\":2,\"name\":\"Armengaud\"}]},{\"@type\":\"WebSite\",\"@id\":\"https:\/\/www.editionsloco.com\/#website\",\"url\":\"https:\/\/www.editionsloco.com\/\",\"name\":\"Editions LOCO\",\"description\":\"\",\"potentialAction\":[{\"@type\":\"SearchAction\",\"target\":{\"@type\":\"EntryPoint\",\"urlTemplate\":\"https:\/\/www.editionsloco.com\/?s={search_term_string}\"},\"query-input\":{\"@type\":\"PropertyValueSpecification\",\"valueRequired\":true,\"valueName\":\"search_term_string\"}}],\"inLanguage\":\"en-US\"}]}<\/script>\n<!-- \/ Yoast SEO plugin. -->","yoast_head_json":{"title":"Armengaud - Editions LOCO","robots":{"index":"index","follow":"follow","max-snippet":"max-snippet:-1","max-image-preview":"max-image-preview:large","max-video-preview":"max-video-preview:-1"},"canonical":"https:\/\/www.editionsloco.com\/biographie\/armengaud\/","og_locale":"en_US","og_type":"article","og_title":"Armengaud - Editions LOCO","og_description":"Depuis bient\u00f4t quarante ans, Max Armengaud photographie des institutions. Parmi lesquelles l\u2019Op\u00e9ra de Paris, la Cit\u00e9 du Vatican, le ch\u00e2teau de Prague et la Casa [&hellip;]","og_url":"https:\/\/www.editionsloco.com\/biographie\/armengaud\/","og_site_name":"Editions LOCO","article_modified_time":"2025-10-06T14:12:50+00:00","og_image":[{"width":614,"height":820,"url":"https:\/\/www.editionsloco.com\/wp-content\/uploads\/2025\/10\/Capture-decran-2025-10-06-a-16.12.30.png","type":"image\/png"}],"twitter_card":"summary_large_image","schema":{"@context":"https:\/\/schema.org","@graph":[{"@type":"WebPage","@id":"https:\/\/www.editionsloco.com\/biographie\/armengaud\/","url":"https:\/\/www.editionsloco.com\/biographie\/armengaud\/","name":"Armengaud - Editions LOCO","isPartOf":{"@id":"https:\/\/www.editionsloco.com\/#website"},"primaryImageOfPage":{"@id":"https:\/\/www.editionsloco.com\/biographie\/armengaud\/#primaryimage"},"image":{"@id":"https:\/\/www.editionsloco.com\/biographie\/armengaud\/#primaryimage"},"thumbnailUrl":"https:\/\/www.editionsloco.com\/wp-content\/uploads\/2025\/10\/Capture-decran-2025-10-06-a-16.12.30.png","datePublished":"2025-10-06T14:12:49+00:00","dateModified":"2025-10-06T14:12:50+00:00","breadcrumb":{"@id":"https:\/\/www.editionsloco.com\/biographie\/armengaud\/#breadcrumb"},"inLanguage":"en-US","potentialAction":[{"@type":"ReadAction","target":["https:\/\/www.editionsloco.com\/biographie\/armengaud\/"]}]},{"@type":"ImageObject","inLanguage":"en-US","@id":"https:\/\/www.editionsloco.com\/biographie\/armengaud\/#primaryimage","url":"https:\/\/www.editionsloco.com\/wp-content\/uploads\/2025\/10\/Capture-decran-2025-10-06-a-16.12.30.png","contentUrl":"https:\/\/www.editionsloco.com\/wp-content\/uploads\/2025\/10\/Capture-decran-2025-10-06-a-16.12.30.png","width":614,"height":820},{"@type":"BreadcrumbList","@id":"https:\/\/www.editionsloco.com\/biographie\/armengaud\/#breadcrumb","itemListElement":[{"@type":"ListItem","position":1,"name":"Accueil","item":"https:\/\/www.editionsloco.com\/en\/"},{"@type":"ListItem","position":2,"name":"Armengaud"}]},{"@type":"WebSite","@id":"https:\/\/www.editionsloco.com\/#website","url":"https:\/\/www.editionsloco.com\/","name":"Editions LOCO","description":"","potentialAction":[{"@type":"SearchAction","target":{"@type":"EntryPoint","urlTemplate":"https:\/\/www.editionsloco.com\/?s={search_term_string}"},"query-input":{"@type":"PropertyValueSpecification","valueRequired":true,"valueName":"search_term_string"}}],"inLanguage":"en-US"}]}},"_links":{"self":[{"href":"https:\/\/www.editionsloco.com\/en\/wp-json\/wp\/v2\/biographie\/22793","targetHints":{"allow":["GET"]}}],"collection":[{"href":"https:\/\/www.editionsloco.com\/en\/wp-json\/wp\/v2\/biographie"}],"about":[{"href":"https:\/\/www.editionsloco.com\/en\/wp-json\/wp\/v2\/types\/biographie"}],"author":[{"embeddable":true,"href":"https:\/\/www.editionsloco.com\/en\/wp-json\/wp\/v2\/users\/13"}],"version-history":[{"count":1,"href":"https:\/\/www.editionsloco.com\/en\/wp-json\/wp\/v2\/biographie\/22793\/revisions"}],"predecessor-version":[{"id":22794,"href":"https:\/\/www.editionsloco.com\/en\/wp-json\/wp\/v2\/biographie\/22793\/revisions\/22794"}],"wp:featuredmedia":[{"embeddable":true,"href":"https:\/\/www.editionsloco.com\/en\/wp-json\/wp\/v2\/media\/22795"}],"wp:attachment":[{"href":"https:\/\/www.editionsloco.com\/en\/wp-json\/wp\/v2\/media?parent=22793"}],"curies":[{"name":"wp","href":"https:\/\/api.w.org\/{rel}","templated":true}]}}

<p>Depuis bientôt quarante ans, Max Armengaud photographie des institutions. Parmi lesquelles l’Opéra de Paris, la Cité du Vatican, le château de Prague et la Casa de Velázquez, représentées grâce aux<br>personnes qui les habitent et les traversent. Son travail est porté par deux notions centrales : la permanence et la disparition. Il est l’auteur du livre Antichambre, publié en 2015 aux éditions Analogues, éditions pour l’art contemporain. Il a été professeur d’enseignement artistique à l’École<br>supérieure des beaux-arts de Marseille de 1999 à 2024.</p>



<p></p>

<!-- This site is optimized with the Yoast SEO plugin v27.1.1 - https://yoast.com/product/yoast-seo-wordpress/ -->
<title>Armengaud - Editions LOCO</title>
<meta name="robots" content="index, follow, max-snippet:-1, max-image-preview:large, max-video-preview:-1" />
<link rel="canonical" href="https://www.editionsloco.com/biographie/armengaud/" />
<meta property="og:locale" content="en_US" />
<meta property="og:type" content="article" />
<meta property="og:title" content="Armengaud - Editions LOCO" />
<meta property="og:description" content="Depuis bientôt quarante ans, Max Armengaud photographie des institutions. Parmi lesquelles l’Opéra de Paris, la Cité du Vatican, le château de Prague et la Casa [&hellip;]" />
<meta property="og:url" content="https://www.editionsloco.com/biographie/armengaud/" />
<meta property="og:site_name" content="Editions LOCO" />
<meta property="article:modified_time" content="2025-10-06T14:12:50+00:00" />
<meta property="og:image" content="https://www.editionsloco.com/wp-content/uploads/2025/10/Capture-decran-2025-10-06-a-16.12.30.png" />
	<meta property="og:image:width" content="614" />
	<meta property="og:image:height" content="820" />
	<meta property="og:image:type" content="image/png" />
<meta name="twitter:card" content="summary_large_image" />
<script type="application/ld+json" class="yoast-schema-graph">{"@context":"https://schema.org","@graph":[{"@type":"WebPage","@id":"https://www.editionsloco.com/biographie/armengaud/","url":"https://www.editionsloco.com/biographie/armengaud/","name":"Armengaud - Editions LOCO","isPartOf":{"@id":"https://www.editionsloco.com/#website"},"primaryImageOfPage":{"@id":"https://www.editionsloco.com/biographie/armengaud/#primaryimage"},"image":{"@id":"https://www.editionsloco.com/biographie/armengaud/#primaryimage"},"thumbnailUrl":"https://www.editionsloco.com/wp-content/uploads/2025/10/Capture-decran-2025-10-06-a-16.12.30.png","datePublished":"2025-10-06T14:12:49+00:00","dateModified":"2025-10-06T14:12:50+00:00","breadcrumb":{"@id":"https://www.editionsloco.com/biographie/armengaud/#breadcrumb"},"inLanguage":"en-US","potentialAction":[{"@type":"ReadAction","target":["https://www.editionsloco.com/biographie/armengaud/"]}]},{"@type":"ImageObject","inLanguage":"en-US","@id":"https://www.editionsloco.com/biographie/armengaud/#primaryimage","url":"https://www.editionsloco.com/wp-content/uploads/2025/10/Capture-decran-2025-10-06-a-16.12.30.png","contentUrl":"https://www.editionsloco.com/wp-content/uploads/2025/10/Capture-decran-2025-10-06-a-16.12.30.png","width":614,"height":820},{"@type":"BreadcrumbList","@id":"https://www.editionsloco.com/biographie/armengaud/#breadcrumb","itemListElement":[{"@type":"ListItem","position":1,"name":"Accueil","item":"https://www.editionsloco.com/en/"},{"@type":"ListItem","position":2,"name":"Armengaud"}]},{"@type":"WebSite","@id":"https://www.editionsloco.com/#website","url":"https://www.editionsloco.com/","name":"Editions LOCO","description":"","potentialAction":[{"@type":"SearchAction","target":{"@type":"EntryPoint","urlTemplate":"https://www.editionsloco.com/?s={search_term_string}"},"query-input":{"@type":"PropertyValueSpecification","valueRequired":true,"valueName":"search_term_string"}}],"inLanguage":"en-US"}]}</script>
<!-- / Yoast SEO plugin. -->

Depuis bientôt quarante ans, Max Armengaud photographie des institutions. Parmi lesquelles l’Opéra de Paris, la Cité du Vatican, le château de Prague et la Casa [&hellip;]
