{"id":22558,"date":"2025-09-02T11:25:50","date_gmt":"2025-09-02T09:25:50","guid":{"rendered":"https:\/\/www.editionsloco.com\/?post_type=biographie&#038;p=22558"},"modified":"2025-09-30T14:14:59","modified_gmt":"2025-09-30T12:14:59","slug":"calandraud","status":"publish","type":"biographie","link":"https:\/\/www.editionsloco.com\/en\/biographie\/calandraud\/","title":{"rendered":"Calandraud"},"content":{"rendered":"\n<p>Originaire du village de La Rochefoucauld en Charente, C\u00e9dric Calandraud est photographe-auteur et enseigne la sociologie visuelle \u00e0 l\u2019Universit\u00e9 Paris Cit\u00e9. Depuis 2018, il op\u00e8re un retour sur ses origines rurales, un travail qui a re\u00e7u plusieurs prix et bourses, dont le prix du jury au festival Les Boutographies \u00e0 Montpellier en 2018, le prix Echange au festival FotoLeggendo \u00e0 Rome en 2018, la bourse Laurent Troude d\u00e9cern\u00e9e par Lib\u00e9ration et la SAIF en 2020, la bourse de soutien \u00e0 la photographie documentaire du CNAP en 2021 et la bourse Radioscopie de la France d\u00e9cern\u00e9e par la BNF en 2022. Ses photographies ont notamment \u00e9t\u00e9 expos\u00e9es \u00e0 la Biblioth\u00e8que Nationale de France (2024), \u00e0 l\u2019Institut pour la photo (2024) et au Carr\u00e9 Amelot (2024).<\/p>\n\n\n\n<p><\/p>\n","protected":false},"author":13,"featured_media":22559,"template":"","format":"standard","meta":{"_acf_changed":false,"footnotes":""},"class_list":["post-22558","biographie","type-biographie","status-publish","format-standard","has-post-thumbnail","hentry"],"acf":[],"yoast_head":"<!-- This site is optimized with the Yoast SEO plugin v27.1.1 - https:\/\/yoast.com\/product\/yoast-seo-wordpress\/ -->\n<title>Calandraud - Editions LOCO<\/title>\n<meta name=\"robots\" content=\"index, follow, max-snippet:-1, max-image-preview:large, max-video-preview:-1\" \/>\n<link rel=\"canonical\" href=\"https:\/\/www.editionsloco.com\/biographie\/calandraud\/\" \/>\n<meta property=\"og:locale\" content=\"en_US\" \/>\n<meta property=\"og:type\" content=\"article\" \/>\n<meta property=\"og:title\" content=\"Calandraud - Editions LOCO\" \/>\n<meta property=\"og:description\" content=\"Originaire du village de La Rochefoucauld en Charente, C\u00e9dric Calandraud est photographe-auteur et enseigne la sociologie visuelle \u00e0 l\u2019Universit\u00e9 Paris Cit\u00e9. Depuis 2018, il op\u00e8re [&hellip;]\" \/>\n<meta property=\"og:url\" content=\"https:\/\/www.editionsloco.com\/biographie\/calandraud\/\" \/>\n<meta property=\"og:site_name\" content=\"Editions LOCO\" \/>\n<meta property=\"article:modified_time\" content=\"2025-09-30T12:14:59+00:00\" \/>\n<meta property=\"og:image\" content=\"https:\/\/www.editionsloco.com\/wp-content\/uploads\/2025\/09\/Cedric-Calandraud-portrait-Tous-droits-reserves-e1756805125247.webp\" \/>\n\t<meta property=\"og:image:width\" content=\"480\" \/>\n\t<meta property=\"og:image:height\" content=\"513\" \/>\n\t<meta property=\"og:image:type\" content=\"image\/webp\" \/>\n<meta name=\"twitter:card\" content=\"summary_large_image\" \/>\n<meta name=\"twitter:label1\" content=\"Est. reading time\" \/>\n\t<meta name=\"twitter:data1\" content=\"1 minute\" \/>\n<script type=\"application\/ld+json\" class=\"yoast-schema-graph\">{\"@context\":\"https:\/\/schema.org\",\"@graph\":[{\"@type\":\"WebPage\",\"@id\":\"https:\/\/www.editionsloco.com\/biographie\/calandraud\/\",\"url\":\"https:\/\/www.editionsloco.com\/biographie\/calandraud\/\",\"name\":\"Calandraud - Editions LOCO\",\"isPartOf\":{\"@id\":\"https:\/\/www.editionsloco.com\/#website\"},\"primaryImageOfPage\":{\"@id\":\"https:\/\/www.editionsloco.com\/biographie\/calandraud\/#primaryimage\"},\"image\":{\"@id\":\"https:\/\/www.editionsloco.com\/biographie\/calandraud\/#primaryimage\"},\"thumbnailUrl\":\"https:\/\/www.editionsloco.com\/wp-content\/uploads\/2025\/09\/Cedric-Calandraud-portrait-Tous-droits-reserves-e1756805125247.webp\",\"datePublished\":\"2025-09-02T09:25:50+00:00\",\"dateModified\":\"2025-09-30T12:14:59+00:00\",\"breadcrumb\":{\"@id\":\"https:\/\/www.editionsloco.com\/biographie\/calandraud\/#breadcrumb\"},\"inLanguage\":\"en-US\",\"potentialAction\":[{\"@type\":\"ReadAction\",\"target\":[\"https:\/\/www.editionsloco.com\/biographie\/calandraud\/\"]}]},{\"@type\":\"ImageObject\",\"inLanguage\":\"en-US\",\"@id\":\"https:\/\/www.editionsloco.com\/biographie\/calandraud\/#primaryimage\",\"url\":\"https:\/\/www.editionsloco.com\/wp-content\/uploads\/2025\/09\/Cedric-Calandraud-portrait-Tous-droits-reserves-e1756805125247.webp\",\"contentUrl\":\"https:\/\/www.editionsloco.com\/wp-content\/uploads\/2025\/09\/Cedric-Calandraud-portrait-Tous-droits-reserves-e1756805125247.webp\",\"width\":480,\"height\":513},{\"@type\":\"BreadcrumbList\",\"@id\":\"https:\/\/www.editionsloco.com\/biographie\/calandraud\/#breadcrumb\",\"itemListElement\":[{\"@type\":\"ListItem\",\"position\":1,\"name\":\"Accueil\",\"item\":\"https:\/\/www.editionsloco.com\/en\/\"},{\"@type\":\"ListItem\",\"position\":2,\"name\":\"Calandraud\"}]},{\"@type\":\"WebSite\",\"@id\":\"https:\/\/www.editionsloco.com\/#website\",\"url\":\"https:\/\/www.editionsloco.com\/\",\"name\":\"Editions LOCO\",\"description\":\"\",\"potentialAction\":[{\"@type\":\"SearchAction\",\"target\":{\"@type\":\"EntryPoint\",\"urlTemplate\":\"https:\/\/www.editionsloco.com\/?s={search_term_string}\"},\"query-input\":{\"@type\":\"PropertyValueSpecification\",\"valueRequired\":true,\"valueName\":\"search_term_string\"}}],\"inLanguage\":\"en-US\"}]}<\/script>\n<!-- \/ Yoast SEO plugin. -->","yoast_head_json":{"title":"Calandraud - Editions LOCO","robots":{"index":"index","follow":"follow","max-snippet":"max-snippet:-1","max-image-preview":"max-image-preview:large","max-video-preview":"max-video-preview:-1"},"canonical":"https:\/\/www.editionsloco.com\/biographie\/calandraud\/","og_locale":"en_US","og_type":"article","og_title":"Calandraud - Editions LOCO","og_description":"Originaire du village de La Rochefoucauld en Charente, C\u00e9dric Calandraud est photographe-auteur et enseigne la sociologie visuelle \u00e0 l\u2019Universit\u00e9 Paris Cit\u00e9. Depuis 2018, il op\u00e8re [&hellip;]","og_url":"https:\/\/www.editionsloco.com\/biographie\/calandraud\/","og_site_name":"Editions LOCO","article_modified_time":"2025-09-30T12:14:59+00:00","og_image":[{"width":480,"height":513,"url":"https:\/\/www.editionsloco.com\/wp-content\/uploads\/2025\/09\/Cedric-Calandraud-portrait-Tous-droits-reserves-e1756805125247.webp","type":"image\/webp"}],"twitter_card":"summary_large_image","twitter_misc":{"Est. reading time":"1 minute"},"schema":{"@context":"https:\/\/schema.org","@graph":[{"@type":"WebPage","@id":"https:\/\/www.editionsloco.com\/biographie\/calandraud\/","url":"https:\/\/www.editionsloco.com\/biographie\/calandraud\/","name":"Calandraud - Editions LOCO","isPartOf":{"@id":"https:\/\/www.editionsloco.com\/#website"},"primaryImageOfPage":{"@id":"https:\/\/www.editionsloco.com\/biographie\/calandraud\/#primaryimage"},"image":{"@id":"https:\/\/www.editionsloco.com\/biographie\/calandraud\/#primaryimage"},"thumbnailUrl":"https:\/\/www.editionsloco.com\/wp-content\/uploads\/2025\/09\/Cedric-Calandraud-portrait-Tous-droits-reserves-e1756805125247.webp","datePublished":"2025-09-02T09:25:50+00:00","dateModified":"2025-09-30T12:14:59+00:00","breadcrumb":{"@id":"https:\/\/www.editionsloco.com\/biographie\/calandraud\/#breadcrumb"},"inLanguage":"en-US","potentialAction":[{"@type":"ReadAction","target":["https:\/\/www.editionsloco.com\/biographie\/calandraud\/"]}]},{"@type":"ImageObject","inLanguage":"en-US","@id":"https:\/\/www.editionsloco.com\/biographie\/calandraud\/#primaryimage","url":"https:\/\/www.editionsloco.com\/wp-content\/uploads\/2025\/09\/Cedric-Calandraud-portrait-Tous-droits-reserves-e1756805125247.webp","contentUrl":"https:\/\/www.editionsloco.com\/wp-content\/uploads\/2025\/09\/Cedric-Calandraud-portrait-Tous-droits-reserves-e1756805125247.webp","width":480,"height":513},{"@type":"BreadcrumbList","@id":"https:\/\/www.editionsloco.com\/biographie\/calandraud\/#breadcrumb","itemListElement":[{"@type":"ListItem","position":1,"name":"Accueil","item":"https:\/\/www.editionsloco.com\/en\/"},{"@type":"ListItem","position":2,"name":"Calandraud"}]},{"@type":"WebSite","@id":"https:\/\/www.editionsloco.com\/#website","url":"https:\/\/www.editionsloco.com\/","name":"Editions LOCO","description":"","potentialAction":[{"@type":"SearchAction","target":{"@type":"EntryPoint","urlTemplate":"https:\/\/www.editionsloco.com\/?s={search_term_string}"},"query-input":{"@type":"PropertyValueSpecification","valueRequired":true,"valueName":"search_term_string"}}],"inLanguage":"en-US"}]}},"_links":{"self":[{"href":"https:\/\/www.editionsloco.com\/en\/wp-json\/wp\/v2\/biographie\/22558","targetHints":{"allow":["GET"]}}],"collection":[{"href":"https:\/\/www.editionsloco.com\/en\/wp-json\/wp\/v2\/biographie"}],"about":[{"href":"https:\/\/www.editionsloco.com\/en\/wp-json\/wp\/v2\/types\/biographie"}],"author":[{"embeddable":true,"href":"https:\/\/www.editionsloco.com\/en\/wp-json\/wp\/v2\/users\/13"}],"version-history":[{"count":1,"href":"https:\/\/www.editionsloco.com\/en\/wp-json\/wp\/v2\/biographie\/22558\/revisions"}],"predecessor-version":[{"id":22561,"href":"https:\/\/www.editionsloco.com\/en\/wp-json\/wp\/v2\/biographie\/22558\/revisions\/22561"}],"wp:featuredmedia":[{"embeddable":true,"href":"https:\/\/www.editionsloco.com\/en\/wp-json\/wp\/v2\/media\/22559"}],"wp:attachment":[{"href":"https:\/\/www.editionsloco.com\/en\/wp-json\/wp\/v2\/media?parent=22558"}],"curies":[{"name":"wp","href":"https:\/\/api.w.org\/{rel}","templated":true}]}}

<p>Originaire du village de La Rochefoucauld en Charente, Cédric Calandraud est photographe-auteur et enseigne la sociologie visuelle à l’Université Paris Cité. Depuis 2018, il opère un retour sur ses origines rurales, un travail qui a reçu plusieurs prix et bourses, dont le prix du jury au festival Les Boutographies à Montpellier en 2018, le prix Echange au festival FotoLeggendo à Rome en 2018, la bourse Laurent Troude décernée par Libération et la SAIF en 2020, la bourse de soutien à la photographie documentaire du CNAP en 2021 et la bourse Radioscopie de la France décernée par la BNF en 2022. Ses photographies ont notamment été exposées à la Bibliothèque Nationale de France (2024), à l’Institut pour la photo (2024) et au Carré Amelot (2024).</p>



<p></p>

<!-- This site is optimized with the Yoast SEO plugin v27.1.1 - https://yoast.com/product/yoast-seo-wordpress/ -->
<title>Calandraud - Editions LOCO</title>
<meta name="robots" content="index, follow, max-snippet:-1, max-image-preview:large, max-video-preview:-1" />
<link rel="canonical" href="https://www.editionsloco.com/biographie/calandraud/" />
<meta property="og:locale" content="en_US" />
<meta property="og:type" content="article" />
<meta property="og:title" content="Calandraud - Editions LOCO" />
<meta property="og:description" content="Originaire du village de La Rochefoucauld en Charente, Cédric Calandraud est photographe-auteur et enseigne la sociologie visuelle à l’Université Paris Cité. Depuis 2018, il opère [&hellip;]" />
<meta property="og:url" content="https://www.editionsloco.com/biographie/calandraud/" />
<meta property="og:site_name" content="Editions LOCO" />
<meta property="article:modified_time" content="2025-09-30T12:14:59+00:00" />
<meta property="og:image" content="https://www.editionsloco.com/wp-content/uploads/2025/09/Cedric-Calandraud-portrait-Tous-droits-reserves-e1756805125247.webp" />
	<meta property="og:image:width" content="480" />
	<meta property="og:image:height" content="513" />
	<meta property="og:image:type" content="image/webp" />
<meta name="twitter:card" content="summary_large_image" />
<meta name="twitter:label1" content="Est. reading time" />
	<meta name="twitter:data1" content="1 minute" />
<script type="application/ld+json" class="yoast-schema-graph">{"@context":"https://schema.org","@graph":[{"@type":"WebPage","@id":"https://www.editionsloco.com/biographie/calandraud/","url":"https://www.editionsloco.com/biographie/calandraud/","name":"Calandraud - Editions LOCO","isPartOf":{"@id":"https://www.editionsloco.com/#website"},"primaryImageOfPage":{"@id":"https://www.editionsloco.com/biographie/calandraud/#primaryimage"},"image":{"@id":"https://www.editionsloco.com/biographie/calandraud/#primaryimage"},"thumbnailUrl":"https://www.editionsloco.com/wp-content/uploads/2025/09/Cedric-Calandraud-portrait-Tous-droits-reserves-e1756805125247.webp","datePublished":"2025-09-02T09:25:50+00:00","dateModified":"2025-09-30T12:14:59+00:00","breadcrumb":{"@id":"https://www.editionsloco.com/biographie/calandraud/#breadcrumb"},"inLanguage":"en-US","potentialAction":[{"@type":"ReadAction","target":["https://www.editionsloco.com/biographie/calandraud/"]}]},{"@type":"ImageObject","inLanguage":"en-US","@id":"https://www.editionsloco.com/biographie/calandraud/#primaryimage","url":"https://www.editionsloco.com/wp-content/uploads/2025/09/Cedric-Calandraud-portrait-Tous-droits-reserves-e1756805125247.webp","contentUrl":"https://www.editionsloco.com/wp-content/uploads/2025/09/Cedric-Calandraud-portrait-Tous-droits-reserves-e1756805125247.webp","width":480,"height":513},{"@type":"BreadcrumbList","@id":"https://www.editionsloco.com/biographie/calandraud/#breadcrumb","itemListElement":[{"@type":"ListItem","position":1,"name":"Accueil","item":"https://www.editionsloco.com/en/"},{"@type":"ListItem","position":2,"name":"Calandraud"}]},{"@type":"WebSite","@id":"https://www.editionsloco.com/#website","url":"https://www.editionsloco.com/","name":"Editions LOCO","description":"","potentialAction":[{"@type":"SearchAction","target":{"@type":"EntryPoint","urlTemplate":"https://www.editionsloco.com/?s={search_term_string}"},"query-input":{"@type":"PropertyValueSpecification","valueRequired":true,"valueName":"search_term_string"}}],"inLanguage":"en-US"}]}</script>
<!-- / Yoast SEO plugin. -->

Originaire du village de La Rochefoucauld en Charente, Cédric Calandraud est photographe-auteur et enseigne la sociologie visuelle à l’Université Paris Cité. Depuis 2018, il opère [&hellip;]
