{"id":22196,"date":"2025-05-07T12:36:49","date_gmt":"2025-05-07T10:36:49","guid":{"rendered":"https:\/\/www.editionsloco.com\/?post_type=biographie&#038;p=22196"},"modified":"2025-05-07T12:36:50","modified_gmt":"2025-05-07T10:36:50","slug":"nave","status":"publish","type":"biographie","link":"https:\/\/www.editionsloco.com\/en\/biographie\/nave\/","title":{"rendered":"Nave"},"content":{"rendered":"\n<p>Dipl\u00f4m\u00e9 de l\u2019Escola d\u2019art I Superior de Disseny \u00e0 Valence, Eduardo Nave est titulaire d\u2019un dipl\u00f4me d\u2019\u00e9tudes sup\u00e9rieures en arts visuels et en design, sp\u00e9cialis\u00e9 dans la photographie. En 2005, il a fond\u00e9 avec 13 autres artistes le collectif de photographie contemporaine NOPHOTO qui, un an plus tard, a remport\u00e9 le prix Arco et le prix de la r\u00e9v\u00e9lation PHotoEspa\u00f1a 2006. En 2014, avec 4 \u00e9diteurs, il a d\u00e9velopp\u00e9 la publication D\u00daO et en 2016, il a cr\u00e9\u00e9 et coordonn\u00e9 le projet EL DIARI INDULTAT. Depuis 2001, il collabore fr\u00e9quemment avec les m\u00e9dias \u00e9ditoriaux espagnols et internationaux, et les galeries Pilar Serra (Madrid) et Juan Sili\u00f3 (Santander) repr\u00e9sentent son travail. Il a re\u00e7u plusieurs prix et soutiens pour ses projets et montre r\u00e9guli\u00e8rement son travail en Espagne et \u00e0 l\u2019\u00e9tranger.<\/p>\n","protected":false},"author":13,"featured_media":22203,"template":"","format":"standard","meta":{"_acf_changed":false,"footnotes":""},"class_list":["post-22196","biographie","type-biographie","status-publish","format-standard","has-post-thumbnail","hentry"],"acf":[],"yoast_head":"<!-- This site is optimized with the Yoast SEO plugin v27.1.1 - https:\/\/yoast.com\/product\/yoast-seo-wordpress\/ -->\n<title>Nave - Editions LOCO<\/title>\n<meta name=\"robots\" content=\"index, follow, max-snippet:-1, max-image-preview:large, max-video-preview:-1\" \/>\n<link rel=\"canonical\" href=\"https:\/\/www.editionsloco.com\/biographie\/nave\/\" \/>\n<meta property=\"og:locale\" content=\"en_US\" \/>\n<meta property=\"og:type\" content=\"article\" \/>\n<meta property=\"og:title\" content=\"Nave - Editions LOCO\" \/>\n<meta property=\"og:description\" content=\"Dipl\u00f4m\u00e9 de l\u2019Escola d\u2019art I Superior de Disseny \u00e0 Valence, Eduardo Nave est titulaire d\u2019un dipl\u00f4me d\u2019\u00e9tudes sup\u00e9rieures en arts visuels et en design, sp\u00e9cialis\u00e9 [&hellip;]\" \/>\n<meta property=\"og:url\" content=\"https:\/\/www.editionsloco.com\/biographie\/nave\/\" \/>\n<meta property=\"og:site_name\" content=\"Editions LOCO\" \/>\n<meta property=\"article:modified_time\" content=\"2025-05-07T10:36:50+00:00\" \/>\n<meta property=\"og:image\" content=\"https:\/\/www.editionsloco.com\/wp-content\/uploads\/2025\/05\/RETRATO-EDUARDO-NAVE-23022018-IMG-9134-REEN.jpg\" \/>\n\t<meta property=\"og:image:width\" content=\"631\" \/>\n\t<meta property=\"og:image:height\" content=\"661\" \/>\n\t<meta property=\"og:image:type\" content=\"image\/jpeg\" \/>\n<meta name=\"twitter:card\" content=\"summary_large_image\" \/>\n<meta name=\"twitter:label1\" content=\"Est. reading time\" \/>\n\t<meta name=\"twitter:data1\" content=\"1 minute\" \/>\n<script type=\"application\/ld+json\" class=\"yoast-schema-graph\">{\"@context\":\"https:\/\/schema.org\",\"@graph\":[{\"@type\":\"WebPage\",\"@id\":\"https:\/\/www.editionsloco.com\/biographie\/nave\/\",\"url\":\"https:\/\/www.editionsloco.com\/biographie\/nave\/\",\"name\":\"Nave - Editions LOCO\",\"isPartOf\":{\"@id\":\"https:\/\/www.editionsloco.com\/#website\"},\"primaryImageOfPage\":{\"@id\":\"https:\/\/www.editionsloco.com\/biographie\/nave\/#primaryimage\"},\"image\":{\"@id\":\"https:\/\/www.editionsloco.com\/biographie\/nave\/#primaryimage\"},\"thumbnailUrl\":\"https:\/\/www.editionsloco.com\/wp-content\/uploads\/2025\/05\/RETRATO-EDUARDO-NAVE-23022018-IMG-9134-REEN.jpg\",\"datePublished\":\"2025-05-07T10:36:49+00:00\",\"dateModified\":\"2025-05-07T10:36:50+00:00\",\"breadcrumb\":{\"@id\":\"https:\/\/www.editionsloco.com\/biographie\/nave\/#breadcrumb\"},\"inLanguage\":\"en-US\",\"potentialAction\":[{\"@type\":\"ReadAction\",\"target\":[\"https:\/\/www.editionsloco.com\/biographie\/nave\/\"]}]},{\"@type\":\"ImageObject\",\"inLanguage\":\"en-US\",\"@id\":\"https:\/\/www.editionsloco.com\/biographie\/nave\/#primaryimage\",\"url\":\"https:\/\/www.editionsloco.com\/wp-content\/uploads\/2025\/05\/RETRATO-EDUARDO-NAVE-23022018-IMG-9134-REEN.jpg\",\"contentUrl\":\"https:\/\/www.editionsloco.com\/wp-content\/uploads\/2025\/05\/RETRATO-EDUARDO-NAVE-23022018-IMG-9134-REEN.jpg\",\"width\":631,\"height\":661,\"caption\":\"Eduardo Nave www.nophoto.org\/eduardonave www.pilarserra.com\/eduardo-nave www.alahoraenellugar.com De la serie \\\"fotografos\\\" Foto \u00a9 Joselure www.joselure.com\"},{\"@type\":\"BreadcrumbList\",\"@id\":\"https:\/\/www.editionsloco.com\/biographie\/nave\/#breadcrumb\",\"itemListElement\":[{\"@type\":\"ListItem\",\"position\":1,\"name\":\"Accueil\",\"item\":\"https:\/\/www.editionsloco.com\/en\/\"},{\"@type\":\"ListItem\",\"position\":2,\"name\":\"Nave\"}]},{\"@type\":\"WebSite\",\"@id\":\"https:\/\/www.editionsloco.com\/#website\",\"url\":\"https:\/\/www.editionsloco.com\/\",\"name\":\"Editions LOCO\",\"description\":\"\",\"potentialAction\":[{\"@type\":\"SearchAction\",\"target\":{\"@type\":\"EntryPoint\",\"urlTemplate\":\"https:\/\/www.editionsloco.com\/?s={search_term_string}\"},\"query-input\":{\"@type\":\"PropertyValueSpecification\",\"valueRequired\":true,\"valueName\":\"search_term_string\"}}],\"inLanguage\":\"en-US\"}]}<\/script>\n<!-- \/ Yoast SEO plugin. -->","yoast_head_json":{"title":"Nave - Editions LOCO","robots":{"index":"index","follow":"follow","max-snippet":"max-snippet:-1","max-image-preview":"max-image-preview:large","max-video-preview":"max-video-preview:-1"},"canonical":"https:\/\/www.editionsloco.com\/biographie\/nave\/","og_locale":"en_US","og_type":"article","og_title":"Nave - Editions LOCO","og_description":"Dipl\u00f4m\u00e9 de l\u2019Escola d\u2019art I Superior de Disseny \u00e0 Valence, Eduardo Nave est titulaire d\u2019un dipl\u00f4me d\u2019\u00e9tudes sup\u00e9rieures en arts visuels et en design, sp\u00e9cialis\u00e9 [&hellip;]","og_url":"https:\/\/www.editionsloco.com\/biographie\/nave\/","og_site_name":"Editions LOCO","article_modified_time":"2025-05-07T10:36:50+00:00","og_image":[{"width":631,"height":661,"url":"https:\/\/www.editionsloco.com\/wp-content\/uploads\/2025\/05\/RETRATO-EDUARDO-NAVE-23022018-IMG-9134-REEN.jpg","type":"image\/jpeg"}],"twitter_card":"summary_large_image","twitter_misc":{"Est. reading time":"1 minute"},"schema":{"@context":"https:\/\/schema.org","@graph":[{"@type":"WebPage","@id":"https:\/\/www.editionsloco.com\/biographie\/nave\/","url":"https:\/\/www.editionsloco.com\/biographie\/nave\/","name":"Nave - Editions LOCO","isPartOf":{"@id":"https:\/\/www.editionsloco.com\/#website"},"primaryImageOfPage":{"@id":"https:\/\/www.editionsloco.com\/biographie\/nave\/#primaryimage"},"image":{"@id":"https:\/\/www.editionsloco.com\/biographie\/nave\/#primaryimage"},"thumbnailUrl":"https:\/\/www.editionsloco.com\/wp-content\/uploads\/2025\/05\/RETRATO-EDUARDO-NAVE-23022018-IMG-9134-REEN.jpg","datePublished":"2025-05-07T10:36:49+00:00","dateModified":"2025-05-07T10:36:50+00:00","breadcrumb":{"@id":"https:\/\/www.editionsloco.com\/biographie\/nave\/#breadcrumb"},"inLanguage":"en-US","potentialAction":[{"@type":"ReadAction","target":["https:\/\/www.editionsloco.com\/biographie\/nave\/"]}]},{"@type":"ImageObject","inLanguage":"en-US","@id":"https:\/\/www.editionsloco.com\/biographie\/nave\/#primaryimage","url":"https:\/\/www.editionsloco.com\/wp-content\/uploads\/2025\/05\/RETRATO-EDUARDO-NAVE-23022018-IMG-9134-REEN.jpg","contentUrl":"https:\/\/www.editionsloco.com\/wp-content\/uploads\/2025\/05\/RETRATO-EDUARDO-NAVE-23022018-IMG-9134-REEN.jpg","width":631,"height":661,"caption":"Eduardo Nave www.nophoto.org\/eduardonave www.pilarserra.com\/eduardo-nave www.alahoraenellugar.com De la serie \"fotografos\" Foto \u00a9 Joselure www.joselure.com"},{"@type":"BreadcrumbList","@id":"https:\/\/www.editionsloco.com\/biographie\/nave\/#breadcrumb","itemListElement":[{"@type":"ListItem","position":1,"name":"Accueil","item":"https:\/\/www.editionsloco.com\/en\/"},{"@type":"ListItem","position":2,"name":"Nave"}]},{"@type":"WebSite","@id":"https:\/\/www.editionsloco.com\/#website","url":"https:\/\/www.editionsloco.com\/","name":"Editions LOCO","description":"","potentialAction":[{"@type":"SearchAction","target":{"@type":"EntryPoint","urlTemplate":"https:\/\/www.editionsloco.com\/?s={search_term_string}"},"query-input":{"@type":"PropertyValueSpecification","valueRequired":true,"valueName":"search_term_string"}}],"inLanguage":"en-US"}]}},"_links":{"self":[{"href":"https:\/\/www.editionsloco.com\/en\/wp-json\/wp\/v2\/biographie\/22196","targetHints":{"allow":["GET"]}}],"collection":[{"href":"https:\/\/www.editionsloco.com\/en\/wp-json\/wp\/v2\/biographie"}],"about":[{"href":"https:\/\/www.editionsloco.com\/en\/wp-json\/wp\/v2\/types\/biographie"}],"author":[{"embeddable":true,"href":"https:\/\/www.editionsloco.com\/en\/wp-json\/wp\/v2\/users\/13"}],"version-history":[{"count":2,"href":"https:\/\/www.editionsloco.com\/en\/wp-json\/wp\/v2\/biographie\/22196\/revisions"}],"predecessor-version":[{"id":22198,"href":"https:\/\/www.editionsloco.com\/en\/wp-json\/wp\/v2\/biographie\/22196\/revisions\/22198"}],"wp:featuredmedia":[{"embeddable":true,"href":"https:\/\/www.editionsloco.com\/en\/wp-json\/wp\/v2\/media\/22203"}],"wp:attachment":[{"href":"https:\/\/www.editionsloco.com\/en\/wp-json\/wp\/v2\/media?parent=22196"}],"curies":[{"name":"wp","href":"https:\/\/api.w.org\/{rel}","templated":true}]}}

<p>Diplômé de l’Escola d’art I Superior de Disseny à Valence, Eduardo Nave est titulaire d’un diplôme d’études supérieures en arts visuels et en design, spécialisé dans la photographie. En 2005, il a fondé avec 13 autres artistes le collectif de photographie contemporaine NOPHOTO qui, un an plus tard, a remporté le prix Arco et le prix de la révélation PHotoEspaña 2006. En 2014, avec 4 éditeurs, il a développé la publication DÚO et en 2016, il a créé et coordonné le projet EL DIARI INDULTAT. Depuis 2001, il collabore fréquemment avec les médias éditoriaux espagnols et internationaux, et les galeries Pilar Serra (Madrid) et Juan Silió (Santander) représentent son travail. Il a reçu plusieurs prix et soutiens pour ses projets et montre régulièrement son travail en Espagne et à l’étranger.</p>

<!-- This site is optimized with the Yoast SEO plugin v27.1.1 - https://yoast.com/product/yoast-seo-wordpress/ -->
<title>Nave - Editions LOCO</title>
<meta name="robots" content="index, follow, max-snippet:-1, max-image-preview:large, max-video-preview:-1" />
<link rel="canonical" href="https://www.editionsloco.com/biographie/nave/" />
<meta property="og:locale" content="en_US" />
<meta property="og:type" content="article" />
<meta property="og:title" content="Nave - Editions LOCO" />
<meta property="og:description" content="Diplômé de l’Escola d’art I Superior de Disseny à Valence, Eduardo Nave est titulaire d’un diplôme d’études supérieures en arts visuels et en design, spécialisé [&hellip;]" />
<meta property="og:url" content="https://www.editionsloco.com/biographie/nave/" />
<meta property="og:site_name" content="Editions LOCO" />
<meta property="article:modified_time" content="2025-05-07T10:36:50+00:00" />
<meta property="og:image" content="https://www.editionsloco.com/wp-content/uploads/2025/05/RETRATO-EDUARDO-NAVE-23022018-IMG-9134-REEN.jpg" />
	<meta property="og:image:width" content="631" />
	<meta property="og:image:height" content="661" />
	<meta property="og:image:type" content="image/jpeg" />
<meta name="twitter:card" content="summary_large_image" />
<meta name="twitter:label1" content="Est. reading time" />
	<meta name="twitter:data1" content="1 minute" />
<script type="application/ld+json" class="yoast-schema-graph">{"@context":"https://schema.org","@graph":[{"@type":"WebPage","@id":"https://www.editionsloco.com/biographie/nave/","url":"https://www.editionsloco.com/biographie/nave/","name":"Nave - Editions LOCO","isPartOf":{"@id":"https://www.editionsloco.com/#website"},"primaryImageOfPage":{"@id":"https://www.editionsloco.com/biographie/nave/#primaryimage"},"image":{"@id":"https://www.editionsloco.com/biographie/nave/#primaryimage"},"thumbnailUrl":"https://www.editionsloco.com/wp-content/uploads/2025/05/RETRATO-EDUARDO-NAVE-23022018-IMG-9134-REEN.jpg","datePublished":"2025-05-07T10:36:49+00:00","dateModified":"2025-05-07T10:36:50+00:00","breadcrumb":{"@id":"https://www.editionsloco.com/biographie/nave/#breadcrumb"},"inLanguage":"en-US","potentialAction":[{"@type":"ReadAction","target":["https://www.editionsloco.com/biographie/nave/"]}]},{"@type":"ImageObject","inLanguage":"en-US","@id":"https://www.editionsloco.com/biographie/nave/#primaryimage","url":"https://www.editionsloco.com/wp-content/uploads/2025/05/RETRATO-EDUARDO-NAVE-23022018-IMG-9134-REEN.jpg","contentUrl":"https://www.editionsloco.com/wp-content/uploads/2025/05/RETRATO-EDUARDO-NAVE-23022018-IMG-9134-REEN.jpg","width":631,"height":661,"caption":"Eduardo Nave www.nophoto.org/eduardonave www.pilarserra.com/eduardo-nave www.alahoraenellugar.com De la serie \"fotografos\" Foto © Joselure www.joselure.com"},{"@type":"BreadcrumbList","@id":"https://www.editionsloco.com/biographie/nave/#breadcrumb","itemListElement":[{"@type":"ListItem","position":1,"name":"Accueil","item":"https://www.editionsloco.com/en/"},{"@type":"ListItem","position":2,"name":"Nave"}]},{"@type":"WebSite","@id":"https://www.editionsloco.com/#website","url":"https://www.editionsloco.com/","name":"Editions LOCO","description":"","potentialAction":[{"@type":"SearchAction","target":{"@type":"EntryPoint","urlTemplate":"https://www.editionsloco.com/?s={search_term_string}"},"query-input":{"@type":"PropertyValueSpecification","valueRequired":true,"valueName":"search_term_string"}}],"inLanguage":"en-US"}]}</script>
<!-- / Yoast SEO plugin. -->

Diplômé de l’Escola d’art I Superior de Disseny à Valence, Eduardo Nave est titulaire d’un diplôme d’études supérieures en arts visuels et en design, spécialisé [&hellip;]
