{"id":21570,"date":"2024-11-29T11:35:28","date_gmt":"2024-11-29T10:35:28","guid":{"rendered":"https:\/\/www.editionsloco.com\/?post_type=biographie&#038;p=21570"},"modified":"2025-02-25T10:23:06","modified_gmt":"2025-02-25T09:23:06","slug":"jean-luc-tartarin","status":"publish","type":"biographie","link":"https:\/\/www.editionsloco.com\/en\/biographie\/jean-luc-tartarin\/","title":{"rendered":"Tartarin"},"content":{"rendered":"\n<p>Jean Luc Tartarin est n\u00e9 \u00e0 Metz en 1951. Il vit et travaille dans la proche r\u00e9gion de Metz. Autodidacte, il est laur\u00e9at du Prix Niepce en 1971. En 1972, \u00e0 l\u2019\u00e9cole des Beaux Arts de Metz, il devient le premier professeur de photographie dans une \u00e9cole d\u2019art en France, fonction qu\u2019il a occup\u00e9 jusqu\u2019en 2013.<\/p>\n\n\n\n<p>Engag\u00e9 d\u00e8s le d\u00e9but des ann\u00e9es 1970 dans une pratique artistique, o\u00f9 le m\u00e9dium photographique est explor\u00e9 dans ses multiples facettes, dont la for\u00eat, les arbres, deviennent le sujet de pr\u00e9dilection qui se construit dans la proximit\u00e9 du territoire de l\u2019enfance.&nbsp;<\/p>\n\n\n\n<p><\/p>\n","protected":false},"author":13,"featured_media":21869,"template":"","format":"standard","meta":{"_acf_changed":false,"footnotes":""},"class_list":["post-21570","biographie","type-biographie","status-publish","format-standard","has-post-thumbnail","hentry"],"acf":[],"yoast_head":"<!-- This site is optimized with the Yoast SEO plugin v27.1.1 - https:\/\/yoast.com\/product\/yoast-seo-wordpress\/ -->\n<title>Tartarin - Editions LOCO<\/title>\n<meta name=\"robots\" content=\"index, follow, max-snippet:-1, max-image-preview:large, max-video-preview:-1\" \/>\n<link rel=\"canonical\" href=\"https:\/\/www.editionsloco.com\/biographie\/jean-luc-tartarin\/\" \/>\n<meta property=\"og:locale\" content=\"en_US\" \/>\n<meta property=\"og:type\" content=\"article\" \/>\n<meta property=\"og:title\" content=\"Tartarin - Editions LOCO\" \/>\n<meta property=\"og:description\" content=\"Jean Luc Tartarin est n\u00e9 \u00e0 Metz en 1951. Il vit et travaille dans la proche r\u00e9gion de Metz. Autodidacte, il est laur\u00e9at du Prix [&hellip;]\" \/>\n<meta property=\"og:url\" content=\"https:\/\/www.editionsloco.com\/biographie\/jean-luc-tartarin\/\" \/>\n<meta property=\"og:site_name\" content=\"Editions LOCO\" \/>\n<meta property=\"article:modified_time\" content=\"2025-02-25T09:23:06+00:00\" \/>\n<meta property=\"og:image\" content=\"https:\/\/www.editionsloco.com\/wp-content\/uploads\/2024\/11\/JL-Tartarin.jpg\" \/>\n\t<meta property=\"og:image:width\" content=\"1018\" \/>\n\t<meta property=\"og:image:height\" content=\"1369\" \/>\n\t<meta property=\"og:image:type\" content=\"image\/jpeg\" \/>\n<meta name=\"twitter:card\" content=\"summary_large_image\" \/>\n<meta name=\"twitter:label1\" content=\"Est. reading time\" \/>\n\t<meta name=\"twitter:data1\" content=\"1 minute\" \/>\n<script type=\"application\/ld+json\" class=\"yoast-schema-graph\">{\"@context\":\"https:\/\/schema.org\",\"@graph\":[{\"@type\":\"WebPage\",\"@id\":\"https:\/\/www.editionsloco.com\/biographie\/jean-luc-tartarin\/\",\"url\":\"https:\/\/www.editionsloco.com\/biographie\/jean-luc-tartarin\/\",\"name\":\"Tartarin - Editions LOCO\",\"isPartOf\":{\"@id\":\"https:\/\/www.editionsloco.com\/#website\"},\"primaryImageOfPage\":{\"@id\":\"https:\/\/www.editionsloco.com\/biographie\/jean-luc-tartarin\/#primaryimage\"},\"image\":{\"@id\":\"https:\/\/www.editionsloco.com\/biographie\/jean-luc-tartarin\/#primaryimage\"},\"thumbnailUrl\":\"https:\/\/www.editionsloco.com\/wp-content\/uploads\/2024\/11\/JL-Tartarin.jpg\",\"datePublished\":\"2024-11-29T10:35:28+00:00\",\"dateModified\":\"2025-02-25T09:23:06+00:00\",\"breadcrumb\":{\"@id\":\"https:\/\/www.editionsloco.com\/biographie\/jean-luc-tartarin\/#breadcrumb\"},\"inLanguage\":\"en-US\",\"potentialAction\":[{\"@type\":\"ReadAction\",\"target\":[\"https:\/\/www.editionsloco.com\/biographie\/jean-luc-tartarin\/\"]}]},{\"@type\":\"ImageObject\",\"inLanguage\":\"en-US\",\"@id\":\"https:\/\/www.editionsloco.com\/biographie\/jean-luc-tartarin\/#primaryimage\",\"url\":\"https:\/\/www.editionsloco.com\/wp-content\/uploads\/2024\/11\/JL-Tartarin.jpg\",\"contentUrl\":\"https:\/\/www.editionsloco.com\/wp-content\/uploads\/2024\/11\/JL-Tartarin.jpg\",\"width\":1018,\"height\":1369},{\"@type\":\"BreadcrumbList\",\"@id\":\"https:\/\/www.editionsloco.com\/biographie\/jean-luc-tartarin\/#breadcrumb\",\"itemListElement\":[{\"@type\":\"ListItem\",\"position\":1,\"name\":\"Accueil\",\"item\":\"https:\/\/www.editionsloco.com\/en\/\"},{\"@type\":\"ListItem\",\"position\":2,\"name\":\"Tartarin\"}]},{\"@type\":\"WebSite\",\"@id\":\"https:\/\/www.editionsloco.com\/#website\",\"url\":\"https:\/\/www.editionsloco.com\/\",\"name\":\"Editions LOCO\",\"description\":\"\",\"potentialAction\":[{\"@type\":\"SearchAction\",\"target\":{\"@type\":\"EntryPoint\",\"urlTemplate\":\"https:\/\/www.editionsloco.com\/?s={search_term_string}\"},\"query-input\":{\"@type\":\"PropertyValueSpecification\",\"valueRequired\":true,\"valueName\":\"search_term_string\"}}],\"inLanguage\":\"en-US\"}]}<\/script>\n<!-- \/ Yoast SEO plugin. -->","yoast_head_json":{"title":"Tartarin - Editions LOCO","robots":{"index":"index","follow":"follow","max-snippet":"max-snippet:-1","max-image-preview":"max-image-preview:large","max-video-preview":"max-video-preview:-1"},"canonical":"https:\/\/www.editionsloco.com\/biographie\/jean-luc-tartarin\/","og_locale":"en_US","og_type":"article","og_title":"Tartarin - Editions LOCO","og_description":"Jean Luc Tartarin est n\u00e9 \u00e0 Metz en 1951. Il vit et travaille dans la proche r\u00e9gion de Metz. Autodidacte, il est laur\u00e9at du Prix [&hellip;]","og_url":"https:\/\/www.editionsloco.com\/biographie\/jean-luc-tartarin\/","og_site_name":"Editions LOCO","article_modified_time":"2025-02-25T09:23:06+00:00","og_image":[{"width":1018,"height":1369,"url":"https:\/\/www.editionsloco.com\/wp-content\/uploads\/2024\/11\/JL-Tartarin.jpg","type":"image\/jpeg"}],"twitter_card":"summary_large_image","twitter_misc":{"Est. reading time":"1 minute"},"schema":{"@context":"https:\/\/schema.org","@graph":[{"@type":"WebPage","@id":"https:\/\/www.editionsloco.com\/biographie\/jean-luc-tartarin\/","url":"https:\/\/www.editionsloco.com\/biographie\/jean-luc-tartarin\/","name":"Tartarin - Editions LOCO","isPartOf":{"@id":"https:\/\/www.editionsloco.com\/#website"},"primaryImageOfPage":{"@id":"https:\/\/www.editionsloco.com\/biographie\/jean-luc-tartarin\/#primaryimage"},"image":{"@id":"https:\/\/www.editionsloco.com\/biographie\/jean-luc-tartarin\/#primaryimage"},"thumbnailUrl":"https:\/\/www.editionsloco.com\/wp-content\/uploads\/2024\/11\/JL-Tartarin.jpg","datePublished":"2024-11-29T10:35:28+00:00","dateModified":"2025-02-25T09:23:06+00:00","breadcrumb":{"@id":"https:\/\/www.editionsloco.com\/biographie\/jean-luc-tartarin\/#breadcrumb"},"inLanguage":"en-US","potentialAction":[{"@type":"ReadAction","target":["https:\/\/www.editionsloco.com\/biographie\/jean-luc-tartarin\/"]}]},{"@type":"ImageObject","inLanguage":"en-US","@id":"https:\/\/www.editionsloco.com\/biographie\/jean-luc-tartarin\/#primaryimage","url":"https:\/\/www.editionsloco.com\/wp-content\/uploads\/2024\/11\/JL-Tartarin.jpg","contentUrl":"https:\/\/www.editionsloco.com\/wp-content\/uploads\/2024\/11\/JL-Tartarin.jpg","width":1018,"height":1369},{"@type":"BreadcrumbList","@id":"https:\/\/www.editionsloco.com\/biographie\/jean-luc-tartarin\/#breadcrumb","itemListElement":[{"@type":"ListItem","position":1,"name":"Accueil","item":"https:\/\/www.editionsloco.com\/en\/"},{"@type":"ListItem","position":2,"name":"Tartarin"}]},{"@type":"WebSite","@id":"https:\/\/www.editionsloco.com\/#website","url":"https:\/\/www.editionsloco.com\/","name":"Editions LOCO","description":"","potentialAction":[{"@type":"SearchAction","target":{"@type":"EntryPoint","urlTemplate":"https:\/\/www.editionsloco.com\/?s={search_term_string}"},"query-input":{"@type":"PropertyValueSpecification","valueRequired":true,"valueName":"search_term_string"}}],"inLanguage":"en-US"}]}},"_links":{"self":[{"href":"https:\/\/www.editionsloco.com\/en\/wp-json\/wp\/v2\/biographie\/21570","targetHints":{"allow":["GET"]}}],"collection":[{"href":"https:\/\/www.editionsloco.com\/en\/wp-json\/wp\/v2\/biographie"}],"about":[{"href":"https:\/\/www.editionsloco.com\/en\/wp-json\/wp\/v2\/types\/biographie"}],"author":[{"embeddable":true,"href":"https:\/\/www.editionsloco.com\/en\/wp-json\/wp\/v2\/users\/13"}],"version-history":[{"count":3,"href":"https:\/\/www.editionsloco.com\/en\/wp-json\/wp\/v2\/biographie\/21570\/revisions"}],"predecessor-version":[{"id":21573,"href":"https:\/\/www.editionsloco.com\/en\/wp-json\/wp\/v2\/biographie\/21570\/revisions\/21573"}],"wp:featuredmedia":[{"embeddable":true,"href":"https:\/\/www.editionsloco.com\/en\/wp-json\/wp\/v2\/media\/21869"}],"wp:attachment":[{"href":"https:\/\/www.editionsloco.com\/en\/wp-json\/wp\/v2\/media?parent=21570"}],"curies":[{"name":"wp","href":"https:\/\/api.w.org\/{rel}","templated":true}]}}

<p>Jean Luc Tartarin est né à Metz en 1951. Il vit et travaille dans la proche région de Metz. Autodidacte, il est lauréat du Prix Niepce en 1971. En 1972, à l’école des Beaux Arts de Metz, il devient le premier professeur de photographie dans une école d’art en France, fonction qu’il a occupé jusqu’en 2013.</p>



<p>Engagé dès le début des années 1970 dans une pratique artistique, où le médium photographique est exploré dans ses multiples facettes, dont la forêt, les arbres, deviennent le sujet de prédilection qui se construit dans la proximité du territoire de l’enfance.&nbsp;</p>



<p></p>

<!-- This site is optimized with the Yoast SEO plugin v27.1.1 - https://yoast.com/product/yoast-seo-wordpress/ -->
<title>Tartarin - Editions LOCO</title>
<meta name="robots" content="index, follow, max-snippet:-1, max-image-preview:large, max-video-preview:-1" />
<link rel="canonical" href="https://www.editionsloco.com/biographie/jean-luc-tartarin/" />
<meta property="og:locale" content="en_US" />
<meta property="og:type" content="article" />
<meta property="og:title" content="Tartarin - Editions LOCO" />
<meta property="og:description" content="Jean Luc Tartarin est né à Metz en 1951. Il vit et travaille dans la proche région de Metz. Autodidacte, il est lauréat du Prix [&hellip;]" />
<meta property="og:url" content="https://www.editionsloco.com/biographie/jean-luc-tartarin/" />
<meta property="og:site_name" content="Editions LOCO" />
<meta property="article:modified_time" content="2025-02-25T09:23:06+00:00" />
<meta property="og:image" content="https://www.editionsloco.com/wp-content/uploads/2024/11/JL-Tartarin.jpg" />
	<meta property="og:image:width" content="1018" />
	<meta property="og:image:height" content="1369" />
	<meta property="og:image:type" content="image/jpeg" />
<meta name="twitter:card" content="summary_large_image" />
<meta name="twitter:label1" content="Est. reading time" />
	<meta name="twitter:data1" content="1 minute" />
<script type="application/ld+json" class="yoast-schema-graph">{"@context":"https://schema.org","@graph":[{"@type":"WebPage","@id":"https://www.editionsloco.com/biographie/jean-luc-tartarin/","url":"https://www.editionsloco.com/biographie/jean-luc-tartarin/","name":"Tartarin - Editions LOCO","isPartOf":{"@id":"https://www.editionsloco.com/#website"},"primaryImageOfPage":{"@id":"https://www.editionsloco.com/biographie/jean-luc-tartarin/#primaryimage"},"image":{"@id":"https://www.editionsloco.com/biographie/jean-luc-tartarin/#primaryimage"},"thumbnailUrl":"https://www.editionsloco.com/wp-content/uploads/2024/11/JL-Tartarin.jpg","datePublished":"2024-11-29T10:35:28+00:00","dateModified":"2025-02-25T09:23:06+00:00","breadcrumb":{"@id":"https://www.editionsloco.com/biographie/jean-luc-tartarin/#breadcrumb"},"inLanguage":"en-US","potentialAction":[{"@type":"ReadAction","target":["https://www.editionsloco.com/biographie/jean-luc-tartarin/"]}]},{"@type":"ImageObject","inLanguage":"en-US","@id":"https://www.editionsloco.com/biographie/jean-luc-tartarin/#primaryimage","url":"https://www.editionsloco.com/wp-content/uploads/2024/11/JL-Tartarin.jpg","contentUrl":"https://www.editionsloco.com/wp-content/uploads/2024/11/JL-Tartarin.jpg","width":1018,"height":1369},{"@type":"BreadcrumbList","@id":"https://www.editionsloco.com/biographie/jean-luc-tartarin/#breadcrumb","itemListElement":[{"@type":"ListItem","position":1,"name":"Accueil","item":"https://www.editionsloco.com/en/"},{"@type":"ListItem","position":2,"name":"Tartarin"}]},{"@type":"WebSite","@id":"https://www.editionsloco.com/#website","url":"https://www.editionsloco.com/","name":"Editions LOCO","description":"","potentialAction":[{"@type":"SearchAction","target":{"@type":"EntryPoint","urlTemplate":"https://www.editionsloco.com/?s={search_term_string}"},"query-input":{"@type":"PropertyValueSpecification","valueRequired":true,"valueName":"search_term_string"}}],"inLanguage":"en-US"}]}</script>
<!-- / Yoast SEO plugin. -->

Jean Luc Tartarin est né à Metz en 1951. Il vit et travaille dans la proche région de Metz. Autodidacte, il est lauréat du Prix [&hellip;]
