{"id":16199,"date":"2023-08-04T14:06:41","date_gmt":"2023-08-04T12:06:41","guid":{"rendered":"https:\/\/www.editionsloco.com\/\/brygo\/"},"modified":"2024-07-09T15:20:51","modified_gmt":"2024-07-09T13:20:51","slug":"brygo","status":"publish","type":"biographie","link":"https:\/\/www.editionsloco.com\/en\/biographie\/brygo\/","title":{"rendered":"Brygo"},"content":{"rendered":"<p>N\u00e9 en 1984 \u00e0 Dunkerque,<strong> Maxime Brygo<\/strong> est dipl\u00f4m\u00e9 de La Cambre (\u00c9cole nationale sup\u00e9rieure des arts visuels, Bruxelles). Il vit et travaille \u00e0 Bruxelles. Son travail artistique s\u2019\u00e9labore \u00e0 partir des territoires qu\u2019il arpente : une ancienne r\u00e9gion mini\u00e8re, une ville nouvelle, une \u00eele coloniale, une usine automobile, etc., et se nourrit de l\u2019histoire officielle autant que d\u2019histoires racont\u00e9es, voire oubli\u00e9es. Il r\u00e9colte des r\u00e9cits, des images, scrute des \u00ab interstices \u00bb dans le paysage et d\u00e9ploie ses recherches au moyen de la photographie. Qu\u2019il s\u2019agisse d\u2019exposition ou de livre, ses images sont souvent associ\u00e9es \u00e0 l\u2019\u00e9criture. Ponctuellement, son approche s\u2019augmente du sonore, de la vid\u00e9o ou plus r\u00e9cemment de l\u2019architecture.<\/p>\n","protected":false},"author":13,"featured_media":21245,"template":"","format":"standard","meta":{"_acf_changed":false,"footnotes":""},"class_list":["post-16199","biographie","type-biographie","status-publish","format-standard","has-post-thumbnail","hentry"],"acf":[],"yoast_head":"<!-- This site is optimized with the Yoast SEO plugin v27.1.1 - https:\/\/yoast.com\/product\/yoast-seo-wordpress\/ -->\n<title>Brygo - Editions LOCO<\/title>\n<meta name=\"robots\" content=\"index, follow, max-snippet:-1, max-image-preview:large, max-video-preview:-1\" \/>\n<link rel=\"canonical\" href=\"https:\/\/www.editionsloco.com\/biographie\/brygo\/\" \/>\n<meta property=\"og:locale\" content=\"en_US\" \/>\n<meta property=\"og:type\" content=\"article\" \/>\n<meta property=\"og:title\" content=\"Brygo - Editions LOCO\" \/>\n<meta property=\"og:description\" content=\"N\u00e9 en 1984 \u00e0 Dunkerque, Maxime Brygo est dipl\u00f4m\u00e9 de La Cambre (\u00c9cole nationale sup\u00e9rieure des arts visuels, Bruxelles). Il vit et travaille \u00e0 Bruxelles. [&hellip;]\" \/>\n<meta property=\"og:url\" content=\"https:\/\/www.editionsloco.com\/biographie\/brygo\/\" \/>\n<meta property=\"og:site_name\" content=\"Editions LOCO\" \/>\n<meta property=\"article:modified_time\" content=\"2024-07-09T13:20:51+00:00\" \/>\n<meta property=\"og:image\" content=\"https:\/\/www.editionsloco.com\/wp-content\/uploads\/2023\/08\/MAXIME-BRYGO2.jpg\" \/>\n\t<meta property=\"og:image:width\" content=\"335\" \/>\n\t<meta property=\"og:image:height\" content=\"426\" \/>\n\t<meta property=\"og:image:type\" content=\"image\/jpeg\" \/>\n<meta name=\"twitter:card\" content=\"summary_large_image\" \/>\n<meta name=\"twitter:label1\" content=\"Est. reading time\" \/>\n\t<meta name=\"twitter:data1\" content=\"1 minute\" \/>\n<script type=\"application\/ld+json\" class=\"yoast-schema-graph\">{\"@context\":\"https:\/\/schema.org\",\"@graph\":[{\"@type\":\"WebPage\",\"@id\":\"https:\/\/www.editionsloco.com\/biographie\/brygo\/\",\"url\":\"https:\/\/www.editionsloco.com\/biographie\/brygo\/\",\"name\":\"Brygo - Editions LOCO\",\"isPartOf\":{\"@id\":\"https:\/\/www.editionsloco.com\/#website\"},\"primaryImageOfPage\":{\"@id\":\"https:\/\/www.editionsloco.com\/biographie\/brygo\/#primaryimage\"},\"image\":{\"@id\":\"https:\/\/www.editionsloco.com\/biographie\/brygo\/#primaryimage\"},\"thumbnailUrl\":\"https:\/\/www.editionsloco.com\/wp-content\/uploads\/2023\/08\/MAXIME-BRYGO2.jpg\",\"datePublished\":\"2023-08-04T12:06:41+00:00\",\"dateModified\":\"2024-07-09T13:20:51+00:00\",\"breadcrumb\":{\"@id\":\"https:\/\/www.editionsloco.com\/biographie\/brygo\/#breadcrumb\"},\"inLanguage\":\"en-US\",\"potentialAction\":[{\"@type\":\"ReadAction\",\"target\":[\"https:\/\/www.editionsloco.com\/biographie\/brygo\/\"]}]},{\"@type\":\"ImageObject\",\"inLanguage\":\"en-US\",\"@id\":\"https:\/\/www.editionsloco.com\/biographie\/brygo\/#primaryimage\",\"url\":\"https:\/\/www.editionsloco.com\/wp-content\/uploads\/2023\/08\/MAXIME-BRYGO2.jpg\",\"contentUrl\":\"https:\/\/www.editionsloco.com\/wp-content\/uploads\/2023\/08\/MAXIME-BRYGO2.jpg\",\"width\":335,\"height\":426},{\"@type\":\"BreadcrumbList\",\"@id\":\"https:\/\/www.editionsloco.com\/biographie\/brygo\/#breadcrumb\",\"itemListElement\":[{\"@type\":\"ListItem\",\"position\":1,\"name\":\"Accueil\",\"item\":\"https:\/\/www.editionsloco.com\/en\/\"},{\"@type\":\"ListItem\",\"position\":2,\"name\":\"Brygo\"}]},{\"@type\":\"WebSite\",\"@id\":\"https:\/\/www.editionsloco.com\/#website\",\"url\":\"https:\/\/www.editionsloco.com\/\",\"name\":\"Editions LOCO\",\"description\":\"\",\"potentialAction\":[{\"@type\":\"SearchAction\",\"target\":{\"@type\":\"EntryPoint\",\"urlTemplate\":\"https:\/\/www.editionsloco.com\/?s={search_term_string}\"},\"query-input\":{\"@type\":\"PropertyValueSpecification\",\"valueRequired\":true,\"valueName\":\"search_term_string\"}}],\"inLanguage\":\"en-US\"}]}<\/script>\n<!-- \/ Yoast SEO plugin. -->","yoast_head_json":{"title":"Brygo - Editions LOCO","robots":{"index":"index","follow":"follow","max-snippet":"max-snippet:-1","max-image-preview":"max-image-preview:large","max-video-preview":"max-video-preview:-1"},"canonical":"https:\/\/www.editionsloco.com\/biographie\/brygo\/","og_locale":"en_US","og_type":"article","og_title":"Brygo - Editions LOCO","og_description":"N\u00e9 en 1984 \u00e0 Dunkerque, Maxime Brygo est dipl\u00f4m\u00e9 de La Cambre (\u00c9cole nationale sup\u00e9rieure des arts visuels, Bruxelles). Il vit et travaille \u00e0 Bruxelles. [&hellip;]","og_url":"https:\/\/www.editionsloco.com\/biographie\/brygo\/","og_site_name":"Editions LOCO","article_modified_time":"2024-07-09T13:20:51+00:00","og_image":[{"width":335,"height":426,"url":"https:\/\/www.editionsloco.com\/wp-content\/uploads\/2023\/08\/MAXIME-BRYGO2.jpg","type":"image\/jpeg"}],"twitter_card":"summary_large_image","twitter_misc":{"Est. reading time":"1 minute"},"schema":{"@context":"https:\/\/schema.org","@graph":[{"@type":"WebPage","@id":"https:\/\/www.editionsloco.com\/biographie\/brygo\/","url":"https:\/\/www.editionsloco.com\/biographie\/brygo\/","name":"Brygo - Editions LOCO","isPartOf":{"@id":"https:\/\/www.editionsloco.com\/#website"},"primaryImageOfPage":{"@id":"https:\/\/www.editionsloco.com\/biographie\/brygo\/#primaryimage"},"image":{"@id":"https:\/\/www.editionsloco.com\/biographie\/brygo\/#primaryimage"},"thumbnailUrl":"https:\/\/www.editionsloco.com\/wp-content\/uploads\/2023\/08\/MAXIME-BRYGO2.jpg","datePublished":"2023-08-04T12:06:41+00:00","dateModified":"2024-07-09T13:20:51+00:00","breadcrumb":{"@id":"https:\/\/www.editionsloco.com\/biographie\/brygo\/#breadcrumb"},"inLanguage":"en-US","potentialAction":[{"@type":"ReadAction","target":["https:\/\/www.editionsloco.com\/biographie\/brygo\/"]}]},{"@type":"ImageObject","inLanguage":"en-US","@id":"https:\/\/www.editionsloco.com\/biographie\/brygo\/#primaryimage","url":"https:\/\/www.editionsloco.com\/wp-content\/uploads\/2023\/08\/MAXIME-BRYGO2.jpg","contentUrl":"https:\/\/www.editionsloco.com\/wp-content\/uploads\/2023\/08\/MAXIME-BRYGO2.jpg","width":335,"height":426},{"@type":"BreadcrumbList","@id":"https:\/\/www.editionsloco.com\/biographie\/brygo\/#breadcrumb","itemListElement":[{"@type":"ListItem","position":1,"name":"Accueil","item":"https:\/\/www.editionsloco.com\/en\/"},{"@type":"ListItem","position":2,"name":"Brygo"}]},{"@type":"WebSite","@id":"https:\/\/www.editionsloco.com\/#website","url":"https:\/\/www.editionsloco.com\/","name":"Editions LOCO","description":"","potentialAction":[{"@type":"SearchAction","target":{"@type":"EntryPoint","urlTemplate":"https:\/\/www.editionsloco.com\/?s={search_term_string}"},"query-input":{"@type":"PropertyValueSpecification","valueRequired":true,"valueName":"search_term_string"}}],"inLanguage":"en-US"}]}},"_links":{"self":[{"href":"https:\/\/www.editionsloco.com\/en\/wp-json\/wp\/v2\/biographie\/16199","targetHints":{"allow":["GET"]}}],"collection":[{"href":"https:\/\/www.editionsloco.com\/en\/wp-json\/wp\/v2\/biographie"}],"about":[{"href":"https:\/\/www.editionsloco.com\/en\/wp-json\/wp\/v2\/types\/biographie"}],"author":[{"embeddable":true,"href":"https:\/\/www.editionsloco.com\/en\/wp-json\/wp\/v2\/users\/13"}],"version-history":[{"count":1,"href":"https:\/\/www.editionsloco.com\/en\/wp-json\/wp\/v2\/biographie\/16199\/revisions"}],"predecessor-version":[{"id":21247,"href":"https:\/\/www.editionsloco.com\/en\/wp-json\/wp\/v2\/biographie\/16199\/revisions\/21247"}],"wp:featuredmedia":[{"embeddable":true,"href":"https:\/\/www.editionsloco.com\/en\/wp-json\/wp\/v2\/media\/21245"}],"wp:attachment":[{"href":"https:\/\/www.editionsloco.com\/en\/wp-json\/wp\/v2\/media?parent=16199"}],"curies":[{"name":"wp","href":"https:\/\/api.w.org\/{rel}","templated":true}]}}

<p>Né en 1984 à Dunkerque,<strong> Maxime Brygo</strong> est diplômé de La Cambre (École nationale supérieure des arts visuels, Bruxelles). Il vit et travaille à Bruxelles. Son travail artistique s’élabore à partir des territoires qu’il arpente : une ancienne région minière, une ville nouvelle, une île coloniale, une usine automobile, etc., et se nourrit de l’histoire officielle autant que d’histoires racontées, voire oubliées. Il récolte des récits, des images, scrute des « interstices » dans le paysage et déploie ses recherches au moyen de la photographie. Qu’il s’agisse d’exposition ou de livre, ses images sont souvent associées à l’écriture. Ponctuellement, son approche s’augmente du sonore, de la vidéo ou plus récemment de l’architecture.</p>

<!-- This site is optimized with the Yoast SEO plugin v27.1.1 - https://yoast.com/product/yoast-seo-wordpress/ -->
<title>Brygo - Editions LOCO</title>
<meta name="robots" content="index, follow, max-snippet:-1, max-image-preview:large, max-video-preview:-1" />
<link rel="canonical" href="https://www.editionsloco.com/biographie/brygo/" />
<meta property="og:locale" content="en_US" />
<meta property="og:type" content="article" />
<meta property="og:title" content="Brygo - Editions LOCO" />
<meta property="og:description" content="Né en 1984 à Dunkerque, Maxime Brygo est diplômé de La Cambre (École nationale supérieure des arts visuels, Bruxelles). Il vit et travaille à Bruxelles. [&hellip;]" />
<meta property="og:url" content="https://www.editionsloco.com/biographie/brygo/" />
<meta property="og:site_name" content="Editions LOCO" />
<meta property="article:modified_time" content="2024-07-09T13:20:51+00:00" />
<meta property="og:image" content="https://www.editionsloco.com/wp-content/uploads/2023/08/MAXIME-BRYGO2.jpg" />
	<meta property="og:image:width" content="335" />
	<meta property="og:image:height" content="426" />
	<meta property="og:image:type" content="image/jpeg" />
<meta name="twitter:card" content="summary_large_image" />
<meta name="twitter:label1" content="Est. reading time" />
	<meta name="twitter:data1" content="1 minute" />
<script type="application/ld+json" class="yoast-schema-graph">{"@context":"https://schema.org","@graph":[{"@type":"WebPage","@id":"https://www.editionsloco.com/biographie/brygo/","url":"https://www.editionsloco.com/biographie/brygo/","name":"Brygo - Editions LOCO","isPartOf":{"@id":"https://www.editionsloco.com/#website"},"primaryImageOfPage":{"@id":"https://www.editionsloco.com/biographie/brygo/#primaryimage"},"image":{"@id":"https://www.editionsloco.com/biographie/brygo/#primaryimage"},"thumbnailUrl":"https://www.editionsloco.com/wp-content/uploads/2023/08/MAXIME-BRYGO2.jpg","datePublished":"2023-08-04T12:06:41+00:00","dateModified":"2024-07-09T13:20:51+00:00","breadcrumb":{"@id":"https://www.editionsloco.com/biographie/brygo/#breadcrumb"},"inLanguage":"en-US","potentialAction":[{"@type":"ReadAction","target":["https://www.editionsloco.com/biographie/brygo/"]}]},{"@type":"ImageObject","inLanguage":"en-US","@id":"https://www.editionsloco.com/biographie/brygo/#primaryimage","url":"https://www.editionsloco.com/wp-content/uploads/2023/08/MAXIME-BRYGO2.jpg","contentUrl":"https://www.editionsloco.com/wp-content/uploads/2023/08/MAXIME-BRYGO2.jpg","width":335,"height":426},{"@type":"BreadcrumbList","@id":"https://www.editionsloco.com/biographie/brygo/#breadcrumb","itemListElement":[{"@type":"ListItem","position":1,"name":"Accueil","item":"https://www.editionsloco.com/en/"},{"@type":"ListItem","position":2,"name":"Brygo"}]},{"@type":"WebSite","@id":"https://www.editionsloco.com/#website","url":"https://www.editionsloco.com/","name":"Editions LOCO","description":"","potentialAction":[{"@type":"SearchAction","target":{"@type":"EntryPoint","urlTemplate":"https://www.editionsloco.com/?s={search_term_string}"},"query-input":{"@type":"PropertyValueSpecification","valueRequired":true,"valueName":"search_term_string"}}],"inLanguage":"en-US"}]}</script>
<!-- / Yoast SEO plugin. -->

Né en 1984 à Dunkerque, Maxime Brygo est diplômé de La Cambre (École nationale supérieure des arts visuels, Bruxelles). Il vit et travaille à Bruxelles. [&hellip;]
