{"id":15795,"date":"2022-04-22T15:11:32","date_gmt":"2022-04-22T13:11:32","guid":{"rendered":"https:\/\/www.editionsloco.com\/\/hugues\/"},"modified":"2022-04-22T15:11:32","modified_gmt":"2022-04-22T13:11:32","slug":"hugues","status":"publish","type":"biographie","link":"https:\/\/www.editionsloco.com\/en\/biographie\/hugues\/","title":{"rendered":"Hugues"},"content":{"rendered":"<p>Sylvie Hugues \u0153uvre dans de nombreux secteurs de la photographie. Depuis 2021, elle est correspondante \u00e0 l\u2019Acad\u00e9mie des beaux-arts. Conseill\u00e8re artistique du Prix HSBC pour la Photographie en 2021. Laur\u00e9ate en 2020 du Prix \u00ab R\u00e9sidence pour la Photographie \u00bb de la Fondation des Treilles<br \/>\nDirectrice artistique du Festival du Regard depuis 2016, elle animate des Masterclass et de workshops (FotoMasterclass, Rencontres d\u2019Arles, Venezia Photo\u2026). Journaliste chroniqueuse pour la revue Le Monde de la Photo.<\/p>\n","protected":false},"author":13,"featured_media":0,"template":"","format":"standard","meta":{"_acf_changed":false,"footnotes":""},"class_list":["post-15795","biographie","type-biographie","status-publish","format-standard","hentry"],"acf":[],"yoast_head":"<!-- This site is optimized with the Yoast SEO plugin v27.1.1 - https:\/\/yoast.com\/product\/yoast-seo-wordpress\/ -->\n<title>Hugues - Editions LOCO<\/title>\n<meta name=\"robots\" content=\"index, follow, max-snippet:-1, max-image-preview:large, max-video-preview:-1\" \/>\n<link rel=\"canonical\" href=\"https:\/\/www.editionsloco.com\/en\/biographie\/hugues\/\" \/>\n<meta property=\"og:locale\" content=\"en_US\" \/>\n<meta property=\"og:type\" content=\"article\" \/>\n<meta property=\"og:title\" content=\"Hugues - Editions LOCO\" \/>\n<meta property=\"og:description\" content=\"Sylvie Hugues \u0153uvre dans de nombreux secteurs de la photographie. Depuis 2021, elle est correspondante \u00e0 l\u2019Acad\u00e9mie des beaux-arts. Conseill\u00e8re artistique du Prix HSBC pour [&hellip;]\" \/>\n<meta property=\"og:url\" content=\"https:\/\/www.editionsloco.com\/en\/biographie\/hugues\/\" \/>\n<meta property=\"og:site_name\" content=\"Editions LOCO\" \/>\n<meta name=\"twitter:card\" content=\"summary_large_image\" \/>\n<script type=\"application\/ld+json\" class=\"yoast-schema-graph\">{\"@context\":\"https:\/\/schema.org\",\"@graph\":[{\"@type\":\"WebPage\",\"@id\":\"https:\/\/www.editionsloco.com\/en\/biographie\/hugues\/\",\"url\":\"https:\/\/www.editionsloco.com\/en\/biographie\/hugues\/\",\"name\":\"Hugues - Editions LOCO\",\"isPartOf\":{\"@id\":\"https:\/\/www.editionsloco.com\/#website\"},\"datePublished\":\"2022-04-22T13:11:32+00:00\",\"breadcrumb\":{\"@id\":\"https:\/\/www.editionsloco.com\/en\/biographie\/hugues\/#breadcrumb\"},\"inLanguage\":\"en-US\",\"potentialAction\":[{\"@type\":\"ReadAction\",\"target\":[\"https:\/\/www.editionsloco.com\/en\/biographie\/hugues\/\"]}]},{\"@type\":\"BreadcrumbList\",\"@id\":\"https:\/\/www.editionsloco.com\/en\/biographie\/hugues\/#breadcrumb\",\"itemListElement\":[{\"@type\":\"ListItem\",\"position\":1,\"name\":\"Accueil\",\"item\":\"https:\/\/www.editionsloco.com\/en\/\"},{\"@type\":\"ListItem\",\"position\":2,\"name\":\"Hugues\"}]},{\"@type\":\"WebSite\",\"@id\":\"https:\/\/www.editionsloco.com\/#website\",\"url\":\"https:\/\/www.editionsloco.com\/\",\"name\":\"Editions LOCO\",\"description\":\"\",\"potentialAction\":[{\"@type\":\"SearchAction\",\"target\":{\"@type\":\"EntryPoint\",\"urlTemplate\":\"https:\/\/www.editionsloco.com\/?s={search_term_string}\"},\"query-input\":{\"@type\":\"PropertyValueSpecification\",\"valueRequired\":true,\"valueName\":\"search_term_string\"}}],\"inLanguage\":\"en-US\"}]}<\/script>\n<!-- \/ Yoast SEO plugin. -->","yoast_head_json":{"title":"Hugues - Editions LOCO","robots":{"index":"index","follow":"follow","max-snippet":"max-snippet:-1","max-image-preview":"max-image-preview:large","max-video-preview":"max-video-preview:-1"},"canonical":"https:\/\/www.editionsloco.com\/en\/biographie\/hugues\/","og_locale":"en_US","og_type":"article","og_title":"Hugues - Editions LOCO","og_description":"Sylvie Hugues \u0153uvre dans de nombreux secteurs de la photographie. Depuis 2021, elle est correspondante \u00e0 l\u2019Acad\u00e9mie des beaux-arts. Conseill\u00e8re artistique du Prix HSBC pour [&hellip;]","og_url":"https:\/\/www.editionsloco.com\/en\/biographie\/hugues\/","og_site_name":"Editions LOCO","twitter_card":"summary_large_image","schema":{"@context":"https:\/\/schema.org","@graph":[{"@type":"WebPage","@id":"https:\/\/www.editionsloco.com\/en\/biographie\/hugues\/","url":"https:\/\/www.editionsloco.com\/en\/biographie\/hugues\/","name":"Hugues - Editions LOCO","isPartOf":{"@id":"https:\/\/www.editionsloco.com\/#website"},"datePublished":"2022-04-22T13:11:32+00:00","breadcrumb":{"@id":"https:\/\/www.editionsloco.com\/en\/biographie\/hugues\/#breadcrumb"},"inLanguage":"en-US","potentialAction":[{"@type":"ReadAction","target":["https:\/\/www.editionsloco.com\/en\/biographie\/hugues\/"]}]},{"@type":"BreadcrumbList","@id":"https:\/\/www.editionsloco.com\/en\/biographie\/hugues\/#breadcrumb","itemListElement":[{"@type":"ListItem","position":1,"name":"Accueil","item":"https:\/\/www.editionsloco.com\/en\/"},{"@type":"ListItem","position":2,"name":"Hugues"}]},{"@type":"WebSite","@id":"https:\/\/www.editionsloco.com\/#website","url":"https:\/\/www.editionsloco.com\/","name":"Editions LOCO","description":"","potentialAction":[{"@type":"SearchAction","target":{"@type":"EntryPoint","urlTemplate":"https:\/\/www.editionsloco.com\/?s={search_term_string}"},"query-input":{"@type":"PropertyValueSpecification","valueRequired":true,"valueName":"search_term_string"}}],"inLanguage":"en-US"}]}},"_links":{"self":[{"href":"https:\/\/www.editionsloco.com\/en\/wp-json\/wp\/v2\/biographie\/15795","targetHints":{"allow":["GET"]}}],"collection":[{"href":"https:\/\/www.editionsloco.com\/en\/wp-json\/wp\/v2\/biographie"}],"about":[{"href":"https:\/\/www.editionsloco.com\/en\/wp-json\/wp\/v2\/types\/biographie"}],"author":[{"embeddable":true,"href":"https:\/\/www.editionsloco.com\/en\/wp-json\/wp\/v2\/users\/13"}],"version-history":[{"count":0,"href":"https:\/\/www.editionsloco.com\/en\/wp-json\/wp\/v2\/biographie\/15795\/revisions"}],"wp:attachment":[{"href":"https:\/\/www.editionsloco.com\/en\/wp-json\/wp\/v2\/media?parent=15795"}],"curies":[{"name":"wp","href":"https:\/\/api.w.org\/{rel}","templated":true}]}}

<p>Sylvie Hugues œuvre dans de nombreux secteurs de la photographie. Depuis 2021, elle est correspondante à l’Académie des beaux-arts. Conseillère artistique du Prix HSBC pour la Photographie en 2021. Lauréate en 2020 du Prix « Résidence pour la Photographie » de la Fondation des Treilles<br />
Directrice artistique du Festival du Regard depuis 2016, elle animate des Masterclass et de workshops (FotoMasterclass, Rencontres d’Arles, Venezia Photo…). Journaliste chroniqueuse pour la revue Le Monde de la Photo.</p>

<!-- This site is optimized with the Yoast SEO plugin v27.1.1 - https://yoast.com/product/yoast-seo-wordpress/ -->
<title>Hugues - Editions LOCO</title>
<meta name="robots" content="index, follow, max-snippet:-1, max-image-preview:large, max-video-preview:-1" />
<link rel="canonical" href="https://www.editionsloco.com/en/biographie/hugues/" />
<meta property="og:locale" content="en_US" />
<meta property="og:type" content="article" />
<meta property="og:title" content="Hugues - Editions LOCO" />
<meta property="og:description" content="Sylvie Hugues œuvre dans de nombreux secteurs de la photographie. Depuis 2021, elle est correspondante à l’Académie des beaux-arts. Conseillère artistique du Prix HSBC pour [&hellip;]" />
<meta property="og:url" content="https://www.editionsloco.com/en/biographie/hugues/" />
<meta property="og:site_name" content="Editions LOCO" />
<meta name="twitter:card" content="summary_large_image" />
<script type="application/ld+json" class="yoast-schema-graph">{"@context":"https://schema.org","@graph":[{"@type":"WebPage","@id":"https://www.editionsloco.com/en/biographie/hugues/","url":"https://www.editionsloco.com/en/biographie/hugues/","name":"Hugues - Editions LOCO","isPartOf":{"@id":"https://www.editionsloco.com/#website"},"datePublished":"2022-04-22T13:11:32+00:00","breadcrumb":{"@id":"https://www.editionsloco.com/en/biographie/hugues/#breadcrumb"},"inLanguage":"en-US","potentialAction":[{"@type":"ReadAction","target":["https://www.editionsloco.com/en/biographie/hugues/"]}]},{"@type":"BreadcrumbList","@id":"https://www.editionsloco.com/en/biographie/hugues/#breadcrumb","itemListElement":[{"@type":"ListItem","position":1,"name":"Accueil","item":"https://www.editionsloco.com/en/"},{"@type":"ListItem","position":2,"name":"Hugues"}]},{"@type":"WebSite","@id":"https://www.editionsloco.com/#website","url":"https://www.editionsloco.com/","name":"Editions LOCO","description":"","potentialAction":[{"@type":"SearchAction","target":{"@type":"EntryPoint","urlTemplate":"https://www.editionsloco.com/?s={search_term_string}"},"query-input":{"@type":"PropertyValueSpecification","valueRequired":true,"valueName":"search_term_string"}}],"inLanguage":"en-US"}]}</script>
<!-- / Yoast SEO plugin. -->

Sylvie Hugues œuvre dans de nombreux secteurs de la photographie. Depuis 2021, elle est correspondante à l’Académie des beaux-arts. Conseillère artistique du Prix HSBC pour [&hellip;]
