{"id":15430,"date":"2021-06-11T15:06:08","date_gmt":"2021-06-11T13:06:08","guid":{"rendered":"https:\/\/www.editionsloco.com\/\/van-de-moortele\/"},"modified":"2024-07-09T16:01:57","modified_gmt":"2024-07-09T14:01:57","slug":"van-de-moortele","status":"publish","type":"biographie","link":"https:\/\/www.editionsloco.com\/en\/biographie\/van-de-moortele\/","title":{"rendered":"Van de Moortele"},"content":{"rendered":"<p>Apr\u00e8s un parcours dans le milieu de la culture o\u00f9 Sylviane Van de Moortele fut tout \u00e0 tour responsable de formation, directrice d\u2019un site culturel et touristique, et consultante en ing\u00e9nierie culturelle, elle se forme au m\u00e9tier de biographe. Elle a souvent travaill\u00e9 avec les artistes et conna\u00eet particuli\u00e8rement bien le milieu des photographes pour avoir pr\u00e9sid\u00e9 pendant 25 ans l\u2019association Pour l\u2019Instant autour de la jeune photographie internationale \u00e0 Niort.<\/p>\n","protected":false},"author":13,"featured_media":21283,"template":"","format":"standard","meta":{"_acf_changed":false,"footnotes":""},"class_list":["post-15430","biographie","type-biographie","status-publish","format-standard","has-post-thumbnail","hentry"],"acf":[],"yoast_head":"<!-- This site is optimized with the Yoast SEO plugin v27.1.1 - https:\/\/yoast.com\/product\/yoast-seo-wordpress\/ -->\n<title>Van de Moortele - Editions LOCO<\/title>\n<meta name=\"robots\" content=\"index, follow, max-snippet:-1, max-image-preview:large, max-video-preview:-1\" \/>\n<link rel=\"canonical\" href=\"https:\/\/www.editionsloco.com\/biographie\/van-de-moortele\/\" \/>\n<meta property=\"og:locale\" content=\"en_US\" \/>\n<meta property=\"og:type\" content=\"article\" \/>\n<meta property=\"og:title\" content=\"Van de Moortele - Editions LOCO\" \/>\n<meta property=\"og:description\" content=\"Apr\u00e8s un parcours dans le milieu de la culture o\u00f9 Sylviane Van de Moortele fut tout \u00e0 tour responsable de formation, directrice d\u2019un site culturel [&hellip;]\" \/>\n<meta property=\"og:url\" content=\"https:\/\/www.editionsloco.com\/biographie\/van-de-moortele\/\" \/>\n<meta property=\"og:site_name\" content=\"Editions LOCO\" \/>\n<meta property=\"article:modified_time\" content=\"2024-07-09T14:01:57+00:00\" \/>\n<meta property=\"og:image\" content=\"https:\/\/www.editionsloco.com\/wp-content\/uploads\/2021\/06\/sylviane-vdm.jpg\" \/>\n\t<meta property=\"og:image:width\" content=\"640\" \/>\n\t<meta property=\"og:image:height\" content=\"668\" \/>\n\t<meta property=\"og:image:type\" content=\"image\/jpeg\" \/>\n<meta name=\"twitter:card\" content=\"summary_large_image\" \/>\n<script type=\"application\/ld+json\" class=\"yoast-schema-graph\">{\"@context\":\"https:\/\/schema.org\",\"@graph\":[{\"@type\":\"WebPage\",\"@id\":\"https:\/\/www.editionsloco.com\/biographie\/van-de-moortele\/\",\"url\":\"https:\/\/www.editionsloco.com\/biographie\/van-de-moortele\/\",\"name\":\"Van de Moortele - Editions LOCO\",\"isPartOf\":{\"@id\":\"https:\/\/www.editionsloco.com\/#website\"},\"primaryImageOfPage\":{\"@id\":\"https:\/\/www.editionsloco.com\/biographie\/van-de-moortele\/#primaryimage\"},\"image\":{\"@id\":\"https:\/\/www.editionsloco.com\/biographie\/van-de-moortele\/#primaryimage\"},\"thumbnailUrl\":\"https:\/\/www.editionsloco.com\/wp-content\/uploads\/2021\/06\/sylviane-vdm.jpg\",\"datePublished\":\"2021-06-11T13:06:08+00:00\",\"dateModified\":\"2024-07-09T14:01:57+00:00\",\"breadcrumb\":{\"@id\":\"https:\/\/www.editionsloco.com\/biographie\/van-de-moortele\/#breadcrumb\"},\"inLanguage\":\"en-US\",\"potentialAction\":[{\"@type\":\"ReadAction\",\"target\":[\"https:\/\/www.editionsloco.com\/biographie\/van-de-moortele\/\"]}]},{\"@type\":\"ImageObject\",\"inLanguage\":\"en-US\",\"@id\":\"https:\/\/www.editionsloco.com\/biographie\/van-de-moortele\/#primaryimage\",\"url\":\"https:\/\/www.editionsloco.com\/wp-content\/uploads\/2021\/06\/sylviane-vdm.jpg\",\"contentUrl\":\"https:\/\/www.editionsloco.com\/wp-content\/uploads\/2021\/06\/sylviane-vdm.jpg\",\"width\":640,\"height\":668},{\"@type\":\"BreadcrumbList\",\"@id\":\"https:\/\/www.editionsloco.com\/biographie\/van-de-moortele\/#breadcrumb\",\"itemListElement\":[{\"@type\":\"ListItem\",\"position\":1,\"name\":\"Accueil\",\"item\":\"https:\/\/www.editionsloco.com\/en\/\"},{\"@type\":\"ListItem\",\"position\":2,\"name\":\"Van de Moortele\"}]},{\"@type\":\"WebSite\",\"@id\":\"https:\/\/www.editionsloco.com\/#website\",\"url\":\"https:\/\/www.editionsloco.com\/\",\"name\":\"Editions LOCO\",\"description\":\"\",\"potentialAction\":[{\"@type\":\"SearchAction\",\"target\":{\"@type\":\"EntryPoint\",\"urlTemplate\":\"https:\/\/www.editionsloco.com\/?s={search_term_string}\"},\"query-input\":{\"@type\":\"PropertyValueSpecification\",\"valueRequired\":true,\"valueName\":\"search_term_string\"}}],\"inLanguage\":\"en-US\"}]}<\/script>\n<!-- \/ Yoast SEO plugin. -->","yoast_head_json":{"title":"Van de Moortele - Editions LOCO","robots":{"index":"index","follow":"follow","max-snippet":"max-snippet:-1","max-image-preview":"max-image-preview:large","max-video-preview":"max-video-preview:-1"},"canonical":"https:\/\/www.editionsloco.com\/biographie\/van-de-moortele\/","og_locale":"en_US","og_type":"article","og_title":"Van de Moortele - Editions LOCO","og_description":"Apr\u00e8s un parcours dans le milieu de la culture o\u00f9 Sylviane Van de Moortele fut tout \u00e0 tour responsable de formation, directrice d\u2019un site culturel [&hellip;]","og_url":"https:\/\/www.editionsloco.com\/biographie\/van-de-moortele\/","og_site_name":"Editions LOCO","article_modified_time":"2024-07-09T14:01:57+00:00","og_image":[{"width":640,"height":668,"url":"https:\/\/www.editionsloco.com\/wp-content\/uploads\/2021\/06\/sylviane-vdm.jpg","type":"image\/jpeg"}],"twitter_card":"summary_large_image","schema":{"@context":"https:\/\/schema.org","@graph":[{"@type":"WebPage","@id":"https:\/\/www.editionsloco.com\/biographie\/van-de-moortele\/","url":"https:\/\/www.editionsloco.com\/biographie\/van-de-moortele\/","name":"Van de Moortele - Editions LOCO","isPartOf":{"@id":"https:\/\/www.editionsloco.com\/#website"},"primaryImageOfPage":{"@id":"https:\/\/www.editionsloco.com\/biographie\/van-de-moortele\/#primaryimage"},"image":{"@id":"https:\/\/www.editionsloco.com\/biographie\/van-de-moortele\/#primaryimage"},"thumbnailUrl":"https:\/\/www.editionsloco.com\/wp-content\/uploads\/2021\/06\/sylviane-vdm.jpg","datePublished":"2021-06-11T13:06:08+00:00","dateModified":"2024-07-09T14:01:57+00:00","breadcrumb":{"@id":"https:\/\/www.editionsloco.com\/biographie\/van-de-moortele\/#breadcrumb"},"inLanguage":"en-US","potentialAction":[{"@type":"ReadAction","target":["https:\/\/www.editionsloco.com\/biographie\/van-de-moortele\/"]}]},{"@type":"ImageObject","inLanguage":"en-US","@id":"https:\/\/www.editionsloco.com\/biographie\/van-de-moortele\/#primaryimage","url":"https:\/\/www.editionsloco.com\/wp-content\/uploads\/2021\/06\/sylviane-vdm.jpg","contentUrl":"https:\/\/www.editionsloco.com\/wp-content\/uploads\/2021\/06\/sylviane-vdm.jpg","width":640,"height":668},{"@type":"BreadcrumbList","@id":"https:\/\/www.editionsloco.com\/biographie\/van-de-moortele\/#breadcrumb","itemListElement":[{"@type":"ListItem","position":1,"name":"Accueil","item":"https:\/\/www.editionsloco.com\/en\/"},{"@type":"ListItem","position":2,"name":"Van de Moortele"}]},{"@type":"WebSite","@id":"https:\/\/www.editionsloco.com\/#website","url":"https:\/\/www.editionsloco.com\/","name":"Editions LOCO","description":"","potentialAction":[{"@type":"SearchAction","target":{"@type":"EntryPoint","urlTemplate":"https:\/\/www.editionsloco.com\/?s={search_term_string}"},"query-input":{"@type":"PropertyValueSpecification","valueRequired":true,"valueName":"search_term_string"}}],"inLanguage":"en-US"}]}},"_links":{"self":[{"href":"https:\/\/www.editionsloco.com\/en\/wp-json\/wp\/v2\/biographie\/15430","targetHints":{"allow":["GET"]}}],"collection":[{"href":"https:\/\/www.editionsloco.com\/en\/wp-json\/wp\/v2\/biographie"}],"about":[{"href":"https:\/\/www.editionsloco.com\/en\/wp-json\/wp\/v2\/types\/biographie"}],"author":[{"embeddable":true,"href":"https:\/\/www.editionsloco.com\/en\/wp-json\/wp\/v2\/users\/13"}],"version-history":[{"count":1,"href":"https:\/\/www.editionsloco.com\/en\/wp-json\/wp\/v2\/biographie\/15430\/revisions"}],"predecessor-version":[{"id":21285,"href":"https:\/\/www.editionsloco.com\/en\/wp-json\/wp\/v2\/biographie\/15430\/revisions\/21285"}],"wp:featuredmedia":[{"embeddable":true,"href":"https:\/\/www.editionsloco.com\/en\/wp-json\/wp\/v2\/media\/21283"}],"wp:attachment":[{"href":"https:\/\/www.editionsloco.com\/en\/wp-json\/wp\/v2\/media?parent=15430"}],"curies":[{"name":"wp","href":"https:\/\/api.w.org\/{rel}","templated":true}]}}

<p>Après un parcours dans le milieu de la culture où Sylviane Van de Moortele fut tout à tour responsable de formation, directrice d’un site culturel et touristique, et consultante en ingénierie culturelle, elle se forme au métier de biographe. Elle a souvent travaillé avec les artistes et connaît particulièrement bien le milieu des photographes pour avoir présidé pendant 25 ans l’association Pour l’Instant autour de la jeune photographie internationale à Niort.</p>

<!-- This site is optimized with the Yoast SEO plugin v27.1.1 - https://yoast.com/product/yoast-seo-wordpress/ -->
<title>Van de Moortele - Editions LOCO</title>
<meta name="robots" content="index, follow, max-snippet:-1, max-image-preview:large, max-video-preview:-1" />
<link rel="canonical" href="https://www.editionsloco.com/biographie/van-de-moortele/" />
<meta property="og:locale" content="en_US" />
<meta property="og:type" content="article" />
<meta property="og:title" content="Van de Moortele - Editions LOCO" />
<meta property="og:description" content="Après un parcours dans le milieu de la culture où Sylviane Van de Moortele fut tout à tour responsable de formation, directrice d’un site culturel [&hellip;]" />
<meta property="og:url" content="https://www.editionsloco.com/biographie/van-de-moortele/" />
<meta property="og:site_name" content="Editions LOCO" />
<meta property="article:modified_time" content="2024-07-09T14:01:57+00:00" />
<meta property="og:image" content="https://www.editionsloco.com/wp-content/uploads/2021/06/sylviane-vdm.jpg" />
	<meta property="og:image:width" content="640" />
	<meta property="og:image:height" content="668" />
	<meta property="og:image:type" content="image/jpeg" />
<meta name="twitter:card" content="summary_large_image" />
<script type="application/ld+json" class="yoast-schema-graph">{"@context":"https://schema.org","@graph":[{"@type":"WebPage","@id":"https://www.editionsloco.com/biographie/van-de-moortele/","url":"https://www.editionsloco.com/biographie/van-de-moortele/","name":"Van de Moortele - Editions LOCO","isPartOf":{"@id":"https://www.editionsloco.com/#website"},"primaryImageOfPage":{"@id":"https://www.editionsloco.com/biographie/van-de-moortele/#primaryimage"},"image":{"@id":"https://www.editionsloco.com/biographie/van-de-moortele/#primaryimage"},"thumbnailUrl":"https://www.editionsloco.com/wp-content/uploads/2021/06/sylviane-vdm.jpg","datePublished":"2021-06-11T13:06:08+00:00","dateModified":"2024-07-09T14:01:57+00:00","breadcrumb":{"@id":"https://www.editionsloco.com/biographie/van-de-moortele/#breadcrumb"},"inLanguage":"en-US","potentialAction":[{"@type":"ReadAction","target":["https://www.editionsloco.com/biographie/van-de-moortele/"]}]},{"@type":"ImageObject","inLanguage":"en-US","@id":"https://www.editionsloco.com/biographie/van-de-moortele/#primaryimage","url":"https://www.editionsloco.com/wp-content/uploads/2021/06/sylviane-vdm.jpg","contentUrl":"https://www.editionsloco.com/wp-content/uploads/2021/06/sylviane-vdm.jpg","width":640,"height":668},{"@type":"BreadcrumbList","@id":"https://www.editionsloco.com/biographie/van-de-moortele/#breadcrumb","itemListElement":[{"@type":"ListItem","position":1,"name":"Accueil","item":"https://www.editionsloco.com/en/"},{"@type":"ListItem","position":2,"name":"Van de Moortele"}]},{"@type":"WebSite","@id":"https://www.editionsloco.com/#website","url":"https://www.editionsloco.com/","name":"Editions LOCO","description":"","potentialAction":[{"@type":"SearchAction","target":{"@type":"EntryPoint","urlTemplate":"https://www.editionsloco.com/?s={search_term_string}"},"query-input":{"@type":"PropertyValueSpecification","valueRequired":true,"valueName":"search_term_string"}}],"inLanguage":"en-US"}]}</script>
<!-- / Yoast SEO plugin. -->

Après un parcours dans le milieu de la culture où Sylviane Van de Moortele fut tout à tour responsable de formation, directrice d’un site culturel [&hellip;]
