{"id":15128,"date":"2020-09-29T11:54:07","date_gmt":"2020-09-29T09:54:07","guid":{"rendered":"https:\/\/www.editionsloco.com\/\/keen\/"},"modified":"2020-09-29T11:54:07","modified_gmt":"2020-09-29T09:54:07","slug":"keen","status":"publish","type":"biographie","link":"https:\/\/www.editionsloco.com\/en\/biographie\/keen\/","title":{"rendered":"Keen"},"content":{"rendered":"<p>Andrea Keen, n\u00e9e en 1967 \u00e0 Brighton, vit en France depuis 1973. Elle est dipl\u00f4m\u00e9e de l\u2019Ecole Nationale Sup\u00e9rieure de la Photographie d\u2019Arles en 1990. C\u2019est d\u00e8s cette \u00e9poque qu\u2019elle commence \u00e0 photographier la nature et les paysages, s\u2019int\u00e9ressant \u00e0 la question de leur repr\u00e9sentation et de leur utilisation, dans une perspective documentaire. Depuis 2001, elle enseigne la photographie \u00e0 l\u2019Ecole nationale sup\u00e9rieure d\u2019art et de design de Nancy.<\/p>\n","protected":false},"author":13,"featured_media":0,"template":"","format":"standard","meta":{"_acf_changed":false,"footnotes":""},"class_list":["post-15128","biographie","type-biographie","status-publish","format-standard","hentry"],"acf":[],"yoast_head":"<!-- This site is optimized with the Yoast SEO plugin v27.1.1 - https:\/\/yoast.com\/product\/yoast-seo-wordpress\/ -->\n<title>Keen - Editions LOCO<\/title>\n<meta name=\"robots\" content=\"index, follow, max-snippet:-1, max-image-preview:large, max-video-preview:-1\" \/>\n<link rel=\"canonical\" href=\"https:\/\/www.editionsloco.com\/biographie\/keen\/\" \/>\n<meta property=\"og:locale\" content=\"en_US\" \/>\n<meta property=\"og:type\" content=\"article\" \/>\n<meta property=\"og:title\" content=\"Keen - Editions LOCO\" \/>\n<meta property=\"og:description\" content=\"Andrea Keen, n\u00e9e en 1967 \u00e0 Brighton, vit en France depuis 1973. Elle est dipl\u00f4m\u00e9e de l\u2019Ecole Nationale Sup\u00e9rieure de la Photographie d\u2019Arles en 1990. [&hellip;]\" \/>\n<meta property=\"og:url\" content=\"https:\/\/www.editionsloco.com\/biographie\/keen\/\" \/>\n<meta property=\"og:site_name\" content=\"Editions LOCO\" \/>\n<meta name=\"twitter:card\" content=\"summary_large_image\" \/>\n<script type=\"application\/ld+json\" class=\"yoast-schema-graph\">{\"@context\":\"https:\/\/schema.org\",\"@graph\":[{\"@type\":\"WebPage\",\"@id\":\"https:\/\/www.editionsloco.com\/biographie\/keen\/\",\"url\":\"https:\/\/www.editionsloco.com\/biographie\/keen\/\",\"name\":\"Keen - Editions LOCO\",\"isPartOf\":{\"@id\":\"https:\/\/www.editionsloco.com\/#website\"},\"datePublished\":\"2020-09-29T09:54:07+00:00\",\"breadcrumb\":{\"@id\":\"https:\/\/www.editionsloco.com\/biographie\/keen\/#breadcrumb\"},\"inLanguage\":\"en-US\",\"potentialAction\":[{\"@type\":\"ReadAction\",\"target\":[\"https:\/\/www.editionsloco.com\/biographie\/keen\/\"]}]},{\"@type\":\"BreadcrumbList\",\"@id\":\"https:\/\/www.editionsloco.com\/biographie\/keen\/#breadcrumb\",\"itemListElement\":[{\"@type\":\"ListItem\",\"position\":1,\"name\":\"Accueil\",\"item\":\"https:\/\/www.editionsloco.com\/en\/\"},{\"@type\":\"ListItem\",\"position\":2,\"name\":\"Keen\"}]},{\"@type\":\"WebSite\",\"@id\":\"https:\/\/www.editionsloco.com\/#website\",\"url\":\"https:\/\/www.editionsloco.com\/\",\"name\":\"Editions LOCO\",\"description\":\"\",\"potentialAction\":[{\"@type\":\"SearchAction\",\"target\":{\"@type\":\"EntryPoint\",\"urlTemplate\":\"https:\/\/www.editionsloco.com\/?s={search_term_string}\"},\"query-input\":{\"@type\":\"PropertyValueSpecification\",\"valueRequired\":true,\"valueName\":\"search_term_string\"}}],\"inLanguage\":\"en-US\"}]}<\/script>\n<!-- \/ Yoast SEO plugin. -->","yoast_head_json":{"title":"Keen - Editions LOCO","robots":{"index":"index","follow":"follow","max-snippet":"max-snippet:-1","max-image-preview":"max-image-preview:large","max-video-preview":"max-video-preview:-1"},"canonical":"https:\/\/www.editionsloco.com\/biographie\/keen\/","og_locale":"en_US","og_type":"article","og_title":"Keen - Editions LOCO","og_description":"Andrea Keen, n\u00e9e en 1967 \u00e0 Brighton, vit en France depuis 1973. Elle est dipl\u00f4m\u00e9e de l\u2019Ecole Nationale Sup\u00e9rieure de la Photographie d\u2019Arles en 1990. [&hellip;]","og_url":"https:\/\/www.editionsloco.com\/biographie\/keen\/","og_site_name":"Editions LOCO","twitter_card":"summary_large_image","schema":{"@context":"https:\/\/schema.org","@graph":[{"@type":"WebPage","@id":"https:\/\/www.editionsloco.com\/biographie\/keen\/","url":"https:\/\/www.editionsloco.com\/biographie\/keen\/","name":"Keen - Editions LOCO","isPartOf":{"@id":"https:\/\/www.editionsloco.com\/#website"},"datePublished":"2020-09-29T09:54:07+00:00","breadcrumb":{"@id":"https:\/\/www.editionsloco.com\/biographie\/keen\/#breadcrumb"},"inLanguage":"en-US","potentialAction":[{"@type":"ReadAction","target":["https:\/\/www.editionsloco.com\/biographie\/keen\/"]}]},{"@type":"BreadcrumbList","@id":"https:\/\/www.editionsloco.com\/biographie\/keen\/#breadcrumb","itemListElement":[{"@type":"ListItem","position":1,"name":"Accueil","item":"https:\/\/www.editionsloco.com\/en\/"},{"@type":"ListItem","position":2,"name":"Keen"}]},{"@type":"WebSite","@id":"https:\/\/www.editionsloco.com\/#website","url":"https:\/\/www.editionsloco.com\/","name":"Editions LOCO","description":"","potentialAction":[{"@type":"SearchAction","target":{"@type":"EntryPoint","urlTemplate":"https:\/\/www.editionsloco.com\/?s={search_term_string}"},"query-input":{"@type":"PropertyValueSpecification","valueRequired":true,"valueName":"search_term_string"}}],"inLanguage":"en-US"}]}},"_links":{"self":[{"href":"https:\/\/www.editionsloco.com\/en\/wp-json\/wp\/v2\/biographie\/15128","targetHints":{"allow":["GET"]}}],"collection":[{"href":"https:\/\/www.editionsloco.com\/en\/wp-json\/wp\/v2\/biographie"}],"about":[{"href":"https:\/\/www.editionsloco.com\/en\/wp-json\/wp\/v2\/types\/biographie"}],"author":[{"embeddable":true,"href":"https:\/\/www.editionsloco.com\/en\/wp-json\/wp\/v2\/users\/13"}],"version-history":[{"count":0,"href":"https:\/\/www.editionsloco.com\/en\/wp-json\/wp\/v2\/biographie\/15128\/revisions"}],"wp:attachment":[{"href":"https:\/\/www.editionsloco.com\/en\/wp-json\/wp\/v2\/media?parent=15128"}],"curies":[{"name":"wp","href":"https:\/\/api.w.org\/{rel}","templated":true}]}}

<p>Andrea Keen, née en 1967 à Brighton, vit en France depuis 1973. Elle est diplômée de l’Ecole Nationale Supérieure de la Photographie d’Arles en 1990. C’est dès cette époque qu’elle commence à photographier la nature et les paysages, s’intéressant à la question de leur représentation et de leur utilisation, dans une perspective documentaire. Depuis 2001, elle enseigne la photographie à l’Ecole nationale supérieure d’art et de design de Nancy.</p>

<!-- This site is optimized with the Yoast SEO plugin v27.1.1 - https://yoast.com/product/yoast-seo-wordpress/ -->
<title>Keen - Editions LOCO</title>
<meta name="robots" content="index, follow, max-snippet:-1, max-image-preview:large, max-video-preview:-1" />
<link rel="canonical" href="https://www.editionsloco.com/biographie/keen/" />
<meta property="og:locale" content="en_US" />
<meta property="og:type" content="article" />
<meta property="og:title" content="Keen - Editions LOCO" />
<meta property="og:description" content="Andrea Keen, née en 1967 à Brighton, vit en France depuis 1973. Elle est diplômée de l’Ecole Nationale Supérieure de la Photographie d’Arles en 1990. [&hellip;]" />
<meta property="og:url" content="https://www.editionsloco.com/biographie/keen/" />
<meta property="og:site_name" content="Editions LOCO" />
<meta name="twitter:card" content="summary_large_image" />
<script type="application/ld+json" class="yoast-schema-graph">{"@context":"https://schema.org","@graph":[{"@type":"WebPage","@id":"https://www.editionsloco.com/biographie/keen/","url":"https://www.editionsloco.com/biographie/keen/","name":"Keen - Editions LOCO","isPartOf":{"@id":"https://www.editionsloco.com/#website"},"datePublished":"2020-09-29T09:54:07+00:00","breadcrumb":{"@id":"https://www.editionsloco.com/biographie/keen/#breadcrumb"},"inLanguage":"en-US","potentialAction":[{"@type":"ReadAction","target":["https://www.editionsloco.com/biographie/keen/"]}]},{"@type":"BreadcrumbList","@id":"https://www.editionsloco.com/biographie/keen/#breadcrumb","itemListElement":[{"@type":"ListItem","position":1,"name":"Accueil","item":"https://www.editionsloco.com/en/"},{"@type":"ListItem","position":2,"name":"Keen"}]},{"@type":"WebSite","@id":"https://www.editionsloco.com/#website","url":"https://www.editionsloco.com/","name":"Editions LOCO","description":"","potentialAction":[{"@type":"SearchAction","target":{"@type":"EntryPoint","urlTemplate":"https://www.editionsloco.com/?s={search_term_string}"},"query-input":{"@type":"PropertyValueSpecification","valueRequired":true,"valueName":"search_term_string"}}],"inLanguage":"en-US"}]}</script>
<!-- / Yoast SEO plugin. -->

Andrea Keen, née en 1967 à Brighton, vit en France depuis 1973. Elle est diplômée de l’Ecole Nationale Supérieure de la Photographie d’Arles en 1990. [&hellip;]
