{"id":14821,"date":"2019-09-25T16:34:56","date_gmt":"2019-09-25T14:34:56","guid":{"rendered":"https:\/\/www.editionsloco.com\/\/schmitt\/"},"modified":"2019-09-25T16:34:56","modified_gmt":"2019-09-25T14:34:56","slug":"schmitt","status":"publish","type":"biographie","link":"https:\/\/www.editionsloco.com\/en\/biographie\/schmitt\/","title":{"rendered":"Schmitt"},"content":{"rendered":"<p>est r\u00e9alisateur et sc\u00e9nariste de films documentaires. Po\u00e8te. Traducteur de Jiri Kol\u00e1r. Membre du \u00abGroupe de Paris du mouvement surr\u00e9aliste\u00bb. Enseigne le fran\u00e7ais et anime l\u2019Atelier d\u2019\u00e9criture francophone sur la cr\u00e9ation cin\u00e9matographique \u00e0 l\u2019Institut fran\u00e7ais de Prague (en 2011).<\/p>\n","protected":false},"author":13,"featured_media":0,"template":"","format":"standard","meta":{"_acf_changed":false,"footnotes":""},"class_list":["post-14821","biographie","type-biographie","status-publish","format-standard","hentry"],"acf":[],"yoast_head":"<!-- This site is optimized with the Yoast SEO plugin v27.1.1 - https:\/\/yoast.com\/product\/yoast-seo-wordpress\/ -->\n<title>Schmitt - Editions LOCO<\/title>\n<meta name=\"robots\" content=\"index, follow, max-snippet:-1, max-image-preview:large, max-video-preview:-1\" \/>\n<link rel=\"canonical\" href=\"https:\/\/www.editionsloco.com\/biographie\/schmitt\/\" \/>\n<meta property=\"og:locale\" content=\"en_US\" \/>\n<meta property=\"og:type\" content=\"article\" \/>\n<meta property=\"og:title\" content=\"Schmitt - Editions LOCO\" \/>\n<meta property=\"og:description\" content=\"est r\u00e9alisateur et sc\u00e9nariste de films documentaires. Po\u00e8te. Traducteur de Jiri Kol\u00e1r. Membre du \u00abGroupe de Paris du mouvement surr\u00e9aliste\u00bb. Enseigne le fran\u00e7ais et anime [&hellip;]\" \/>\n<meta property=\"og:url\" content=\"https:\/\/www.editionsloco.com\/biographie\/schmitt\/\" \/>\n<meta property=\"og:site_name\" content=\"Editions LOCO\" \/>\n<meta name=\"twitter:card\" content=\"summary_large_image\" \/>\n<script type=\"application\/ld+json\" class=\"yoast-schema-graph\">{\"@context\":\"https:\/\/schema.org\",\"@graph\":[{\"@type\":\"WebPage\",\"@id\":\"https:\/\/www.editionsloco.com\/biographie\/schmitt\/\",\"url\":\"https:\/\/www.editionsloco.com\/biographie\/schmitt\/\",\"name\":\"Schmitt - Editions LOCO\",\"isPartOf\":{\"@id\":\"https:\/\/www.editionsloco.com\/#website\"},\"datePublished\":\"2019-09-25T14:34:56+00:00\",\"breadcrumb\":{\"@id\":\"https:\/\/www.editionsloco.com\/biographie\/schmitt\/#breadcrumb\"},\"inLanguage\":\"en-US\",\"potentialAction\":[{\"@type\":\"ReadAction\",\"target\":[\"https:\/\/www.editionsloco.com\/biographie\/schmitt\/\"]}]},{\"@type\":\"BreadcrumbList\",\"@id\":\"https:\/\/www.editionsloco.com\/biographie\/schmitt\/#breadcrumb\",\"itemListElement\":[{\"@type\":\"ListItem\",\"position\":1,\"name\":\"Accueil\",\"item\":\"https:\/\/www.editionsloco.com\/en\/\"},{\"@type\":\"ListItem\",\"position\":2,\"name\":\"Schmitt\"}]},{\"@type\":\"WebSite\",\"@id\":\"https:\/\/www.editionsloco.com\/#website\",\"url\":\"https:\/\/www.editionsloco.com\/\",\"name\":\"Editions LOCO\",\"description\":\"\",\"potentialAction\":[{\"@type\":\"SearchAction\",\"target\":{\"@type\":\"EntryPoint\",\"urlTemplate\":\"https:\/\/www.editionsloco.com\/?s={search_term_string}\"},\"query-input\":{\"@type\":\"PropertyValueSpecification\",\"valueRequired\":true,\"valueName\":\"search_term_string\"}}],\"inLanguage\":\"en-US\"}]}<\/script>\n<!-- \/ Yoast SEO plugin. -->","yoast_head_json":{"title":"Schmitt - Editions LOCO","robots":{"index":"index","follow":"follow","max-snippet":"max-snippet:-1","max-image-preview":"max-image-preview:large","max-video-preview":"max-video-preview:-1"},"canonical":"https:\/\/www.editionsloco.com\/biographie\/schmitt\/","og_locale":"en_US","og_type":"article","og_title":"Schmitt - Editions LOCO","og_description":"est r\u00e9alisateur et sc\u00e9nariste de films documentaires. Po\u00e8te. Traducteur de Jiri Kol\u00e1r. Membre du \u00abGroupe de Paris du mouvement surr\u00e9aliste\u00bb. Enseigne le fran\u00e7ais et anime [&hellip;]","og_url":"https:\/\/www.editionsloco.com\/biographie\/schmitt\/","og_site_name":"Editions LOCO","twitter_card":"summary_large_image","schema":{"@context":"https:\/\/schema.org","@graph":[{"@type":"WebPage","@id":"https:\/\/www.editionsloco.com\/biographie\/schmitt\/","url":"https:\/\/www.editionsloco.com\/biographie\/schmitt\/","name":"Schmitt - Editions LOCO","isPartOf":{"@id":"https:\/\/www.editionsloco.com\/#website"},"datePublished":"2019-09-25T14:34:56+00:00","breadcrumb":{"@id":"https:\/\/www.editionsloco.com\/biographie\/schmitt\/#breadcrumb"},"inLanguage":"en-US","potentialAction":[{"@type":"ReadAction","target":["https:\/\/www.editionsloco.com\/biographie\/schmitt\/"]}]},{"@type":"BreadcrumbList","@id":"https:\/\/www.editionsloco.com\/biographie\/schmitt\/#breadcrumb","itemListElement":[{"@type":"ListItem","position":1,"name":"Accueil","item":"https:\/\/www.editionsloco.com\/en\/"},{"@type":"ListItem","position":2,"name":"Schmitt"}]},{"@type":"WebSite","@id":"https:\/\/www.editionsloco.com\/#website","url":"https:\/\/www.editionsloco.com\/","name":"Editions LOCO","description":"","potentialAction":[{"@type":"SearchAction","target":{"@type":"EntryPoint","urlTemplate":"https:\/\/www.editionsloco.com\/?s={search_term_string}"},"query-input":{"@type":"PropertyValueSpecification","valueRequired":true,"valueName":"search_term_string"}}],"inLanguage":"en-US"}]}},"_links":{"self":[{"href":"https:\/\/www.editionsloco.com\/en\/wp-json\/wp\/v2\/biographie\/14821","targetHints":{"allow":["GET"]}}],"collection":[{"href":"https:\/\/www.editionsloco.com\/en\/wp-json\/wp\/v2\/biographie"}],"about":[{"href":"https:\/\/www.editionsloco.com\/en\/wp-json\/wp\/v2\/types\/biographie"}],"author":[{"embeddable":true,"href":"https:\/\/www.editionsloco.com\/en\/wp-json\/wp\/v2\/users\/13"}],"version-history":[{"count":0,"href":"https:\/\/www.editionsloco.com\/en\/wp-json\/wp\/v2\/biographie\/14821\/revisions"}],"wp:attachment":[{"href":"https:\/\/www.editionsloco.com\/en\/wp-json\/wp\/v2\/media?parent=14821"}],"curies":[{"name":"wp","href":"https:\/\/api.w.org\/{rel}","templated":true}]}}

<p>est réalisateur et scénariste de films documentaires. Poète. Traducteur de Jiri Kolár. Membre du «Groupe de Paris du mouvement surréaliste». Enseigne le français et anime l’Atelier d’écriture francophone sur la création cinématographique à l’Institut français de Prague (en 2011).</p>

<!-- This site is optimized with the Yoast SEO plugin v27.1.1 - https://yoast.com/product/yoast-seo-wordpress/ -->
<title>Schmitt - Editions LOCO</title>
<meta name="robots" content="index, follow, max-snippet:-1, max-image-preview:large, max-video-preview:-1" />
<link rel="canonical" href="https://www.editionsloco.com/biographie/schmitt/" />
<meta property="og:locale" content="en_US" />
<meta property="og:type" content="article" />
<meta property="og:title" content="Schmitt - Editions LOCO" />
<meta property="og:description" content="est réalisateur et scénariste de films documentaires. Poète. Traducteur de Jiri Kolár. Membre du «Groupe de Paris du mouvement surréaliste». Enseigne le français et anime [&hellip;]" />
<meta property="og:url" content="https://www.editionsloco.com/biographie/schmitt/" />
<meta property="og:site_name" content="Editions LOCO" />
<meta name="twitter:card" content="summary_large_image" />
<script type="application/ld+json" class="yoast-schema-graph">{"@context":"https://schema.org","@graph":[{"@type":"WebPage","@id":"https://www.editionsloco.com/biographie/schmitt/","url":"https://www.editionsloco.com/biographie/schmitt/","name":"Schmitt - Editions LOCO","isPartOf":{"@id":"https://www.editionsloco.com/#website"},"datePublished":"2019-09-25T14:34:56+00:00","breadcrumb":{"@id":"https://www.editionsloco.com/biographie/schmitt/#breadcrumb"},"inLanguage":"en-US","potentialAction":[{"@type":"ReadAction","target":["https://www.editionsloco.com/biographie/schmitt/"]}]},{"@type":"BreadcrumbList","@id":"https://www.editionsloco.com/biographie/schmitt/#breadcrumb","itemListElement":[{"@type":"ListItem","position":1,"name":"Accueil","item":"https://www.editionsloco.com/en/"},{"@type":"ListItem","position":2,"name":"Schmitt"}]},{"@type":"WebSite","@id":"https://www.editionsloco.com/#website","url":"https://www.editionsloco.com/","name":"Editions LOCO","description":"","potentialAction":[{"@type":"SearchAction","target":{"@type":"EntryPoint","urlTemplate":"https://www.editionsloco.com/?s={search_term_string}"},"query-input":{"@type":"PropertyValueSpecification","valueRequired":true,"valueName":"search_term_string"}}],"inLanguage":"en-US"}]}</script>
<!-- / Yoast SEO plugin. -->

est réalisateur et scénariste de films documentaires. Poète. Traducteur de Jiri Kolár. Membre du «Groupe de Paris du mouvement surréaliste». Enseigne le français et anime [&hellip;]
