{"id":14497,"date":"2019-01-15T16:26:33","date_gmt":"2019-01-15T15:26:33","guid":{"rendered":"https:\/\/www.editionsloco.com\/\/bertho\/"},"modified":"2019-01-15T16:26:33","modified_gmt":"2019-01-15T15:26:33","slug":"bertho","status":"publish","type":"biographie","link":"https:\/\/www.editionsloco.com\/en\/biographie\/bertho\/","title":{"rendered":"Bertho"},"content":{"rendered":"<p>Rapha\u00eble Bertho est ma\u00eetresse de conf\u00e9rences en arts \u00e0 l\u2019universit\u00e9 de Tours. Historienne de la photographie, elle travaille depuis 2005 sur les enjeux esth\u00e9tiques et politiques de la repr\u00e9sentation du territoire contemporain. Elle a \u00e9t\u00e9 commissaire de l\u2019exposition \u00ab Paysages fran\u00e7ais : une aventure photographique (1984- 2017) \u00bbpr\u00e9sent\u00e9e \u00e0 la BnF.<\/p>\n","protected":false},"author":13,"featured_media":0,"template":"","format":"standard","meta":{"_acf_changed":false,"footnotes":""},"class_list":["post-14497","biographie","type-biographie","status-publish","format-standard","hentry"],"acf":[],"yoast_head":"<!-- This site is optimized with the Yoast SEO plugin v27.1.1 - https:\/\/yoast.com\/product\/yoast-seo-wordpress\/ -->\n<title>Bertho - Editions LOCO<\/title>\n<meta name=\"robots\" content=\"index, follow, max-snippet:-1, max-image-preview:large, max-video-preview:-1\" \/>\n<link rel=\"canonical\" href=\"https:\/\/www.editionsloco.com\/biographie\/bertho\/\" \/>\n<meta property=\"og:locale\" content=\"en_US\" \/>\n<meta property=\"og:type\" content=\"article\" \/>\n<meta property=\"og:title\" content=\"Bertho - Editions LOCO\" \/>\n<meta property=\"og:description\" content=\"Rapha\u00eble Bertho est ma\u00eetresse de conf\u00e9rences en arts \u00e0 l\u2019universit\u00e9 de Tours. Historienne de la photographie, elle travaille depuis 2005 sur les enjeux esth\u00e9tiques et [&hellip;]\" \/>\n<meta property=\"og:url\" content=\"https:\/\/www.editionsloco.com\/biographie\/bertho\/\" \/>\n<meta property=\"og:site_name\" content=\"Editions LOCO\" \/>\n<meta name=\"twitter:card\" content=\"summary_large_image\" \/>\n<script type=\"application\/ld+json\" class=\"yoast-schema-graph\">{\"@context\":\"https:\/\/schema.org\",\"@graph\":[{\"@type\":\"WebPage\",\"@id\":\"https:\/\/www.editionsloco.com\/biographie\/bertho\/\",\"url\":\"https:\/\/www.editionsloco.com\/biographie\/bertho\/\",\"name\":\"Bertho - Editions LOCO\",\"isPartOf\":{\"@id\":\"https:\/\/www.editionsloco.com\/#website\"},\"datePublished\":\"2019-01-15T15:26:33+00:00\",\"breadcrumb\":{\"@id\":\"https:\/\/www.editionsloco.com\/biographie\/bertho\/#breadcrumb\"},\"inLanguage\":\"en-US\",\"potentialAction\":[{\"@type\":\"ReadAction\",\"target\":[\"https:\/\/www.editionsloco.com\/biographie\/bertho\/\"]}]},{\"@type\":\"BreadcrumbList\",\"@id\":\"https:\/\/www.editionsloco.com\/biographie\/bertho\/#breadcrumb\",\"itemListElement\":[{\"@type\":\"ListItem\",\"position\":1,\"name\":\"Accueil\",\"item\":\"https:\/\/www.editionsloco.com\/en\/\"},{\"@type\":\"ListItem\",\"position\":2,\"name\":\"Bertho\"}]},{\"@type\":\"WebSite\",\"@id\":\"https:\/\/www.editionsloco.com\/#website\",\"url\":\"https:\/\/www.editionsloco.com\/\",\"name\":\"Editions LOCO\",\"description\":\"\",\"potentialAction\":[{\"@type\":\"SearchAction\",\"target\":{\"@type\":\"EntryPoint\",\"urlTemplate\":\"https:\/\/www.editionsloco.com\/?s={search_term_string}\"},\"query-input\":{\"@type\":\"PropertyValueSpecification\",\"valueRequired\":true,\"valueName\":\"search_term_string\"}}],\"inLanguage\":\"en-US\"}]}<\/script>\n<!-- \/ Yoast SEO plugin. -->","yoast_head_json":{"title":"Bertho - Editions LOCO","robots":{"index":"index","follow":"follow","max-snippet":"max-snippet:-1","max-image-preview":"max-image-preview:large","max-video-preview":"max-video-preview:-1"},"canonical":"https:\/\/www.editionsloco.com\/biographie\/bertho\/","og_locale":"en_US","og_type":"article","og_title":"Bertho - Editions LOCO","og_description":"Rapha\u00eble Bertho est ma\u00eetresse de conf\u00e9rences en arts \u00e0 l\u2019universit\u00e9 de Tours. Historienne de la photographie, elle travaille depuis 2005 sur les enjeux esth\u00e9tiques et [&hellip;]","og_url":"https:\/\/www.editionsloco.com\/biographie\/bertho\/","og_site_name":"Editions LOCO","twitter_card":"summary_large_image","schema":{"@context":"https:\/\/schema.org","@graph":[{"@type":"WebPage","@id":"https:\/\/www.editionsloco.com\/biographie\/bertho\/","url":"https:\/\/www.editionsloco.com\/biographie\/bertho\/","name":"Bertho - Editions LOCO","isPartOf":{"@id":"https:\/\/www.editionsloco.com\/#website"},"datePublished":"2019-01-15T15:26:33+00:00","breadcrumb":{"@id":"https:\/\/www.editionsloco.com\/biographie\/bertho\/#breadcrumb"},"inLanguage":"en-US","potentialAction":[{"@type":"ReadAction","target":["https:\/\/www.editionsloco.com\/biographie\/bertho\/"]}]},{"@type":"BreadcrumbList","@id":"https:\/\/www.editionsloco.com\/biographie\/bertho\/#breadcrumb","itemListElement":[{"@type":"ListItem","position":1,"name":"Accueil","item":"https:\/\/www.editionsloco.com\/en\/"},{"@type":"ListItem","position":2,"name":"Bertho"}]},{"@type":"WebSite","@id":"https:\/\/www.editionsloco.com\/#website","url":"https:\/\/www.editionsloco.com\/","name":"Editions LOCO","description":"","potentialAction":[{"@type":"SearchAction","target":{"@type":"EntryPoint","urlTemplate":"https:\/\/www.editionsloco.com\/?s={search_term_string}"},"query-input":{"@type":"PropertyValueSpecification","valueRequired":true,"valueName":"search_term_string"}}],"inLanguage":"en-US"}]}},"_links":{"self":[{"href":"https:\/\/www.editionsloco.com\/en\/wp-json\/wp\/v2\/biographie\/14497","targetHints":{"allow":["GET"]}}],"collection":[{"href":"https:\/\/www.editionsloco.com\/en\/wp-json\/wp\/v2\/biographie"}],"about":[{"href":"https:\/\/www.editionsloco.com\/en\/wp-json\/wp\/v2\/types\/biographie"}],"author":[{"embeddable":true,"href":"https:\/\/www.editionsloco.com\/en\/wp-json\/wp\/v2\/users\/13"}],"version-history":[{"count":0,"href":"https:\/\/www.editionsloco.com\/en\/wp-json\/wp\/v2\/biographie\/14497\/revisions"}],"wp:attachment":[{"href":"https:\/\/www.editionsloco.com\/en\/wp-json\/wp\/v2\/media?parent=14497"}],"curies":[{"name":"wp","href":"https:\/\/api.w.org\/{rel}","templated":true}]}}

<p>Raphaële Bertho est maîtresse de conférences en arts à l’université de Tours. Historienne de la photographie, elle travaille depuis 2005 sur les enjeux esthétiques et politiques de la représentation du territoire contemporain. Elle a été commissaire de l’exposition « Paysages français : une aventure photographique (1984- 2017) »présentée à la BnF.</p>

<!-- This site is optimized with the Yoast SEO plugin v27.1.1 - https://yoast.com/product/yoast-seo-wordpress/ -->
<title>Bertho - Editions LOCO</title>
<meta name="robots" content="index, follow, max-snippet:-1, max-image-preview:large, max-video-preview:-1" />
<link rel="canonical" href="https://www.editionsloco.com/biographie/bertho/" />
<meta property="og:locale" content="en_US" />
<meta property="og:type" content="article" />
<meta property="og:title" content="Bertho - Editions LOCO" />
<meta property="og:description" content="Raphaële Bertho est maîtresse de conférences en arts à l’université de Tours. Historienne de la photographie, elle travaille depuis 2005 sur les enjeux esthétiques et [&hellip;]" />
<meta property="og:url" content="https://www.editionsloco.com/biographie/bertho/" />
<meta property="og:site_name" content="Editions LOCO" />
<meta name="twitter:card" content="summary_large_image" />
<script type="application/ld+json" class="yoast-schema-graph">{"@context":"https://schema.org","@graph":[{"@type":"WebPage","@id":"https://www.editionsloco.com/biographie/bertho/","url":"https://www.editionsloco.com/biographie/bertho/","name":"Bertho - Editions LOCO","isPartOf":{"@id":"https://www.editionsloco.com/#website"},"datePublished":"2019-01-15T15:26:33+00:00","breadcrumb":{"@id":"https://www.editionsloco.com/biographie/bertho/#breadcrumb"},"inLanguage":"en-US","potentialAction":[{"@type":"ReadAction","target":["https://www.editionsloco.com/biographie/bertho/"]}]},{"@type":"BreadcrumbList","@id":"https://www.editionsloco.com/biographie/bertho/#breadcrumb","itemListElement":[{"@type":"ListItem","position":1,"name":"Accueil","item":"https://www.editionsloco.com/en/"},{"@type":"ListItem","position":2,"name":"Bertho"}]},{"@type":"WebSite","@id":"https://www.editionsloco.com/#website","url":"https://www.editionsloco.com/","name":"Editions LOCO","description":"","potentialAction":[{"@type":"SearchAction","target":{"@type":"EntryPoint","urlTemplate":"https://www.editionsloco.com/?s={search_term_string}"},"query-input":{"@type":"PropertyValueSpecification","valueRequired":true,"valueName":"search_term_string"}}],"inLanguage":"en-US"}]}</script>
<!-- / Yoast SEO plugin. -->

Raphaële Bertho est maîtresse de conférences en arts à l’université de Tours. Historienne de la photographie, elle travaille depuis 2005 sur les enjeux esthétiques et [&hellip;]
