{"id":14486,"date":"2019-01-15T15:52:50","date_gmt":"2019-01-15T14:52:50","guid":{"rendered":"https:\/\/www.editionsloco.com\/\/clement\/"},"modified":"2025-08-06T10:40:48","modified_gmt":"2025-08-06T08:40:48","slug":"clement","status":"publish","type":"biographie","link":"https:\/\/www.editionsloco.com\/en\/biographie\/clement\/","title":{"rendered":"Cl\u00e9ment"},"content":{"rendered":"<p>Serge Cl\u00e9ment vit et travaille \u00e0 Montr\u00e9al. Il pratique une photographie de questionnement, de recherche et d\u2019auteur. Offrant des images po\u00e9tiques et d\u00e9routantes, sa d\u00e9marche se d\u00e9cline du documentaire \u00e0 l\u2019installation en passant par le commentaire social, le r\u00e9cit po\u00e9tique et l\u2019essai photographique. Le travail de Cl\u00e9ment a fait l\u2019objet d\u2019expositions solo dans diff\u00e9rents pays d\u2019Europe, \u00e0 Hong Kong et au Canada. Le photographe a publi\u00e9 plusieurs livres photographiques, notamment <em>D\u00e9pays\u00e9<\/em> (Kehrer Verlag, 2014), <em>courant &nbsp; contre-courants<\/em> (Marval, 2007) et <em>Sutures \u2013 Berlin 2000-2003<\/em> (Les 400 coups, 2003), ainsi que quelques livres auto-publi\u00e9s (\u00e9ditions Mai 50) : N\u00e0Y (2011), au Passage Patience (2007).<\/p>\n","protected":false},"author":13,"featured_media":22437,"template":"","format":"standard","meta":{"_acf_changed":false,"footnotes":""},"class_list":["post-14486","biographie","type-biographie","status-publish","format-standard","has-post-thumbnail","hentry"],"acf":[],"yoast_head":"<!-- This site is optimized with the Yoast SEO plugin v27.1.1 - https:\/\/yoast.com\/product\/yoast-seo-wordpress\/ -->\n<title>Cl\u00e9ment - Editions LOCO<\/title>\n<meta name=\"robots\" content=\"index, follow, max-snippet:-1, max-image-preview:large, max-video-preview:-1\" \/>\n<link rel=\"canonical\" href=\"https:\/\/www.editionsloco.com\/biographie\/clement\/\" \/>\n<meta property=\"og:locale\" content=\"en_US\" \/>\n<meta property=\"og:type\" content=\"article\" \/>\n<meta property=\"og:title\" content=\"Cl\u00e9ment - Editions LOCO\" \/>\n<meta property=\"og:description\" content=\"Serge Cl\u00e9ment vit et travaille \u00e0 Montr\u00e9al. Il pratique une photographie de questionnement, de recherche et d\u2019auteur. Offrant des images po\u00e9tiques et d\u00e9routantes, sa d\u00e9marche [&hellip;]\" \/>\n<meta property=\"og:url\" content=\"https:\/\/www.editionsloco.com\/biographie\/clement\/\" \/>\n<meta property=\"og:site_name\" content=\"Editions LOCO\" \/>\n<meta property=\"article:modified_time\" content=\"2025-08-06T08:40:48+00:00\" \/>\n<meta property=\"og:image\" content=\"https:\/\/www.editionsloco.com\/wp-content\/uploads\/2025\/08\/photo_serge_clement.jpg\" \/>\n\t<meta property=\"og:image:width\" content=\"1000\" \/>\n\t<meta property=\"og:image:height\" content=\"1000\" \/>\n\t<meta property=\"og:image:type\" content=\"image\/jpeg\" \/>\n<meta name=\"twitter:card\" content=\"summary_large_image\" \/>\n<meta name=\"twitter:label1\" content=\"Est. reading time\" \/>\n\t<meta name=\"twitter:data1\" content=\"1 minute\" \/>\n<script type=\"application\/ld+json\" class=\"yoast-schema-graph\">{\"@context\":\"https:\/\/schema.org\",\"@graph\":[{\"@type\":\"WebPage\",\"@id\":\"https:\/\/www.editionsloco.com\/biographie\/clement\/\",\"url\":\"https:\/\/www.editionsloco.com\/biographie\/clement\/\",\"name\":\"Cl\u00e9ment - Editions LOCO\",\"isPartOf\":{\"@id\":\"https:\/\/www.editionsloco.com\/#website\"},\"primaryImageOfPage\":{\"@id\":\"https:\/\/www.editionsloco.com\/biographie\/clement\/#primaryimage\"},\"image\":{\"@id\":\"https:\/\/www.editionsloco.com\/biographie\/clement\/#primaryimage\"},\"thumbnailUrl\":\"https:\/\/www.editionsloco.com\/wp-content\/uploads\/2025\/08\/photo_serge_clement.jpg\",\"datePublished\":\"2019-01-15T14:52:50+00:00\",\"dateModified\":\"2025-08-06T08:40:48+00:00\",\"breadcrumb\":{\"@id\":\"https:\/\/www.editionsloco.com\/biographie\/clement\/#breadcrumb\"},\"inLanguage\":\"en-US\",\"potentialAction\":[{\"@type\":\"ReadAction\",\"target\":[\"https:\/\/www.editionsloco.com\/biographie\/clement\/\"]}]},{\"@type\":\"ImageObject\",\"inLanguage\":\"en-US\",\"@id\":\"https:\/\/www.editionsloco.com\/biographie\/clement\/#primaryimage\",\"url\":\"https:\/\/www.editionsloco.com\/wp-content\/uploads\/2025\/08\/photo_serge_clement.jpg\",\"contentUrl\":\"https:\/\/www.editionsloco.com\/wp-content\/uploads\/2025\/08\/photo_serge_clement.jpg\",\"width\":1000,\"height\":1000},{\"@type\":\"BreadcrumbList\",\"@id\":\"https:\/\/www.editionsloco.com\/biographie\/clement\/#breadcrumb\",\"itemListElement\":[{\"@type\":\"ListItem\",\"position\":1,\"name\":\"Accueil\",\"item\":\"https:\/\/www.editionsloco.com\/en\/\"},{\"@type\":\"ListItem\",\"position\":2,\"name\":\"Cl\u00e9ment\"}]},{\"@type\":\"WebSite\",\"@id\":\"https:\/\/www.editionsloco.com\/#website\",\"url\":\"https:\/\/www.editionsloco.com\/\",\"name\":\"Editions LOCO\",\"description\":\"\",\"potentialAction\":[{\"@type\":\"SearchAction\",\"target\":{\"@type\":\"EntryPoint\",\"urlTemplate\":\"https:\/\/www.editionsloco.com\/?s={search_term_string}\"},\"query-input\":{\"@type\":\"PropertyValueSpecification\",\"valueRequired\":true,\"valueName\":\"search_term_string\"}}],\"inLanguage\":\"en-US\"}]}<\/script>\n<!-- \/ Yoast SEO plugin. -->","yoast_head_json":{"title":"Cl\u00e9ment - Editions LOCO","robots":{"index":"index","follow":"follow","max-snippet":"max-snippet:-1","max-image-preview":"max-image-preview:large","max-video-preview":"max-video-preview:-1"},"canonical":"https:\/\/www.editionsloco.com\/biographie\/clement\/","og_locale":"en_US","og_type":"article","og_title":"Cl\u00e9ment - Editions LOCO","og_description":"Serge Cl\u00e9ment vit et travaille \u00e0 Montr\u00e9al. Il pratique une photographie de questionnement, de recherche et d\u2019auteur. Offrant des images po\u00e9tiques et d\u00e9routantes, sa d\u00e9marche [&hellip;]","og_url":"https:\/\/www.editionsloco.com\/biographie\/clement\/","og_site_name":"Editions LOCO","article_modified_time":"2025-08-06T08:40:48+00:00","og_image":[{"width":1000,"height":1000,"url":"https:\/\/www.editionsloco.com\/wp-content\/uploads\/2025\/08\/photo_serge_clement.jpg","type":"image\/jpeg"}],"twitter_card":"summary_large_image","twitter_misc":{"Est. reading time":"1 minute"},"schema":{"@context":"https:\/\/schema.org","@graph":[{"@type":"WebPage","@id":"https:\/\/www.editionsloco.com\/biographie\/clement\/","url":"https:\/\/www.editionsloco.com\/biographie\/clement\/","name":"Cl\u00e9ment - Editions LOCO","isPartOf":{"@id":"https:\/\/www.editionsloco.com\/#website"},"primaryImageOfPage":{"@id":"https:\/\/www.editionsloco.com\/biographie\/clement\/#primaryimage"},"image":{"@id":"https:\/\/www.editionsloco.com\/biographie\/clement\/#primaryimage"},"thumbnailUrl":"https:\/\/www.editionsloco.com\/wp-content\/uploads\/2025\/08\/photo_serge_clement.jpg","datePublished":"2019-01-15T14:52:50+00:00","dateModified":"2025-08-06T08:40:48+00:00","breadcrumb":{"@id":"https:\/\/www.editionsloco.com\/biographie\/clement\/#breadcrumb"},"inLanguage":"en-US","potentialAction":[{"@type":"ReadAction","target":["https:\/\/www.editionsloco.com\/biographie\/clement\/"]}]},{"@type":"ImageObject","inLanguage":"en-US","@id":"https:\/\/www.editionsloco.com\/biographie\/clement\/#primaryimage","url":"https:\/\/www.editionsloco.com\/wp-content\/uploads\/2025\/08\/photo_serge_clement.jpg","contentUrl":"https:\/\/www.editionsloco.com\/wp-content\/uploads\/2025\/08\/photo_serge_clement.jpg","width":1000,"height":1000},{"@type":"BreadcrumbList","@id":"https:\/\/www.editionsloco.com\/biographie\/clement\/#breadcrumb","itemListElement":[{"@type":"ListItem","position":1,"name":"Accueil","item":"https:\/\/www.editionsloco.com\/en\/"},{"@type":"ListItem","position":2,"name":"Cl\u00e9ment"}]},{"@type":"WebSite","@id":"https:\/\/www.editionsloco.com\/#website","url":"https:\/\/www.editionsloco.com\/","name":"Editions LOCO","description":"","potentialAction":[{"@type":"SearchAction","target":{"@type":"EntryPoint","urlTemplate":"https:\/\/www.editionsloco.com\/?s={search_term_string}"},"query-input":{"@type":"PropertyValueSpecification","valueRequired":true,"valueName":"search_term_string"}}],"inLanguage":"en-US"}]}},"_links":{"self":[{"href":"https:\/\/www.editionsloco.com\/en\/wp-json\/wp\/v2\/biographie\/14486","targetHints":{"allow":["GET"]}}],"collection":[{"href":"https:\/\/www.editionsloco.com\/en\/wp-json\/wp\/v2\/biographie"}],"about":[{"href":"https:\/\/www.editionsloco.com\/en\/wp-json\/wp\/v2\/types\/biographie"}],"author":[{"embeddable":true,"href":"https:\/\/www.editionsloco.com\/en\/wp-json\/wp\/v2\/users\/13"}],"version-history":[{"count":1,"href":"https:\/\/www.editionsloco.com\/en\/wp-json\/wp\/v2\/biographie\/14486\/revisions"}],"predecessor-version":[{"id":22440,"href":"https:\/\/www.editionsloco.com\/en\/wp-json\/wp\/v2\/biographie\/14486\/revisions\/22440"}],"wp:featuredmedia":[{"embeddable":true,"href":"https:\/\/www.editionsloco.com\/en\/wp-json\/wp\/v2\/media\/22437"}],"wp:attachment":[{"href":"https:\/\/www.editionsloco.com\/en\/wp-json\/wp\/v2\/media?parent=14486"}],"curies":[{"name":"wp","href":"https:\/\/api.w.org\/{rel}","templated":true}]}}

Clément

<p>Serge Clément vit et travaille à Montréal. Il pratique une photographie de questionnement, de recherche et d’auteur. Offrant des images poétiques et déroutantes, sa démarche se décline du documentaire à l’installation en passant par le commentaire social, le récit poétique et l’essai photographique. Le travail de Clément a fait l’objet d’expositions solo dans différents pays d’Europe, à Hong Kong et au Canada. Le photographe a publié plusieurs livres photographiques, notamment <em>Dépaysé</em> (Kehrer Verlag, 2014), <em>courant &nbsp; contre-courants</em> (Marval, 2007) et <em>Sutures – Berlin 2000-2003</em> (Les 400 coups, 2003), ainsi que quelques livres auto-publiés (éditions Mai 50) : NàY (2011), au Passage Patience (2007).</p>

<!-- This site is optimized with the Yoast SEO plugin v27.1.1 - https://yoast.com/product/yoast-seo-wordpress/ -->
<title>Clément - Editions LOCO</title>
<meta name="robots" content="index, follow, max-snippet:-1, max-image-preview:large, max-video-preview:-1" />
<link rel="canonical" href="https://www.editionsloco.com/biographie/clement/" />
<meta property="og:locale" content="en_US" />
<meta property="og:type" content="article" />
<meta property="og:title" content="Clément - Editions LOCO" />
<meta property="og:description" content="Serge Clément vit et travaille à Montréal. Il pratique une photographie de questionnement, de recherche et d’auteur. Offrant des images poétiques et déroutantes, sa démarche [&hellip;]" />
<meta property="og:url" content="https://www.editionsloco.com/biographie/clement/" />
<meta property="og:site_name" content="Editions LOCO" />
<meta property="article:modified_time" content="2025-08-06T08:40:48+00:00" />
<meta property="og:image" content="https://www.editionsloco.com/wp-content/uploads/2025/08/photo_serge_clement.jpg" />
	<meta property="og:image:width" content="1000" />
	<meta property="og:image:height" content="1000" />
	<meta property="og:image:type" content="image/jpeg" />
<meta name="twitter:card" content="summary_large_image" />
<meta name="twitter:label1" content="Est. reading time" />
	<meta name="twitter:data1" content="1 minute" />
<script type="application/ld+json" class="yoast-schema-graph">{"@context":"https://schema.org","@graph":[{"@type":"WebPage","@id":"https://www.editionsloco.com/biographie/clement/","url":"https://www.editionsloco.com/biographie/clement/","name":"Clément - Editions LOCO","isPartOf":{"@id":"https://www.editionsloco.com/#website"},"primaryImageOfPage":{"@id":"https://www.editionsloco.com/biographie/clement/#primaryimage"},"image":{"@id":"https://www.editionsloco.com/biographie/clement/#primaryimage"},"thumbnailUrl":"https://www.editionsloco.com/wp-content/uploads/2025/08/photo_serge_clement.jpg","datePublished":"2019-01-15T14:52:50+00:00","dateModified":"2025-08-06T08:40:48+00:00","breadcrumb":{"@id":"https://www.editionsloco.com/biographie/clement/#breadcrumb"},"inLanguage":"en-US","potentialAction":[{"@type":"ReadAction","target":["https://www.editionsloco.com/biographie/clement/"]}]},{"@type":"ImageObject","inLanguage":"en-US","@id":"https://www.editionsloco.com/biographie/clement/#primaryimage","url":"https://www.editionsloco.com/wp-content/uploads/2025/08/photo_serge_clement.jpg","contentUrl":"https://www.editionsloco.com/wp-content/uploads/2025/08/photo_serge_clement.jpg","width":1000,"height":1000},{"@type":"BreadcrumbList","@id":"https://www.editionsloco.com/biographie/clement/#breadcrumb","itemListElement":[{"@type":"ListItem","position":1,"name":"Accueil","item":"https://www.editionsloco.com/en/"},{"@type":"ListItem","position":2,"name":"Clément"}]},{"@type":"WebSite","@id":"https://www.editionsloco.com/#website","url":"https://www.editionsloco.com/","name":"Editions LOCO","description":"","potentialAction":[{"@type":"SearchAction","target":{"@type":"EntryPoint","urlTemplate":"https://www.editionsloco.com/?s={search_term_string}"},"query-input":{"@type":"PropertyValueSpecification","valueRequired":true,"valueName":"search_term_string"}}],"inLanguage":"en-US"}]}</script>
<!-- / Yoast SEO plugin. -->

Clément - Editions LOCO

Serge Clément vit et travaille à Montréal. Il pratique une photographie de questionnement, de recherche et d’auteur. Offrant des images poétiques et déroutantes, sa démarche [&hellip;]
