{"id":14248,"date":"2018-05-29T18:19:14","date_gmt":"2018-05-29T16:19:14","guid":{"rendered":"https:\/\/www.editionsloco.com\/\/maire\/"},"modified":"2024-07-09T16:08:47","modified_gmt":"2024-07-09T14:08:47","slug":"maire","status":"publish","type":"biographie","link":"https:\/\/www.editionsloco.com\/en\/biographie\/maire\/","title":{"rendered":"Maire"},"content":{"rendered":"<p>Designer, elle d\u00e9bute sa carri\u00e8re au sein du studio de cr\u00e9ation Andr\u00e9e Putman et y d\u00e9veloppe des produits et du mobilier pour la maison. Depuis 2015, en tant que titulaire de la chaire IDIS, elle anime, f\u00e9d\u00e8re et m\u00e9diatise les diff\u00e9rentes actions de la chaire, tout en menant des projets de recherche avec les \u00e9tudiants de master design objet.<\/p>\n","protected":false},"author":13,"featured_media":21297,"template":"","format":"standard","meta":{"_acf_changed":false,"footnotes":""},"class_list":["post-14248","biographie","type-biographie","status-publish","format-standard","has-post-thumbnail","hentry"],"acf":[],"yoast_head":"<!-- This site is optimized with the Yoast SEO plugin v27.1.1 - https:\/\/yoast.com\/product\/yoast-seo-wordpress\/ -->\n<title>Maire - Editions LOCO<\/title>\n<meta name=\"robots\" content=\"index, follow, max-snippet:-1, max-image-preview:large, max-video-preview:-1\" \/>\n<link rel=\"canonical\" href=\"https:\/\/www.editionsloco.com\/biographie\/maire\/\" \/>\n<meta property=\"og:locale\" content=\"en_US\" \/>\n<meta property=\"og:type\" content=\"article\" \/>\n<meta property=\"og:title\" content=\"Maire - Editions LOCO\" \/>\n<meta property=\"og:description\" content=\"Designer, elle d\u00e9bute sa carri\u00e8re au sein du studio de cr\u00e9ation Andr\u00e9e Putman et y d\u00e9veloppe des produits et du mobilier pour la maison. Depuis [&hellip;]\" \/>\n<meta property=\"og:url\" content=\"https:\/\/www.editionsloco.com\/biographie\/maire\/\" \/>\n<meta property=\"og:site_name\" content=\"Editions LOCO\" \/>\n<meta property=\"article:modified_time\" content=\"2024-07-09T14:08:47+00:00\" \/>\n<meta property=\"og:image\" content=\"https:\/\/www.editionsloco.com\/wp-content\/uploads\/2018\/05\/VERONIQUE-MAIRE.jpg\" \/>\n\t<meta property=\"og:image:width\" content=\"320\" \/>\n\t<meta property=\"og:image:height\" content=\"320\" \/>\n\t<meta property=\"og:image:type\" content=\"image\/jpeg\" \/>\n<meta name=\"twitter:card\" content=\"summary_large_image\" \/>\n<script type=\"application\/ld+json\" class=\"yoast-schema-graph\">{\"@context\":\"https:\/\/schema.org\",\"@graph\":[{\"@type\":\"WebPage\",\"@id\":\"https:\/\/www.editionsloco.com\/biographie\/maire\/\",\"url\":\"https:\/\/www.editionsloco.com\/biographie\/maire\/\",\"name\":\"Maire - Editions LOCO\",\"isPartOf\":{\"@id\":\"https:\/\/www.editionsloco.com\/#website\"},\"primaryImageOfPage\":{\"@id\":\"https:\/\/www.editionsloco.com\/biographie\/maire\/#primaryimage\"},\"image\":{\"@id\":\"https:\/\/www.editionsloco.com\/biographie\/maire\/#primaryimage\"},\"thumbnailUrl\":\"https:\/\/www.editionsloco.com\/wp-content\/uploads\/2018\/05\/VERONIQUE-MAIRE.jpg\",\"datePublished\":\"2018-05-29T16:19:14+00:00\",\"dateModified\":\"2024-07-09T14:08:47+00:00\",\"breadcrumb\":{\"@id\":\"https:\/\/www.editionsloco.com\/biographie\/maire\/#breadcrumb\"},\"inLanguage\":\"en-US\",\"potentialAction\":[{\"@type\":\"ReadAction\",\"target\":[\"https:\/\/www.editionsloco.com\/biographie\/maire\/\"]}]},{\"@type\":\"ImageObject\",\"inLanguage\":\"en-US\",\"@id\":\"https:\/\/www.editionsloco.com\/biographie\/maire\/#primaryimage\",\"url\":\"https:\/\/www.editionsloco.com\/wp-content\/uploads\/2018\/05\/VERONIQUE-MAIRE.jpg\",\"contentUrl\":\"https:\/\/www.editionsloco.com\/wp-content\/uploads\/2018\/05\/VERONIQUE-MAIRE.jpg\",\"width\":320,\"height\":320},{\"@type\":\"BreadcrumbList\",\"@id\":\"https:\/\/www.editionsloco.com\/biographie\/maire\/#breadcrumb\",\"itemListElement\":[{\"@type\":\"ListItem\",\"position\":1,\"name\":\"Accueil\",\"item\":\"https:\/\/www.editionsloco.com\/en\/\"},{\"@type\":\"ListItem\",\"position\":2,\"name\":\"Maire\"}]},{\"@type\":\"WebSite\",\"@id\":\"https:\/\/www.editionsloco.com\/#website\",\"url\":\"https:\/\/www.editionsloco.com\/\",\"name\":\"Editions LOCO\",\"description\":\"\",\"potentialAction\":[{\"@type\":\"SearchAction\",\"target\":{\"@type\":\"EntryPoint\",\"urlTemplate\":\"https:\/\/www.editionsloco.com\/?s={search_term_string}\"},\"query-input\":{\"@type\":\"PropertyValueSpecification\",\"valueRequired\":true,\"valueName\":\"search_term_string\"}}],\"inLanguage\":\"en-US\"}]}<\/script>\n<!-- \/ Yoast SEO plugin. -->","yoast_head_json":{"title":"Maire - Editions LOCO","robots":{"index":"index","follow":"follow","max-snippet":"max-snippet:-1","max-image-preview":"max-image-preview:large","max-video-preview":"max-video-preview:-1"},"canonical":"https:\/\/www.editionsloco.com\/biographie\/maire\/","og_locale":"en_US","og_type":"article","og_title":"Maire - Editions LOCO","og_description":"Designer, elle d\u00e9bute sa carri\u00e8re au sein du studio de cr\u00e9ation Andr\u00e9e Putman et y d\u00e9veloppe des produits et du mobilier pour la maison. Depuis [&hellip;]","og_url":"https:\/\/www.editionsloco.com\/biographie\/maire\/","og_site_name":"Editions LOCO","article_modified_time":"2024-07-09T14:08:47+00:00","og_image":[{"width":320,"height":320,"url":"https:\/\/www.editionsloco.com\/wp-content\/uploads\/2018\/05\/VERONIQUE-MAIRE.jpg","type":"image\/jpeg"}],"twitter_card":"summary_large_image","schema":{"@context":"https:\/\/schema.org","@graph":[{"@type":"WebPage","@id":"https:\/\/www.editionsloco.com\/biographie\/maire\/","url":"https:\/\/www.editionsloco.com\/biographie\/maire\/","name":"Maire - Editions LOCO","isPartOf":{"@id":"https:\/\/www.editionsloco.com\/#website"},"primaryImageOfPage":{"@id":"https:\/\/www.editionsloco.com\/biographie\/maire\/#primaryimage"},"image":{"@id":"https:\/\/www.editionsloco.com\/biographie\/maire\/#primaryimage"},"thumbnailUrl":"https:\/\/www.editionsloco.com\/wp-content\/uploads\/2018\/05\/VERONIQUE-MAIRE.jpg","datePublished":"2018-05-29T16:19:14+00:00","dateModified":"2024-07-09T14:08:47+00:00","breadcrumb":{"@id":"https:\/\/www.editionsloco.com\/biographie\/maire\/#breadcrumb"},"inLanguage":"en-US","potentialAction":[{"@type":"ReadAction","target":["https:\/\/www.editionsloco.com\/biographie\/maire\/"]}]},{"@type":"ImageObject","inLanguage":"en-US","@id":"https:\/\/www.editionsloco.com\/biographie\/maire\/#primaryimage","url":"https:\/\/www.editionsloco.com\/wp-content\/uploads\/2018\/05\/VERONIQUE-MAIRE.jpg","contentUrl":"https:\/\/www.editionsloco.com\/wp-content\/uploads\/2018\/05\/VERONIQUE-MAIRE.jpg","width":320,"height":320},{"@type":"BreadcrumbList","@id":"https:\/\/www.editionsloco.com\/biographie\/maire\/#breadcrumb","itemListElement":[{"@type":"ListItem","position":1,"name":"Accueil","item":"https:\/\/www.editionsloco.com\/en\/"},{"@type":"ListItem","position":2,"name":"Maire"}]},{"@type":"WebSite","@id":"https:\/\/www.editionsloco.com\/#website","url":"https:\/\/www.editionsloco.com\/","name":"Editions LOCO","description":"","potentialAction":[{"@type":"SearchAction","target":{"@type":"EntryPoint","urlTemplate":"https:\/\/www.editionsloco.com\/?s={search_term_string}"},"query-input":{"@type":"PropertyValueSpecification","valueRequired":true,"valueName":"search_term_string"}}],"inLanguage":"en-US"}]}},"_links":{"self":[{"href":"https:\/\/www.editionsloco.com\/en\/wp-json\/wp\/v2\/biographie\/14248","targetHints":{"allow":["GET"]}}],"collection":[{"href":"https:\/\/www.editionsloco.com\/en\/wp-json\/wp\/v2\/biographie"}],"about":[{"href":"https:\/\/www.editionsloco.com\/en\/wp-json\/wp\/v2\/types\/biographie"}],"author":[{"embeddable":true,"href":"https:\/\/www.editionsloco.com\/en\/wp-json\/wp\/v2\/users\/13"}],"version-history":[{"count":1,"href":"https:\/\/www.editionsloco.com\/en\/wp-json\/wp\/v2\/biographie\/14248\/revisions"}],"predecessor-version":[{"id":21299,"href":"https:\/\/www.editionsloco.com\/en\/wp-json\/wp\/v2\/biographie\/14248\/revisions\/21299"}],"wp:featuredmedia":[{"embeddable":true,"href":"https:\/\/www.editionsloco.com\/en\/wp-json\/wp\/v2\/media\/21297"}],"wp:attachment":[{"href":"https:\/\/www.editionsloco.com\/en\/wp-json\/wp\/v2\/media?parent=14248"}],"curies":[{"name":"wp","href":"https:\/\/api.w.org\/{rel}","templated":true}]}}

<p>Designer, elle débute sa carrière au sein du studio de création Andrée Putman et y développe des produits et du mobilier pour la maison. Depuis 2015, en tant que titulaire de la chaire IDIS, elle anime, fédère et médiatise les différentes actions de la chaire, tout en menant des projets de recherche avec les étudiants de master design objet.</p>

<!-- This site is optimized with the Yoast SEO plugin v27.1.1 - https://yoast.com/product/yoast-seo-wordpress/ -->
<title>Maire - Editions LOCO</title>
<meta name="robots" content="index, follow, max-snippet:-1, max-image-preview:large, max-video-preview:-1" />
<link rel="canonical" href="https://www.editionsloco.com/biographie/maire/" />
<meta property="og:locale" content="en_US" />
<meta property="og:type" content="article" />
<meta property="og:title" content="Maire - Editions LOCO" />
<meta property="og:description" content="Designer, elle débute sa carrière au sein du studio de création Andrée Putman et y développe des produits et du mobilier pour la maison. Depuis [&hellip;]" />
<meta property="og:url" content="https://www.editionsloco.com/biographie/maire/" />
<meta property="og:site_name" content="Editions LOCO" />
<meta property="article:modified_time" content="2024-07-09T14:08:47+00:00" />
<meta property="og:image" content="https://www.editionsloco.com/wp-content/uploads/2018/05/VERONIQUE-MAIRE.jpg" />
	<meta property="og:image:width" content="320" />
	<meta property="og:image:height" content="320" />
	<meta property="og:image:type" content="image/jpeg" />
<meta name="twitter:card" content="summary_large_image" />
<script type="application/ld+json" class="yoast-schema-graph">{"@context":"https://schema.org","@graph":[{"@type":"WebPage","@id":"https://www.editionsloco.com/biographie/maire/","url":"https://www.editionsloco.com/biographie/maire/","name":"Maire - Editions LOCO","isPartOf":{"@id":"https://www.editionsloco.com/#website"},"primaryImageOfPage":{"@id":"https://www.editionsloco.com/biographie/maire/#primaryimage"},"image":{"@id":"https://www.editionsloco.com/biographie/maire/#primaryimage"},"thumbnailUrl":"https://www.editionsloco.com/wp-content/uploads/2018/05/VERONIQUE-MAIRE.jpg","datePublished":"2018-05-29T16:19:14+00:00","dateModified":"2024-07-09T14:08:47+00:00","breadcrumb":{"@id":"https://www.editionsloco.com/biographie/maire/#breadcrumb"},"inLanguage":"en-US","potentialAction":[{"@type":"ReadAction","target":["https://www.editionsloco.com/biographie/maire/"]}]},{"@type":"ImageObject","inLanguage":"en-US","@id":"https://www.editionsloco.com/biographie/maire/#primaryimage","url":"https://www.editionsloco.com/wp-content/uploads/2018/05/VERONIQUE-MAIRE.jpg","contentUrl":"https://www.editionsloco.com/wp-content/uploads/2018/05/VERONIQUE-MAIRE.jpg","width":320,"height":320},{"@type":"BreadcrumbList","@id":"https://www.editionsloco.com/biographie/maire/#breadcrumb","itemListElement":[{"@type":"ListItem","position":1,"name":"Accueil","item":"https://www.editionsloco.com/en/"},{"@type":"ListItem","position":2,"name":"Maire"}]},{"@type":"WebSite","@id":"https://www.editionsloco.com/#website","url":"https://www.editionsloco.com/","name":"Editions LOCO","description":"","potentialAction":[{"@type":"SearchAction","target":{"@type":"EntryPoint","urlTemplate":"https://www.editionsloco.com/?s={search_term_string}"},"query-input":{"@type":"PropertyValueSpecification","valueRequired":true,"valueName":"search_term_string"}}],"inLanguage":"en-US"}]}</script>
<!-- / Yoast SEO plugin. -->

Designer, elle débute sa carrière au sein du studio de création Andrée Putman et y développe des produits et du mobilier pour la maison. Depuis [&hellip;]
