{"id":14120,"date":"2017-12-04T17:21:40","date_gmt":"2017-12-04T16:21:40","guid":{"rendered":"https:\/\/www.editionsloco.com\/\/samson\/"},"modified":"2017-12-04T17:21:40","modified_gmt":"2017-12-04T16:21:40","slug":"samson","status":"publish","type":"biographie","link":"https:\/\/www.editionsloco.com\/en\/biographie\/samson\/","title":{"rendered":"Samson"},"content":{"rendered":"<p>H\u00e9l\u00e8ne Samson (Ph.D.) est conservatrice de la collection Photographie du Mus\u00e9e McCord \u00e0 Montr\u00e9al (Qu\u00e9bec) depuis 2006. Dipl\u00f4m\u00e9e en histoire de l&#8217;art \u00e0 l&#8217;Universit\u00e9 de Montr\u00e9al, elle a r\u00e9alis\u00e9 au Mus\u00e9e McCord plus d&#8217;une vingtaine d\u2019expositions portant sur l\u2019\u0153uvre de photographes contemporains et du XIXe si\u00e8cle. Elle est \u00e9galement l&#8217;auteure du livre <em>Notman, photographe visionnaire \/ Notman: 1 Visionary Photographer<\/em>, Paris, Hazan \/ Montr\u00e9al, Mus\u00e9e McCord, 2016, et de plusieurs articles sur l&#8217;histoire et la th\u00e9orie du portrait photographique. Elle s&#8217;int\u00e9resse maintenant \u00e0 l&#8217;actualisation et \u00e0 l&#8217;exposition des archives photographiques, ainsi qu&#8217;\u00e0 l&#8217;histoire technique et sociale de la photographie vernaculaire.<\/p>\n","protected":false},"author":13,"featured_media":0,"template":"","format":"standard","meta":{"_acf_changed":false,"footnotes":""},"class_list":["post-14120","biographie","type-biographie","status-publish","format-standard","hentry"],"acf":[],"yoast_head":"<!-- This site is optimized with the Yoast SEO plugin v27.1.1 - https:\/\/yoast.com\/product\/yoast-seo-wordpress\/ -->\n<title>Samson - Editions LOCO<\/title>\n<meta name=\"robots\" content=\"index, follow, max-snippet:-1, max-image-preview:large, max-video-preview:-1\" \/>\n<link rel=\"canonical\" href=\"https:\/\/www.editionsloco.com\/biographie\/samson\/\" \/>\n<meta property=\"og:locale\" content=\"en_US\" \/>\n<meta property=\"og:type\" content=\"article\" \/>\n<meta property=\"og:title\" content=\"Samson - Editions LOCO\" \/>\n<meta property=\"og:description\" content=\"H\u00e9l\u00e8ne Samson (Ph.D.) est conservatrice de la collection Photographie du Mus\u00e9e McCord \u00e0 Montr\u00e9al (Qu\u00e9bec) depuis 2006. Dipl\u00f4m\u00e9e en histoire de l&#8217;art \u00e0 l&#8217;Universit\u00e9 de [&hellip;]\" \/>\n<meta property=\"og:url\" content=\"https:\/\/www.editionsloco.com\/biographie\/samson\/\" \/>\n<meta property=\"og:site_name\" content=\"Editions LOCO\" \/>\n<meta name=\"twitter:card\" content=\"summary_large_image\" \/>\n<meta name=\"twitter:label1\" content=\"Est. reading time\" \/>\n\t<meta name=\"twitter:data1\" content=\"1 minute\" \/>\n<script type=\"application\/ld+json\" class=\"yoast-schema-graph\">{\"@context\":\"https:\/\/schema.org\",\"@graph\":[{\"@type\":\"WebPage\",\"@id\":\"https:\/\/www.editionsloco.com\/biographie\/samson\/\",\"url\":\"https:\/\/www.editionsloco.com\/biographie\/samson\/\",\"name\":\"Samson - Editions LOCO\",\"isPartOf\":{\"@id\":\"https:\/\/www.editionsloco.com\/#website\"},\"datePublished\":\"2017-12-04T16:21:40+00:00\",\"breadcrumb\":{\"@id\":\"https:\/\/www.editionsloco.com\/biographie\/samson\/#breadcrumb\"},\"inLanguage\":\"en-US\",\"potentialAction\":[{\"@type\":\"ReadAction\",\"target\":[\"https:\/\/www.editionsloco.com\/biographie\/samson\/\"]}]},{\"@type\":\"BreadcrumbList\",\"@id\":\"https:\/\/www.editionsloco.com\/biographie\/samson\/#breadcrumb\",\"itemListElement\":[{\"@type\":\"ListItem\",\"position\":1,\"name\":\"Accueil\",\"item\":\"https:\/\/www.editionsloco.com\/en\/\"},{\"@type\":\"ListItem\",\"position\":2,\"name\":\"Samson\"}]},{\"@type\":\"WebSite\",\"@id\":\"https:\/\/www.editionsloco.com\/#website\",\"url\":\"https:\/\/www.editionsloco.com\/\",\"name\":\"Editions LOCO\",\"description\":\"\",\"potentialAction\":[{\"@type\":\"SearchAction\",\"target\":{\"@type\":\"EntryPoint\",\"urlTemplate\":\"https:\/\/www.editionsloco.com\/?s={search_term_string}\"},\"query-input\":{\"@type\":\"PropertyValueSpecification\",\"valueRequired\":true,\"valueName\":\"search_term_string\"}}],\"inLanguage\":\"en-US\"}]}<\/script>\n<!-- \/ Yoast SEO plugin. -->","yoast_head_json":{"title":"Samson - Editions LOCO","robots":{"index":"index","follow":"follow","max-snippet":"max-snippet:-1","max-image-preview":"max-image-preview:large","max-video-preview":"max-video-preview:-1"},"canonical":"https:\/\/www.editionsloco.com\/biographie\/samson\/","og_locale":"en_US","og_type":"article","og_title":"Samson - Editions LOCO","og_description":"H\u00e9l\u00e8ne Samson (Ph.D.) est conservatrice de la collection Photographie du Mus\u00e9e McCord \u00e0 Montr\u00e9al (Qu\u00e9bec) depuis 2006. Dipl\u00f4m\u00e9e en histoire de l&#8217;art \u00e0 l&#8217;Universit\u00e9 de [&hellip;]","og_url":"https:\/\/www.editionsloco.com\/biographie\/samson\/","og_site_name":"Editions LOCO","twitter_card":"summary_large_image","twitter_misc":{"Est. reading time":"1 minute"},"schema":{"@context":"https:\/\/schema.org","@graph":[{"@type":"WebPage","@id":"https:\/\/www.editionsloco.com\/biographie\/samson\/","url":"https:\/\/www.editionsloco.com\/biographie\/samson\/","name":"Samson - Editions LOCO","isPartOf":{"@id":"https:\/\/www.editionsloco.com\/#website"},"datePublished":"2017-12-04T16:21:40+00:00","breadcrumb":{"@id":"https:\/\/www.editionsloco.com\/biographie\/samson\/#breadcrumb"},"inLanguage":"en-US","potentialAction":[{"@type":"ReadAction","target":["https:\/\/www.editionsloco.com\/biographie\/samson\/"]}]},{"@type":"BreadcrumbList","@id":"https:\/\/www.editionsloco.com\/biographie\/samson\/#breadcrumb","itemListElement":[{"@type":"ListItem","position":1,"name":"Accueil","item":"https:\/\/www.editionsloco.com\/en\/"},{"@type":"ListItem","position":2,"name":"Samson"}]},{"@type":"WebSite","@id":"https:\/\/www.editionsloco.com\/#website","url":"https:\/\/www.editionsloco.com\/","name":"Editions LOCO","description":"","potentialAction":[{"@type":"SearchAction","target":{"@type":"EntryPoint","urlTemplate":"https:\/\/www.editionsloco.com\/?s={search_term_string}"},"query-input":{"@type":"PropertyValueSpecification","valueRequired":true,"valueName":"search_term_string"}}],"inLanguage":"en-US"}]}},"_links":{"self":[{"href":"https:\/\/www.editionsloco.com\/en\/wp-json\/wp\/v2\/biographie\/14120","targetHints":{"allow":["GET"]}}],"collection":[{"href":"https:\/\/www.editionsloco.com\/en\/wp-json\/wp\/v2\/biographie"}],"about":[{"href":"https:\/\/www.editionsloco.com\/en\/wp-json\/wp\/v2\/types\/biographie"}],"author":[{"embeddable":true,"href":"https:\/\/www.editionsloco.com\/en\/wp-json\/wp\/v2\/users\/13"}],"version-history":[{"count":0,"href":"https:\/\/www.editionsloco.com\/en\/wp-json\/wp\/v2\/biographie\/14120\/revisions"}],"wp:attachment":[{"href":"https:\/\/www.editionsloco.com\/en\/wp-json\/wp\/v2\/media?parent=14120"}],"curies":[{"name":"wp","href":"https:\/\/api.w.org\/{rel}","templated":true}]}}

<p>Hélène Samson (Ph.D.) est conservatrice de la collection Photographie du Musée McCord à Montréal (Québec) depuis 2006. Diplômée en histoire de l&#8217;art à l&#8217;Université de Montréal, elle a réalisé au Musée McCord plus d&#8217;une vingtaine d’expositions portant sur l’œuvre de photographes contemporains et du XIXe siècle. Elle est également l&#8217;auteure du livre <em>Notman, photographe visionnaire / Notman: 1 Visionary Photographer</em>, Paris, Hazan / Montréal, Musée McCord, 2016, et de plusieurs articles sur l&#8217;histoire et la théorie du portrait photographique. Elle s&#8217;intéresse maintenant à l&#8217;actualisation et à l&#8217;exposition des archives photographiques, ainsi qu&#8217;à l&#8217;histoire technique et sociale de la photographie vernaculaire.</p>

<!-- This site is optimized with the Yoast SEO plugin v27.1.1 - https://yoast.com/product/yoast-seo-wordpress/ -->
<title>Samson - Editions LOCO</title>
<meta name="robots" content="index, follow, max-snippet:-1, max-image-preview:large, max-video-preview:-1" />
<link rel="canonical" href="https://www.editionsloco.com/biographie/samson/" />
<meta property="og:locale" content="en_US" />
<meta property="og:type" content="article" />
<meta property="og:title" content="Samson - Editions LOCO" />
<meta property="og:description" content="Hélène Samson (Ph.D.) est conservatrice de la collection Photographie du Musée McCord à Montréal (Québec) depuis 2006. Diplômée en histoire de l&#8217;art à l&#8217;Université de [&hellip;]" />
<meta property="og:url" content="https://www.editionsloco.com/biographie/samson/" />
<meta property="og:site_name" content="Editions LOCO" />
<meta name="twitter:card" content="summary_large_image" />
<meta name="twitter:label1" content="Est. reading time" />
	<meta name="twitter:data1" content="1 minute" />
<script type="application/ld+json" class="yoast-schema-graph">{"@context":"https://schema.org","@graph":[{"@type":"WebPage","@id":"https://www.editionsloco.com/biographie/samson/","url":"https://www.editionsloco.com/biographie/samson/","name":"Samson - Editions LOCO","isPartOf":{"@id":"https://www.editionsloco.com/#website"},"datePublished":"2017-12-04T16:21:40+00:00","breadcrumb":{"@id":"https://www.editionsloco.com/biographie/samson/#breadcrumb"},"inLanguage":"en-US","potentialAction":[{"@type":"ReadAction","target":["https://www.editionsloco.com/biographie/samson/"]}]},{"@type":"BreadcrumbList","@id":"https://www.editionsloco.com/biographie/samson/#breadcrumb","itemListElement":[{"@type":"ListItem","position":1,"name":"Accueil","item":"https://www.editionsloco.com/en/"},{"@type":"ListItem","position":2,"name":"Samson"}]},{"@type":"WebSite","@id":"https://www.editionsloco.com/#website","url":"https://www.editionsloco.com/","name":"Editions LOCO","description":"","potentialAction":[{"@type":"SearchAction","target":{"@type":"EntryPoint","urlTemplate":"https://www.editionsloco.com/?s={search_term_string}"},"query-input":{"@type":"PropertyValueSpecification","valueRequired":true,"valueName":"search_term_string"}}],"inLanguage":"en-US"}]}</script>
<!-- / Yoast SEO plugin. -->

Hélène Samson (Ph.D.) est conservatrice de la collection Photographie du Musée McCord à Montréal (Québec) depuis 2006. Diplômée en histoire de l&#8217;art à l&#8217;Université de [&hellip;]
