{"id":13654,"date":"2017-01-09T17:09:22","date_gmt":"2017-01-09T16:09:22","guid":{"rendered":"https:\/\/www.editionsloco.com\/\/dexheimer\/"},"modified":"2017-01-09T17:09:22","modified_gmt":"2017-01-09T16:09:22","slug":"dexheimer","status":"publish","type":"biographie","link":"https:\/\/www.editionsloco.com\/en\/biographie\/dexheimer\/","title":{"rendered":"Dexheimer"},"content":{"rendered":"<p>Pour \u00c9ric Dexheimer, la photographie est ce qu\u2019il reste de visible et de transmissible de ses exp\u00e9riences, entre politique et esth\u00e9tique, la vie des uns et le savoir des autres. Ses parcours l\u2019ont conduit dans l\u2019univers des autistes, dans l\u2019intimit\u00e9 de personnes \u00e2g\u00e9es, de personnes en situation de handicap, dans la banlieue de Paris, de Maubeuge, aupr\u00e8s des enfants des rues dans le monde. Ces travaux ont tous donn\u00e9 lieu \u00e0 des ouvrages et \u00e0 des expositions dont les plus prestigieuses ont \u00e9t\u00e9 pr\u00e9sent\u00e9es \u00e0 la Biblioth\u00e8que nationale de France et \u00e0 l\u2019Unesco. Ils figurent dans des collections publiques et priv\u00e9es. Il est repr\u00e9sent\u00e9 par Signatures, maison de photographes.<\/p>\n","protected":false},"author":13,"featured_media":13653,"template":"","format":"standard","meta":{"_acf_changed":false,"footnotes":""},"class_list":["post-13654","biographie","type-biographie","status-publish","format-standard","has-post-thumbnail","hentry"],"acf":[],"yoast_head":"<!-- This site is optimized with the Yoast SEO plugin v27.1.1 - https:\/\/yoast.com\/product\/yoast-seo-wordpress\/ -->\n<title>Dexheimer - Editions LOCO<\/title>\n<meta name=\"robots\" content=\"index, follow, max-snippet:-1, max-image-preview:large, max-video-preview:-1\" \/>\n<link rel=\"canonical\" href=\"https:\/\/www.editionsloco.com\/biographie\/dexheimer\/\" \/>\n<meta property=\"og:locale\" content=\"en_US\" \/>\n<meta property=\"og:type\" content=\"article\" \/>\n<meta property=\"og:title\" content=\"Dexheimer - Editions LOCO\" \/>\n<meta property=\"og:description\" content=\"Pour \u00c9ric Dexheimer, la photographie est ce qu\u2019il reste de visible et de transmissible de ses exp\u00e9riences, entre politique et esth\u00e9tique, la vie des uns [&hellip;]\" \/>\n<meta property=\"og:url\" content=\"https:\/\/www.editionsloco.com\/biographie\/dexheimer\/\" \/>\n<meta property=\"og:site_name\" content=\"Editions LOCO\" \/>\n<meta property=\"og:image\" content=\"https:\/\/www.editionsloco.com\/wp-content\/uploads\/2017\/01\/arton550-326.jpg\" \/>\n\t<meta property=\"og:image:width\" content=\"200\" \/>\n\t<meta property=\"og:image:height\" content=\"200\" \/>\n\t<meta property=\"og:image:type\" content=\"image\/jpeg\" \/>\n<meta name=\"twitter:card\" content=\"summary_large_image\" \/>\n<meta name=\"twitter:label1\" content=\"Est. reading time\" \/>\n\t<meta name=\"twitter:data1\" content=\"1 minute\" \/>\n<script type=\"application\/ld+json\" class=\"yoast-schema-graph\">{\"@context\":\"https:\/\/schema.org\",\"@graph\":[{\"@type\":\"WebPage\",\"@id\":\"https:\/\/www.editionsloco.com\/biographie\/dexheimer\/\",\"url\":\"https:\/\/www.editionsloco.com\/biographie\/dexheimer\/\",\"name\":\"Dexheimer - Editions LOCO\",\"isPartOf\":{\"@id\":\"https:\/\/www.editionsloco.com\/#website\"},\"primaryImageOfPage\":{\"@id\":\"https:\/\/www.editionsloco.com\/biographie\/dexheimer\/#primaryimage\"},\"image\":{\"@id\":\"https:\/\/www.editionsloco.com\/biographie\/dexheimer\/#primaryimage\"},\"thumbnailUrl\":\"https:\/\/www.editionsloco.com\/wp-content\/uploads\/2017\/01\/arton550-326.jpg\",\"datePublished\":\"2017-01-09T16:09:22+00:00\",\"breadcrumb\":{\"@id\":\"https:\/\/www.editionsloco.com\/biographie\/dexheimer\/#breadcrumb\"},\"inLanguage\":\"en-US\",\"potentialAction\":[{\"@type\":\"ReadAction\",\"target\":[\"https:\/\/www.editionsloco.com\/biographie\/dexheimer\/\"]}]},{\"@type\":\"ImageObject\",\"inLanguage\":\"en-US\",\"@id\":\"https:\/\/www.editionsloco.com\/biographie\/dexheimer\/#primaryimage\",\"url\":\"https:\/\/www.editionsloco.com\/wp-content\/uploads\/2017\/01\/arton550-326.jpg\",\"contentUrl\":\"https:\/\/www.editionsloco.com\/wp-content\/uploads\/2017\/01\/arton550-326.jpg\",\"width\":200,\"height\":200},{\"@type\":\"BreadcrumbList\",\"@id\":\"https:\/\/www.editionsloco.com\/biographie\/dexheimer\/#breadcrumb\",\"itemListElement\":[{\"@type\":\"ListItem\",\"position\":1,\"name\":\"Accueil\",\"item\":\"https:\/\/www.editionsloco.com\/en\/\"},{\"@type\":\"ListItem\",\"position\":2,\"name\":\"Dexheimer\"}]},{\"@type\":\"WebSite\",\"@id\":\"https:\/\/www.editionsloco.com\/#website\",\"url\":\"https:\/\/www.editionsloco.com\/\",\"name\":\"Editions LOCO\",\"description\":\"\",\"potentialAction\":[{\"@type\":\"SearchAction\",\"target\":{\"@type\":\"EntryPoint\",\"urlTemplate\":\"https:\/\/www.editionsloco.com\/?s={search_term_string}\"},\"query-input\":{\"@type\":\"PropertyValueSpecification\",\"valueRequired\":true,\"valueName\":\"search_term_string\"}}],\"inLanguage\":\"en-US\"}]}<\/script>\n<!-- \/ Yoast SEO plugin. -->","yoast_head_json":{"title":"Dexheimer - Editions LOCO","robots":{"index":"index","follow":"follow","max-snippet":"max-snippet:-1","max-image-preview":"max-image-preview:large","max-video-preview":"max-video-preview:-1"},"canonical":"https:\/\/www.editionsloco.com\/biographie\/dexheimer\/","og_locale":"en_US","og_type":"article","og_title":"Dexheimer - Editions LOCO","og_description":"Pour \u00c9ric Dexheimer, la photographie est ce qu\u2019il reste de visible et de transmissible de ses exp\u00e9riences, entre politique et esth\u00e9tique, la vie des uns [&hellip;]","og_url":"https:\/\/www.editionsloco.com\/biographie\/dexheimer\/","og_site_name":"Editions LOCO","og_image":[{"width":200,"height":200,"url":"https:\/\/www.editionsloco.com\/wp-content\/uploads\/2017\/01\/arton550-326.jpg","type":"image\/jpeg"}],"twitter_card":"summary_large_image","twitter_misc":{"Est. reading time":"1 minute"},"schema":{"@context":"https:\/\/schema.org","@graph":[{"@type":"WebPage","@id":"https:\/\/www.editionsloco.com\/biographie\/dexheimer\/","url":"https:\/\/www.editionsloco.com\/biographie\/dexheimer\/","name":"Dexheimer - Editions LOCO","isPartOf":{"@id":"https:\/\/www.editionsloco.com\/#website"},"primaryImageOfPage":{"@id":"https:\/\/www.editionsloco.com\/biographie\/dexheimer\/#primaryimage"},"image":{"@id":"https:\/\/www.editionsloco.com\/biographie\/dexheimer\/#primaryimage"},"thumbnailUrl":"https:\/\/www.editionsloco.com\/wp-content\/uploads\/2017\/01\/arton550-326.jpg","datePublished":"2017-01-09T16:09:22+00:00","breadcrumb":{"@id":"https:\/\/www.editionsloco.com\/biographie\/dexheimer\/#breadcrumb"},"inLanguage":"en-US","potentialAction":[{"@type":"ReadAction","target":["https:\/\/www.editionsloco.com\/biographie\/dexheimer\/"]}]},{"@type":"ImageObject","inLanguage":"en-US","@id":"https:\/\/www.editionsloco.com\/biographie\/dexheimer\/#primaryimage","url":"https:\/\/www.editionsloco.com\/wp-content\/uploads\/2017\/01\/arton550-326.jpg","contentUrl":"https:\/\/www.editionsloco.com\/wp-content\/uploads\/2017\/01\/arton550-326.jpg","width":200,"height":200},{"@type":"BreadcrumbList","@id":"https:\/\/www.editionsloco.com\/biographie\/dexheimer\/#breadcrumb","itemListElement":[{"@type":"ListItem","position":1,"name":"Accueil","item":"https:\/\/www.editionsloco.com\/en\/"},{"@type":"ListItem","position":2,"name":"Dexheimer"}]},{"@type":"WebSite","@id":"https:\/\/www.editionsloco.com\/#website","url":"https:\/\/www.editionsloco.com\/","name":"Editions LOCO","description":"","potentialAction":[{"@type":"SearchAction","target":{"@type":"EntryPoint","urlTemplate":"https:\/\/www.editionsloco.com\/?s={search_term_string}"},"query-input":{"@type":"PropertyValueSpecification","valueRequired":true,"valueName":"search_term_string"}}],"inLanguage":"en-US"}]}},"_links":{"self":[{"href":"https:\/\/www.editionsloco.com\/en\/wp-json\/wp\/v2\/biographie\/13654","targetHints":{"allow":["GET"]}}],"collection":[{"href":"https:\/\/www.editionsloco.com\/en\/wp-json\/wp\/v2\/biographie"}],"about":[{"href":"https:\/\/www.editionsloco.com\/en\/wp-json\/wp\/v2\/types\/biographie"}],"author":[{"embeddable":true,"href":"https:\/\/www.editionsloco.com\/en\/wp-json\/wp\/v2\/users\/13"}],"version-history":[{"count":0,"href":"https:\/\/www.editionsloco.com\/en\/wp-json\/wp\/v2\/biographie\/13654\/revisions"}],"wp:featuredmedia":[{"embeddable":true,"href":"https:\/\/www.editionsloco.com\/en\/wp-json\/wp\/v2\/media\/13653"}],"wp:attachment":[{"href":"https:\/\/www.editionsloco.com\/en\/wp-json\/wp\/v2\/media?parent=13654"}],"curies":[{"name":"wp","href":"https:\/\/api.w.org\/{rel}","templated":true}]}}

<p>Pour Éric Dexheimer, la photographie est ce qu’il reste de visible et de transmissible de ses expériences, entre politique et esthétique, la vie des uns et le savoir des autres. Ses parcours l’ont conduit dans l’univers des autistes, dans l’intimité de personnes âgées, de personnes en situation de handicap, dans la banlieue de Paris, de Maubeuge, auprès des enfants des rues dans le monde. Ces travaux ont tous donné lieu à des ouvrages et à des expositions dont les plus prestigieuses ont été présentées à la Bibliothèque nationale de France et à l’Unesco. Ils figurent dans des collections publiques et privées. Il est représenté par Signatures, maison de photographes.</p>

<!-- This site is optimized with the Yoast SEO plugin v27.1.1 - https://yoast.com/product/yoast-seo-wordpress/ -->
<title>Dexheimer - Editions LOCO</title>
<meta name="robots" content="index, follow, max-snippet:-1, max-image-preview:large, max-video-preview:-1" />
<link rel="canonical" href="https://www.editionsloco.com/biographie/dexheimer/" />
<meta property="og:locale" content="en_US" />
<meta property="og:type" content="article" />
<meta property="og:title" content="Dexheimer - Editions LOCO" />
<meta property="og:description" content="Pour Éric Dexheimer, la photographie est ce qu’il reste de visible et de transmissible de ses expériences, entre politique et esthétique, la vie des uns [&hellip;]" />
<meta property="og:url" content="https://www.editionsloco.com/biographie/dexheimer/" />
<meta property="og:site_name" content="Editions LOCO" />
<meta property="og:image" content="https://www.editionsloco.com/wp-content/uploads/2017/01/arton550-326.jpg" />
	<meta property="og:image:width" content="200" />
	<meta property="og:image:height" content="200" />
	<meta property="og:image:type" content="image/jpeg" />
<meta name="twitter:card" content="summary_large_image" />
<meta name="twitter:label1" content="Est. reading time" />
	<meta name="twitter:data1" content="1 minute" />
<script type="application/ld+json" class="yoast-schema-graph">{"@context":"https://schema.org","@graph":[{"@type":"WebPage","@id":"https://www.editionsloco.com/biographie/dexheimer/","url":"https://www.editionsloco.com/biographie/dexheimer/","name":"Dexheimer - Editions LOCO","isPartOf":{"@id":"https://www.editionsloco.com/#website"},"primaryImageOfPage":{"@id":"https://www.editionsloco.com/biographie/dexheimer/#primaryimage"},"image":{"@id":"https://www.editionsloco.com/biographie/dexheimer/#primaryimage"},"thumbnailUrl":"https://www.editionsloco.com/wp-content/uploads/2017/01/arton550-326.jpg","datePublished":"2017-01-09T16:09:22+00:00","breadcrumb":{"@id":"https://www.editionsloco.com/biographie/dexheimer/#breadcrumb"},"inLanguage":"en-US","potentialAction":[{"@type":"ReadAction","target":["https://www.editionsloco.com/biographie/dexheimer/"]}]},{"@type":"ImageObject","inLanguage":"en-US","@id":"https://www.editionsloco.com/biographie/dexheimer/#primaryimage","url":"https://www.editionsloco.com/wp-content/uploads/2017/01/arton550-326.jpg","contentUrl":"https://www.editionsloco.com/wp-content/uploads/2017/01/arton550-326.jpg","width":200,"height":200},{"@type":"BreadcrumbList","@id":"https://www.editionsloco.com/biographie/dexheimer/#breadcrumb","itemListElement":[{"@type":"ListItem","position":1,"name":"Accueil","item":"https://www.editionsloco.com/en/"},{"@type":"ListItem","position":2,"name":"Dexheimer"}]},{"@type":"WebSite","@id":"https://www.editionsloco.com/#website","url":"https://www.editionsloco.com/","name":"Editions LOCO","description":"","potentialAction":[{"@type":"SearchAction","target":{"@type":"EntryPoint","urlTemplate":"https://www.editionsloco.com/?s={search_term_string}"},"query-input":{"@type":"PropertyValueSpecification","valueRequired":true,"valueName":"search_term_string"}}],"inLanguage":"en-US"}]}</script>
<!-- / Yoast SEO plugin. -->

Pour Éric Dexheimer, la photographie est ce qu’il reste de visible et de transmissible de ses expériences, entre politique et esthétique, la vie des uns [&hellip;]
