{"id":12810,"date":"2014-05-05T11:48:58","date_gmt":"2014-05-05T09:48:58","guid":{"rendered":"https:\/\/www.editionsloco.com\/\/manez\/"},"modified":"2014-05-05T11:48:58","modified_gmt":"2014-05-05T09:48:58","slug":"manez","status":"publish","type":"biographie","link":"https:\/\/www.editionsloco.com\/en\/biographie\/manez\/","title":{"rendered":"Manez"},"content":{"rendered":"<p>Anne Favret et Patrick Manez sont n\u00e9s en 1964 et travaillent ensemble \u00e0 leurs projets photographiques. La pr\u00e9occupation du paysage est au centre de leur recherche. Jusqu\u2019\u00e0 pr\u00e9sent, leurs sujets avaient toujours \u00e9t\u00e9 des villes assez importantes du point de vue de leur superficie et de leur histoire (Alexandrie, Rotterdam, Montreuil, G\u00eanes, Berlin, Bruxelles\u2026).<br \/>\nPour <em>Les Arpenteurs<\/em>, ils ont remis en question l\u2019unit\u00e9 formelle qui caract\u00e9risait la plupart de leurs travaux pr\u00e9c\u00e9dents, d\u2019une part en cr\u00e9ant le maximum de rupture dans le corpus des images (diversit\u00e9 des sujets, distance de prise de vue, choix d\u00e9lib\u00e9r\u00e9 d\u2019\u00e9clairages tr\u00e8s diff\u00e9rents), d\u2019autre part en sugg\u00e9rant une impression de dilatation du temps et de l\u2019espace afin de donner le sentiment d\u2019un territoire beaucoup plus vaste et d\u2019un temps d\u00e9cal\u00e9. Leurs oeuvres sont r\u00e9guli\u00e8rement expos\u00e9es en France et \u00e0 l\u2019\u00e9tranger et ont int\u00e9gr\u00e9 d\u2019importantes collections telles que ABN Amro, la Maison europ\u00e9enne de la photographie, l\u2019Institut du Monde arabe, etc.<br \/>\nIls ont d\u00e9j\u00e0 publi\u00e9 plusieurs ouvrages : Alexandrie aux \u00e9ditions Hazan, Conscience du paysage au Mus\u00e9e de l\u2019histoire vivante, et plusieurs ouvrages collectifs.<\/p>\n","protected":false},"author":13,"featured_media":0,"template":"","format":"standard","meta":{"_acf_changed":false,"footnotes":""},"class_list":["post-12810","biographie","type-biographie","status-publish","format-standard","hentry"],"acf":[],"yoast_head":"<!-- This site is optimized with the Yoast SEO plugin v27.1.1 - https:\/\/yoast.com\/product\/yoast-seo-wordpress\/ -->\n<title>Manez - Editions LOCO<\/title>\n<meta name=\"robots\" content=\"index, follow, max-snippet:-1, max-image-preview:large, max-video-preview:-1\" \/>\n<link rel=\"canonical\" href=\"https:\/\/www.editionsloco.com\/biographie\/manez\/\" \/>\n<meta property=\"og:locale\" content=\"en_US\" \/>\n<meta property=\"og:type\" content=\"article\" \/>\n<meta property=\"og:title\" content=\"Manez - Editions LOCO\" \/>\n<meta property=\"og:description\" content=\"Anne Favret et Patrick Manez sont n\u00e9s en 1964 et travaillent ensemble \u00e0 leurs projets photographiques. La pr\u00e9occupation du paysage est au centre de leur [&hellip;]\" \/>\n<meta property=\"og:url\" content=\"https:\/\/www.editionsloco.com\/biographie\/manez\/\" \/>\n<meta property=\"og:site_name\" content=\"Editions LOCO\" \/>\n<meta name=\"twitter:card\" content=\"summary_large_image\" \/>\n<meta name=\"twitter:label1\" content=\"Est. reading time\" \/>\n\t<meta name=\"twitter:data1\" content=\"1 minute\" \/>\n<script type=\"application\/ld+json\" class=\"yoast-schema-graph\">{\"@context\":\"https:\/\/schema.org\",\"@graph\":[{\"@type\":\"WebPage\",\"@id\":\"https:\/\/www.editionsloco.com\/biographie\/manez\/\",\"url\":\"https:\/\/www.editionsloco.com\/biographie\/manez\/\",\"name\":\"Manez - Editions LOCO\",\"isPartOf\":{\"@id\":\"https:\/\/www.editionsloco.com\/#website\"},\"datePublished\":\"2014-05-05T09:48:58+00:00\",\"breadcrumb\":{\"@id\":\"https:\/\/www.editionsloco.com\/biographie\/manez\/#breadcrumb\"},\"inLanguage\":\"en-US\",\"potentialAction\":[{\"@type\":\"ReadAction\",\"target\":[\"https:\/\/www.editionsloco.com\/biographie\/manez\/\"]}]},{\"@type\":\"BreadcrumbList\",\"@id\":\"https:\/\/www.editionsloco.com\/biographie\/manez\/#breadcrumb\",\"itemListElement\":[{\"@type\":\"ListItem\",\"position\":1,\"name\":\"Accueil\",\"item\":\"https:\/\/www.editionsloco.com\/en\/\"},{\"@type\":\"ListItem\",\"position\":2,\"name\":\"Manez\"}]},{\"@type\":\"WebSite\",\"@id\":\"https:\/\/www.editionsloco.com\/#website\",\"url\":\"https:\/\/www.editionsloco.com\/\",\"name\":\"Editions LOCO\",\"description\":\"\",\"potentialAction\":[{\"@type\":\"SearchAction\",\"target\":{\"@type\":\"EntryPoint\",\"urlTemplate\":\"https:\/\/www.editionsloco.com\/?s={search_term_string}\"},\"query-input\":{\"@type\":\"PropertyValueSpecification\",\"valueRequired\":true,\"valueName\":\"search_term_string\"}}],\"inLanguage\":\"en-US\"}]}<\/script>\n<!-- \/ Yoast SEO plugin. -->","yoast_head_json":{"title":"Manez - Editions LOCO","robots":{"index":"index","follow":"follow","max-snippet":"max-snippet:-1","max-image-preview":"max-image-preview:large","max-video-preview":"max-video-preview:-1"},"canonical":"https:\/\/www.editionsloco.com\/biographie\/manez\/","og_locale":"en_US","og_type":"article","og_title":"Manez - Editions LOCO","og_description":"Anne Favret et Patrick Manez sont n\u00e9s en 1964 et travaillent ensemble \u00e0 leurs projets photographiques. La pr\u00e9occupation du paysage est au centre de leur [&hellip;]","og_url":"https:\/\/www.editionsloco.com\/biographie\/manez\/","og_site_name":"Editions LOCO","twitter_card":"summary_large_image","twitter_misc":{"Est. reading time":"1 minute"},"schema":{"@context":"https:\/\/schema.org","@graph":[{"@type":"WebPage","@id":"https:\/\/www.editionsloco.com\/biographie\/manez\/","url":"https:\/\/www.editionsloco.com\/biographie\/manez\/","name":"Manez - Editions LOCO","isPartOf":{"@id":"https:\/\/www.editionsloco.com\/#website"},"datePublished":"2014-05-05T09:48:58+00:00","breadcrumb":{"@id":"https:\/\/www.editionsloco.com\/biographie\/manez\/#breadcrumb"},"inLanguage":"en-US","potentialAction":[{"@type":"ReadAction","target":["https:\/\/www.editionsloco.com\/biographie\/manez\/"]}]},{"@type":"BreadcrumbList","@id":"https:\/\/www.editionsloco.com\/biographie\/manez\/#breadcrumb","itemListElement":[{"@type":"ListItem","position":1,"name":"Accueil","item":"https:\/\/www.editionsloco.com\/en\/"},{"@type":"ListItem","position":2,"name":"Manez"}]},{"@type":"WebSite","@id":"https:\/\/www.editionsloco.com\/#website","url":"https:\/\/www.editionsloco.com\/","name":"Editions LOCO","description":"","potentialAction":[{"@type":"SearchAction","target":{"@type":"EntryPoint","urlTemplate":"https:\/\/www.editionsloco.com\/?s={search_term_string}"},"query-input":{"@type":"PropertyValueSpecification","valueRequired":true,"valueName":"search_term_string"}}],"inLanguage":"en-US"}]}},"_links":{"self":[{"href":"https:\/\/www.editionsloco.com\/en\/wp-json\/wp\/v2\/biographie\/12810","targetHints":{"allow":["GET"]}}],"collection":[{"href":"https:\/\/www.editionsloco.com\/en\/wp-json\/wp\/v2\/biographie"}],"about":[{"href":"https:\/\/www.editionsloco.com\/en\/wp-json\/wp\/v2\/types\/biographie"}],"author":[{"embeddable":true,"href":"https:\/\/www.editionsloco.com\/en\/wp-json\/wp\/v2\/users\/13"}],"version-history":[{"count":0,"href":"https:\/\/www.editionsloco.com\/en\/wp-json\/wp\/v2\/biographie\/12810\/revisions"}],"wp:attachment":[{"href":"https:\/\/www.editionsloco.com\/en\/wp-json\/wp\/v2\/media?parent=12810"}],"curies":[{"name":"wp","href":"https:\/\/api.w.org\/{rel}","templated":true}]}}

<p>Anne Favret et Patrick Manez sont nés en 1964 et travaillent ensemble à leurs projets photographiques. La préoccupation du paysage est au centre de leur recherche. Jusqu’à présent, leurs sujets avaient toujours été des villes assez importantes du point de vue de leur superficie et de leur histoire (Alexandrie, Rotterdam, Montreuil, Gênes, Berlin, Bruxelles…).<br />
Pour <em>Les Arpenteurs</em>, ils ont remis en question l’unité formelle qui caractérisait la plupart de leurs travaux précédents, d’une part en créant le maximum de rupture dans le corpus des images (diversité des sujets, distance de prise de vue, choix délibéré d’éclairages très différents), d’autre part en suggérant une impression de dilatation du temps et de l’espace afin de donner le sentiment d’un territoire beaucoup plus vaste et d’un temps décalé. Leurs oeuvres sont régulièrement exposées en France et à l’étranger et ont intégré d’importantes collections telles que ABN Amro, la Maison européenne de la photographie, l’Institut du Monde arabe, etc.<br />
Ils ont déjà publié plusieurs ouvrages : Alexandrie aux éditions Hazan, Conscience du paysage au Musée de l’histoire vivante, et plusieurs ouvrages collectifs.</p>

<!-- This site is optimized with the Yoast SEO plugin v27.1.1 - https://yoast.com/product/yoast-seo-wordpress/ -->
<title>Manez - Editions LOCO</title>
<meta name="robots" content="index, follow, max-snippet:-1, max-image-preview:large, max-video-preview:-1" />
<link rel="canonical" href="https://www.editionsloco.com/biographie/manez/" />
<meta property="og:locale" content="en_US" />
<meta property="og:type" content="article" />
<meta property="og:title" content="Manez - Editions LOCO" />
<meta property="og:description" content="Anne Favret et Patrick Manez sont nés en 1964 et travaillent ensemble à leurs projets photographiques. La préoccupation du paysage est au centre de leur [&hellip;]" />
<meta property="og:url" content="https://www.editionsloco.com/biographie/manez/" />
<meta property="og:site_name" content="Editions LOCO" />
<meta name="twitter:card" content="summary_large_image" />
<meta name="twitter:label1" content="Est. reading time" />
	<meta name="twitter:data1" content="1 minute" />
<script type="application/ld+json" class="yoast-schema-graph">{"@context":"https://schema.org","@graph":[{"@type":"WebPage","@id":"https://www.editionsloco.com/biographie/manez/","url":"https://www.editionsloco.com/biographie/manez/","name":"Manez - Editions LOCO","isPartOf":{"@id":"https://www.editionsloco.com/#website"},"datePublished":"2014-05-05T09:48:58+00:00","breadcrumb":{"@id":"https://www.editionsloco.com/biographie/manez/#breadcrumb"},"inLanguage":"en-US","potentialAction":[{"@type":"ReadAction","target":["https://www.editionsloco.com/biographie/manez/"]}]},{"@type":"BreadcrumbList","@id":"https://www.editionsloco.com/biographie/manez/#breadcrumb","itemListElement":[{"@type":"ListItem","position":1,"name":"Accueil","item":"https://www.editionsloco.com/en/"},{"@type":"ListItem","position":2,"name":"Manez"}]},{"@type":"WebSite","@id":"https://www.editionsloco.com/#website","url":"https://www.editionsloco.com/","name":"Editions LOCO","description":"","potentialAction":[{"@type":"SearchAction","target":{"@type":"EntryPoint","urlTemplate":"https://www.editionsloco.com/?s={search_term_string}"},"query-input":{"@type":"PropertyValueSpecification","valueRequired":true,"valueName":"search_term_string"}}],"inLanguage":"en-US"}]}</script>
<!-- / Yoast SEO plugin. -->

Anne Favret et Patrick Manez sont nés en 1964 et travaillent ensemble à leurs projets photographiques. La préoccupation du paysage est au centre de leur [&hellip;]
