{"id":12358,"date":"2012-05-22T15:35:37","date_gmt":"2012-05-22T13:35:37","guid":{"rendered":"https:\/\/www.editionsloco.com\/\/girard\/"},"modified":"2024-01-05T11:59:14","modified_gmt":"2024-01-05T10:59:14","slug":"girard","status":"publish","type":"biographie","link":"https:\/\/www.editionsloco.com\/en\/biographie\/girard\/","title":{"rendered":"Girard"},"content":{"rendered":"<p>Dipl\u00f4m\u00e9 de l&#8217;Institut d&#8217;\u00e9tudes politiques de Paris en 1974, <strong>Thierry Girard<\/strong> choisit d&#8217;emprunter les chemins de traverse et commence \u00e0 photographier, \u00e0 partir de 1976.<\/p>\n<p>Au d\u00e9but des ann\u00e9es 1980, il s&#8217;efforce de mettre en place les codes esth\u00e9tiques d&#8217;une photographie tr\u00e8s influenc\u00e9e par les am\u00e9ricains Walker Evans, ou Lee Friedlander, \u00e0 mi-chemin entre le style documentaire et une vision plus personnelle, qui traduit sa propre interpr\u00e9tation du monde.<\/p>\n<p>Il entreprend alors une exploration du paysage en construisant des itin\u00e9raires, dont le fil conducteur peut \u00eatre g\u00e9ographique, mais \u00e9galement faire r\u00e9f\u00e9rence \u00e0 des pr\u00e9textes litt\u00e9raires ou artistiques\u00a0: <em>Jaillissement &amp; dissolution<\/em>, <em>La Route du T\u014dkaid\u014d,<\/em> ou <em>La Grande diagonale<\/em> en Chine sur les tr\u00e2ces de Victor Segalen).<\/p>\n<p>Ces itin\u00e9raires sont autant de pr\u00e9textes \u00e0 une qu\u00eate int\u00e9rieure, \u00e0 la recherche de \u00ab\u00a0signes\u00a0\u00bb qu&#8217;il va capter dans une interpr\u00e9tation tr\u00e8s personnelle de l&#8217;espace. Sa vision s&#8217;est peu \u00e0 peu d\u00e9pouill\u00e9e au point de devenir, au d\u00e9but des ann\u00e9es 1990, tr\u00e8s minimaliste et de traduire une po\u00e9tique de l&#8217;espace nourrie par les notions de limite, de seuil, de franchissement. Cela deviendra une constante dans son travail, constante qu&#8217;il saura renouveler dans ses projets de la fin de la d\u00e9cennie et des ann\u00e9es 2000 au Japon, en Chine, et, en 2010-2011, en Inde par l&#8217;introduction de la couleur, le retour \u00e0 un paysage plus urbain et contemporain, et la r\u00e9introduction de l&#8217;\u00e9l\u00e9ment humain.<\/p>\n<p><a href=\"http:\/\/www.thierrygirard.com\/\">&gt; Le site de Thierry Girard<\/a><\/p>\n","protected":false},"author":13,"featured_media":12357,"template":"","format":"standard","meta":{"_acf_changed":false,"footnotes":""},"class_list":["post-12358","biographie","type-biographie","status-publish","format-standard","has-post-thumbnail","hentry"],"acf":[],"yoast_head":"<!-- This site is optimized with the Yoast SEO plugin v27.1.1 - https:\/\/yoast.com\/product\/yoast-seo-wordpress\/ -->\n<title>Girard - Editions LOCO<\/title>\n<meta name=\"robots\" content=\"index, follow, max-snippet:-1, max-image-preview:large, max-video-preview:-1\" \/>\n<link rel=\"canonical\" href=\"https:\/\/www.editionsloco.com\/biographie\/girard\/\" \/>\n<meta property=\"og:locale\" content=\"en_US\" \/>\n<meta property=\"og:type\" content=\"article\" \/>\n<meta property=\"og:title\" content=\"Girard - Editions LOCO\" \/>\n<meta property=\"og:description\" content=\"Dipl\u00f4m\u00e9 de l&#8217;Institut d&#8217;\u00e9tudes politiques de Paris en 1974, Thierry Girard choisit d&#8217;emprunter les chemins de traverse et commence \u00e0 photographier, \u00e0 partir de 1976. [&hellip;]\" \/>\n<meta property=\"og:url\" content=\"https:\/\/www.editionsloco.com\/biographie\/girard\/\" \/>\n<meta property=\"og:site_name\" content=\"Editions LOCO\" \/>\n<meta property=\"article:modified_time\" content=\"2024-01-05T10:59:14+00:00\" \/>\n<meta property=\"og:image\" content=\"https:\/\/www.editionsloco.com\/wp-content\/uploads\/2012\/05\/arton82-433.jpg\" \/>\n\t<meta property=\"og:image:width\" content=\"500\" \/>\n\t<meta property=\"og:image:height\" content=\"459\" \/>\n\t<meta property=\"og:image:type\" content=\"image\/jpeg\" \/>\n<meta name=\"twitter:card\" content=\"summary_large_image\" \/>\n<meta name=\"twitter:label1\" content=\"Est. reading time\" \/>\n\t<meta name=\"twitter:data1\" content=\"1 minute\" \/>\n<script type=\"application\/ld+json\" class=\"yoast-schema-graph\">{\"@context\":\"https:\/\/schema.org\",\"@graph\":[{\"@type\":\"WebPage\",\"@id\":\"https:\/\/www.editionsloco.com\/biographie\/girard\/\",\"url\":\"https:\/\/www.editionsloco.com\/biographie\/girard\/\",\"name\":\"Girard - Editions LOCO\",\"isPartOf\":{\"@id\":\"https:\/\/www.editionsloco.com\/#website\"},\"primaryImageOfPage\":{\"@id\":\"https:\/\/www.editionsloco.com\/biographie\/girard\/#primaryimage\"},\"image\":{\"@id\":\"https:\/\/www.editionsloco.com\/biographie\/girard\/#primaryimage\"},\"thumbnailUrl\":\"https:\/\/www.editionsloco.com\/wp-content\/uploads\/2012\/05\/arton82-433.jpg\",\"datePublished\":\"2012-05-22T13:35:37+00:00\",\"dateModified\":\"2024-01-05T10:59:14+00:00\",\"breadcrumb\":{\"@id\":\"https:\/\/www.editionsloco.com\/biographie\/girard\/#breadcrumb\"},\"inLanguage\":\"en-US\",\"potentialAction\":[{\"@type\":\"ReadAction\",\"target\":[\"https:\/\/www.editionsloco.com\/biographie\/girard\/\"]}]},{\"@type\":\"ImageObject\",\"inLanguage\":\"en-US\",\"@id\":\"https:\/\/www.editionsloco.com\/biographie\/girard\/#primaryimage\",\"url\":\"https:\/\/www.editionsloco.com\/wp-content\/uploads\/2012\/05\/arton82-433.jpg\",\"contentUrl\":\"https:\/\/www.editionsloco.com\/wp-content\/uploads\/2012\/05\/arton82-433.jpg\",\"width\":500,\"height\":459},{\"@type\":\"BreadcrumbList\",\"@id\":\"https:\/\/www.editionsloco.com\/biographie\/girard\/#breadcrumb\",\"itemListElement\":[{\"@type\":\"ListItem\",\"position\":1,\"name\":\"Accueil\",\"item\":\"https:\/\/www.editionsloco.com\/en\/\"},{\"@type\":\"ListItem\",\"position\":2,\"name\":\"Girard\"}]},{\"@type\":\"WebSite\",\"@id\":\"https:\/\/www.editionsloco.com\/#website\",\"url\":\"https:\/\/www.editionsloco.com\/\",\"name\":\"Editions LOCO\",\"description\":\"\",\"potentialAction\":[{\"@type\":\"SearchAction\",\"target\":{\"@type\":\"EntryPoint\",\"urlTemplate\":\"https:\/\/www.editionsloco.com\/?s={search_term_string}\"},\"query-input\":{\"@type\":\"PropertyValueSpecification\",\"valueRequired\":true,\"valueName\":\"search_term_string\"}}],\"inLanguage\":\"en-US\"}]}<\/script>\n<!-- \/ Yoast SEO plugin. -->","yoast_head_json":{"title":"Girard - Editions LOCO","robots":{"index":"index","follow":"follow","max-snippet":"max-snippet:-1","max-image-preview":"max-image-preview:large","max-video-preview":"max-video-preview:-1"},"canonical":"https:\/\/www.editionsloco.com\/biographie\/girard\/","og_locale":"en_US","og_type":"article","og_title":"Girard - Editions LOCO","og_description":"Dipl\u00f4m\u00e9 de l&#8217;Institut d&#8217;\u00e9tudes politiques de Paris en 1974, Thierry Girard choisit d&#8217;emprunter les chemins de traverse et commence \u00e0 photographier, \u00e0 partir de 1976. [&hellip;]","og_url":"https:\/\/www.editionsloco.com\/biographie\/girard\/","og_site_name":"Editions LOCO","article_modified_time":"2024-01-05T10:59:14+00:00","og_image":[{"width":500,"height":459,"url":"https:\/\/www.editionsloco.com\/wp-content\/uploads\/2012\/05\/arton82-433.jpg","type":"image\/jpeg"}],"twitter_card":"summary_large_image","twitter_misc":{"Est. reading time":"1 minute"},"schema":{"@context":"https:\/\/schema.org","@graph":[{"@type":"WebPage","@id":"https:\/\/www.editionsloco.com\/biographie\/girard\/","url":"https:\/\/www.editionsloco.com\/biographie\/girard\/","name":"Girard - Editions LOCO","isPartOf":{"@id":"https:\/\/www.editionsloco.com\/#website"},"primaryImageOfPage":{"@id":"https:\/\/www.editionsloco.com\/biographie\/girard\/#primaryimage"},"image":{"@id":"https:\/\/www.editionsloco.com\/biographie\/girard\/#primaryimage"},"thumbnailUrl":"https:\/\/www.editionsloco.com\/wp-content\/uploads\/2012\/05\/arton82-433.jpg","datePublished":"2012-05-22T13:35:37+00:00","dateModified":"2024-01-05T10:59:14+00:00","breadcrumb":{"@id":"https:\/\/www.editionsloco.com\/biographie\/girard\/#breadcrumb"},"inLanguage":"en-US","potentialAction":[{"@type":"ReadAction","target":["https:\/\/www.editionsloco.com\/biographie\/girard\/"]}]},{"@type":"ImageObject","inLanguage":"en-US","@id":"https:\/\/www.editionsloco.com\/biographie\/girard\/#primaryimage","url":"https:\/\/www.editionsloco.com\/wp-content\/uploads\/2012\/05\/arton82-433.jpg","contentUrl":"https:\/\/www.editionsloco.com\/wp-content\/uploads\/2012\/05\/arton82-433.jpg","width":500,"height":459},{"@type":"BreadcrumbList","@id":"https:\/\/www.editionsloco.com\/biographie\/girard\/#breadcrumb","itemListElement":[{"@type":"ListItem","position":1,"name":"Accueil","item":"https:\/\/www.editionsloco.com\/en\/"},{"@type":"ListItem","position":2,"name":"Girard"}]},{"@type":"WebSite","@id":"https:\/\/www.editionsloco.com\/#website","url":"https:\/\/www.editionsloco.com\/","name":"Editions LOCO","description":"","potentialAction":[{"@type":"SearchAction","target":{"@type":"EntryPoint","urlTemplate":"https:\/\/www.editionsloco.com\/?s={search_term_string}"},"query-input":{"@type":"PropertyValueSpecification","valueRequired":true,"valueName":"search_term_string"}}],"inLanguage":"en-US"}]}},"_links":{"self":[{"href":"https:\/\/www.editionsloco.com\/en\/wp-json\/wp\/v2\/biographie\/12358","targetHints":{"allow":["GET"]}}],"collection":[{"href":"https:\/\/www.editionsloco.com\/en\/wp-json\/wp\/v2\/biographie"}],"about":[{"href":"https:\/\/www.editionsloco.com\/en\/wp-json\/wp\/v2\/types\/biographie"}],"author":[{"embeddable":true,"href":"https:\/\/www.editionsloco.com\/en\/wp-json\/wp\/v2\/users\/13"}],"version-history":[{"count":0,"href":"https:\/\/www.editionsloco.com\/en\/wp-json\/wp\/v2\/biographie\/12358\/revisions"}],"wp:featuredmedia":[{"embeddable":true,"href":"https:\/\/www.editionsloco.com\/en\/wp-json\/wp\/v2\/media\/12357"}],"wp:attachment":[{"href":"https:\/\/www.editionsloco.com\/en\/wp-json\/wp\/v2\/media?parent=12358"}],"curies":[{"name":"wp","href":"https:\/\/api.w.org\/{rel}","templated":true}]}}

<p>Diplômé de l&#8217;Institut d&#8217;études politiques de Paris en 1974, <strong>Thierry Girard</strong> choisit d&#8217;emprunter les chemins de traverse et commence à photographier, à partir de 1976.</p>
<p>Au début des années 1980, il s&#8217;efforce de mettre en place les codes esthétiques d&#8217;une photographie très influencée par les américains Walker Evans, ou Lee Friedlander, à mi-chemin entre le style documentaire et une vision plus personnelle, qui traduit sa propre interprétation du monde.</p>
<p>Il entreprend alors une exploration du paysage en construisant des itinéraires, dont le fil conducteur peut être géographique, mais également faire référence à des prétextes littéraires ou artistiques : <em>Jaillissement &amp; dissolution</em>, <em>La Route du Tōkaidō,</em> ou <em>La Grande diagonale</em> en Chine sur les trâces de Victor Segalen).</p>
<p>Ces itinéraires sont autant de prétextes à une quête intérieure, à la recherche de « signes » qu&#8217;il va capter dans une interprétation très personnelle de l&#8217;espace. Sa vision s&#8217;est peu à peu dépouillée au point de devenir, au début des années 1990, très minimaliste et de traduire une poétique de l&#8217;espace nourrie par les notions de limite, de seuil, de franchissement. Cela deviendra une constante dans son travail, constante qu&#8217;il saura renouveler dans ses projets de la fin de la décennie et des années 2000 au Japon, en Chine, et, en 2010-2011, en Inde par l&#8217;introduction de la couleur, le retour à un paysage plus urbain et contemporain, et la réintroduction de l&#8217;élément humain.</p>
<p><a href="http://www.thierrygirard.com/">&gt; Le site de Thierry Girard</a></p>

<!-- This site is optimized with the Yoast SEO plugin v27.1.1 - https://yoast.com/product/yoast-seo-wordpress/ -->
<title>Girard - Editions LOCO</title>
<meta name="robots" content="index, follow, max-snippet:-1, max-image-preview:large, max-video-preview:-1" />
<link rel="canonical" href="https://www.editionsloco.com/biographie/girard/" />
<meta property="og:locale" content="en_US" />
<meta property="og:type" content="article" />
<meta property="og:title" content="Girard - Editions LOCO" />
<meta property="og:description" content="Diplômé de l&#8217;Institut d&#8217;études politiques de Paris en 1974, Thierry Girard choisit d&#8217;emprunter les chemins de traverse et commence à photographier, à partir de 1976. [&hellip;]" />
<meta property="og:url" content="https://www.editionsloco.com/biographie/girard/" />
<meta property="og:site_name" content="Editions LOCO" />
<meta property="article:modified_time" content="2024-01-05T10:59:14+00:00" />
<meta property="og:image" content="https://www.editionsloco.com/wp-content/uploads/2012/05/arton82-433.jpg" />
	<meta property="og:image:width" content="500" />
	<meta property="og:image:height" content="459" />
	<meta property="og:image:type" content="image/jpeg" />
<meta name="twitter:card" content="summary_large_image" />
<meta name="twitter:label1" content="Est. reading time" />
	<meta name="twitter:data1" content="1 minute" />
<script type="application/ld+json" class="yoast-schema-graph">{"@context":"https://schema.org","@graph":[{"@type":"WebPage","@id":"https://www.editionsloco.com/biographie/girard/","url":"https://www.editionsloco.com/biographie/girard/","name":"Girard - Editions LOCO","isPartOf":{"@id":"https://www.editionsloco.com/#website"},"primaryImageOfPage":{"@id":"https://www.editionsloco.com/biographie/girard/#primaryimage"},"image":{"@id":"https://www.editionsloco.com/biographie/girard/#primaryimage"},"thumbnailUrl":"https://www.editionsloco.com/wp-content/uploads/2012/05/arton82-433.jpg","datePublished":"2012-05-22T13:35:37+00:00","dateModified":"2024-01-05T10:59:14+00:00","breadcrumb":{"@id":"https://www.editionsloco.com/biographie/girard/#breadcrumb"},"inLanguage":"en-US","potentialAction":[{"@type":"ReadAction","target":["https://www.editionsloco.com/biographie/girard/"]}]},{"@type":"ImageObject","inLanguage":"en-US","@id":"https://www.editionsloco.com/biographie/girard/#primaryimage","url":"https://www.editionsloco.com/wp-content/uploads/2012/05/arton82-433.jpg","contentUrl":"https://www.editionsloco.com/wp-content/uploads/2012/05/arton82-433.jpg","width":500,"height":459},{"@type":"BreadcrumbList","@id":"https://www.editionsloco.com/biographie/girard/#breadcrumb","itemListElement":[{"@type":"ListItem","position":1,"name":"Accueil","item":"https://www.editionsloco.com/en/"},{"@type":"ListItem","position":2,"name":"Girard"}]},{"@type":"WebSite","@id":"https://www.editionsloco.com/#website","url":"https://www.editionsloco.com/","name":"Editions LOCO","description":"","potentialAction":[{"@type":"SearchAction","target":{"@type":"EntryPoint","urlTemplate":"https://www.editionsloco.com/?s={search_term_string}"},"query-input":{"@type":"PropertyValueSpecification","valueRequired":true,"valueName":"search_term_string"}}],"inLanguage":"en-US"}]}</script>
<!-- / Yoast SEO plugin. -->

Diplômé de l&#8217;Institut d&#8217;études politiques de Paris en 1974, Thierry Girard choisit d&#8217;emprunter les chemins de traverse et commence à photographier, à partir de 1976. [&hellip;]
