{"id":12349,"date":"2012-05-22T15:34:49","date_gmt":"2012-05-22T13:34:49","guid":{"rendered":"https:\/\/www.editionsloco.com\/\/vollaire\/"},"modified":"2012-05-22T15:34:49","modified_gmt":"2012-05-22T13:34:49","slug":"vollaire","status":"publish","type":"biographie","link":"https:\/\/www.editionsloco.com\/en\/biographie\/vollaire\/","title":{"rendered":"Vollaire"},"content":{"rendered":"<p>Christiane Vollaire est philosophe. Chercheure associ\u00e9e au CNAM, membre du programme Non-lieux de l\u2019exil (Institut Convergences Migrations, EHESS), membre de la r\u00e9daction de la revue <em>Chim\u00e8res<\/em> et du Comit\u00e9 scientifique de la revue <em>\u00c9tudes balkaniques<\/em>. Croisant les enjeux de la philosophie esth\u00e9tique, politique et m\u00e9dicale, elle a forg\u00e9 un concept de la philosophie de terrain. Ouvrages parus : <em>Humanitaire, le c\u0153ur de la guerre<\/em> (ed. L\u2019Insulaire, Paris, 2007) ;  <em>Le Milieu de nulle part<\/em> (en collaboration avec le photographe Philippe Bazin), ed. Cr\u00e9aphis, 2012 ;  <em>Pour une philosophie de terrain<\/em>, ed. Cr\u00e9aphis, 2017.<\/p>\n","protected":false},"author":13,"featured_media":12348,"template":"","format":"standard","meta":{"_acf_changed":false,"footnotes":""},"class_list":["post-12349","biographie","type-biographie","status-publish","format-standard","has-post-thumbnail","hentry"],"acf":[],"yoast_head":"<!-- This site is optimized with the Yoast SEO plugin v27.1.1 - https:\/\/yoast.com\/product\/yoast-seo-wordpress\/ -->\n<title>Vollaire - Editions LOCO<\/title>\n<meta name=\"robots\" content=\"index, follow, max-snippet:-1, max-image-preview:large, max-video-preview:-1\" \/>\n<link rel=\"canonical\" href=\"https:\/\/www.editionsloco.com\/biographie\/vollaire\/\" \/>\n<meta property=\"og:locale\" content=\"en_US\" \/>\n<meta property=\"og:type\" content=\"article\" \/>\n<meta property=\"og:title\" content=\"Vollaire - Editions LOCO\" \/>\n<meta property=\"og:description\" content=\"Christiane Vollaire est philosophe. Chercheure associ\u00e9e au CNAM, membre du programme Non-lieux de l\u2019exil (Institut Convergences Migrations, EHESS), membre de la r\u00e9daction de la revue [&hellip;]\" \/>\n<meta property=\"og:url\" content=\"https:\/\/www.editionsloco.com\/biographie\/vollaire\/\" \/>\n<meta property=\"og:site_name\" content=\"Editions LOCO\" \/>\n<meta property=\"og:image\" content=\"https:\/\/www.editionsloco.com\/wp-content\/uploads\/2012\/05\/arton76-47e.jpg\" \/>\n\t<meta property=\"og:image:width\" content=\"425\" \/>\n\t<meta property=\"og:image:height\" content=\"492\" \/>\n\t<meta property=\"og:image:type\" content=\"image\/jpeg\" \/>\n<meta name=\"twitter:card\" content=\"summary_large_image\" \/>\n<script type=\"application\/ld+json\" class=\"yoast-schema-graph\">{\"@context\":\"https:\/\/schema.org\",\"@graph\":[{\"@type\":\"WebPage\",\"@id\":\"https:\/\/www.editionsloco.com\/biographie\/vollaire\/\",\"url\":\"https:\/\/www.editionsloco.com\/biographie\/vollaire\/\",\"name\":\"Vollaire - Editions LOCO\",\"isPartOf\":{\"@id\":\"https:\/\/www.editionsloco.com\/#website\"},\"primaryImageOfPage\":{\"@id\":\"https:\/\/www.editionsloco.com\/biographie\/vollaire\/#primaryimage\"},\"image\":{\"@id\":\"https:\/\/www.editionsloco.com\/biographie\/vollaire\/#primaryimage\"},\"thumbnailUrl\":\"https:\/\/www.editionsloco.com\/wp-content\/uploads\/2012\/05\/arton76-47e.jpg\",\"datePublished\":\"2012-05-22T13:34:49+00:00\",\"breadcrumb\":{\"@id\":\"https:\/\/www.editionsloco.com\/biographie\/vollaire\/#breadcrumb\"},\"inLanguage\":\"en-US\",\"potentialAction\":[{\"@type\":\"ReadAction\",\"target\":[\"https:\/\/www.editionsloco.com\/biographie\/vollaire\/\"]}]},{\"@type\":\"ImageObject\",\"inLanguage\":\"en-US\",\"@id\":\"https:\/\/www.editionsloco.com\/biographie\/vollaire\/#primaryimage\",\"url\":\"https:\/\/www.editionsloco.com\/wp-content\/uploads\/2012\/05\/arton76-47e.jpg\",\"contentUrl\":\"https:\/\/www.editionsloco.com\/wp-content\/uploads\/2012\/05\/arton76-47e.jpg\",\"width\":425,\"height\":492},{\"@type\":\"BreadcrumbList\",\"@id\":\"https:\/\/www.editionsloco.com\/biographie\/vollaire\/#breadcrumb\",\"itemListElement\":[{\"@type\":\"ListItem\",\"position\":1,\"name\":\"Accueil\",\"item\":\"https:\/\/www.editionsloco.com\/en\/\"},{\"@type\":\"ListItem\",\"position\":2,\"name\":\"Vollaire\"}]},{\"@type\":\"WebSite\",\"@id\":\"https:\/\/www.editionsloco.com\/#website\",\"url\":\"https:\/\/www.editionsloco.com\/\",\"name\":\"Editions LOCO\",\"description\":\"\",\"potentialAction\":[{\"@type\":\"SearchAction\",\"target\":{\"@type\":\"EntryPoint\",\"urlTemplate\":\"https:\/\/www.editionsloco.com\/?s={search_term_string}\"},\"query-input\":{\"@type\":\"PropertyValueSpecification\",\"valueRequired\":true,\"valueName\":\"search_term_string\"}}],\"inLanguage\":\"en-US\"}]}<\/script>\n<!-- \/ Yoast SEO plugin. -->","yoast_head_json":{"title":"Vollaire - Editions LOCO","robots":{"index":"index","follow":"follow","max-snippet":"max-snippet:-1","max-image-preview":"max-image-preview:large","max-video-preview":"max-video-preview:-1"},"canonical":"https:\/\/www.editionsloco.com\/biographie\/vollaire\/","og_locale":"en_US","og_type":"article","og_title":"Vollaire - Editions LOCO","og_description":"Christiane Vollaire est philosophe. Chercheure associ\u00e9e au CNAM, membre du programme Non-lieux de l\u2019exil (Institut Convergences Migrations, EHESS), membre de la r\u00e9daction de la revue [&hellip;]","og_url":"https:\/\/www.editionsloco.com\/biographie\/vollaire\/","og_site_name":"Editions LOCO","og_image":[{"width":425,"height":492,"url":"https:\/\/www.editionsloco.com\/wp-content\/uploads\/2012\/05\/arton76-47e.jpg","type":"image\/jpeg"}],"twitter_card":"summary_large_image","schema":{"@context":"https:\/\/schema.org","@graph":[{"@type":"WebPage","@id":"https:\/\/www.editionsloco.com\/biographie\/vollaire\/","url":"https:\/\/www.editionsloco.com\/biographie\/vollaire\/","name":"Vollaire - Editions LOCO","isPartOf":{"@id":"https:\/\/www.editionsloco.com\/#website"},"primaryImageOfPage":{"@id":"https:\/\/www.editionsloco.com\/biographie\/vollaire\/#primaryimage"},"image":{"@id":"https:\/\/www.editionsloco.com\/biographie\/vollaire\/#primaryimage"},"thumbnailUrl":"https:\/\/www.editionsloco.com\/wp-content\/uploads\/2012\/05\/arton76-47e.jpg","datePublished":"2012-05-22T13:34:49+00:00","breadcrumb":{"@id":"https:\/\/www.editionsloco.com\/biographie\/vollaire\/#breadcrumb"},"inLanguage":"en-US","potentialAction":[{"@type":"ReadAction","target":["https:\/\/www.editionsloco.com\/biographie\/vollaire\/"]}]},{"@type":"ImageObject","inLanguage":"en-US","@id":"https:\/\/www.editionsloco.com\/biographie\/vollaire\/#primaryimage","url":"https:\/\/www.editionsloco.com\/wp-content\/uploads\/2012\/05\/arton76-47e.jpg","contentUrl":"https:\/\/www.editionsloco.com\/wp-content\/uploads\/2012\/05\/arton76-47e.jpg","width":425,"height":492},{"@type":"BreadcrumbList","@id":"https:\/\/www.editionsloco.com\/biographie\/vollaire\/#breadcrumb","itemListElement":[{"@type":"ListItem","position":1,"name":"Accueil","item":"https:\/\/www.editionsloco.com\/en\/"},{"@type":"ListItem","position":2,"name":"Vollaire"}]},{"@type":"WebSite","@id":"https:\/\/www.editionsloco.com\/#website","url":"https:\/\/www.editionsloco.com\/","name":"Editions LOCO","description":"","potentialAction":[{"@type":"SearchAction","target":{"@type":"EntryPoint","urlTemplate":"https:\/\/www.editionsloco.com\/?s={search_term_string}"},"query-input":{"@type":"PropertyValueSpecification","valueRequired":true,"valueName":"search_term_string"}}],"inLanguage":"en-US"}]}},"_links":{"self":[{"href":"https:\/\/www.editionsloco.com\/en\/wp-json\/wp\/v2\/biographie\/12349","targetHints":{"allow":["GET"]}}],"collection":[{"href":"https:\/\/www.editionsloco.com\/en\/wp-json\/wp\/v2\/biographie"}],"about":[{"href":"https:\/\/www.editionsloco.com\/en\/wp-json\/wp\/v2\/types\/biographie"}],"author":[{"embeddable":true,"href":"https:\/\/www.editionsloco.com\/en\/wp-json\/wp\/v2\/users\/13"}],"version-history":[{"count":0,"href":"https:\/\/www.editionsloco.com\/en\/wp-json\/wp\/v2\/biographie\/12349\/revisions"}],"wp:featuredmedia":[{"embeddable":true,"href":"https:\/\/www.editionsloco.com\/en\/wp-json\/wp\/v2\/media\/12348"}],"wp:attachment":[{"href":"https:\/\/www.editionsloco.com\/en\/wp-json\/wp\/v2\/media?parent=12349"}],"curies":[{"name":"wp","href":"https:\/\/api.w.org\/{rel}","templated":true}]}}

<p>Christiane Vollaire est philosophe. Chercheure associée au CNAM, membre du programme Non-lieux de l’exil (Institut Convergences Migrations, EHESS), membre de la rédaction de la revue <em>Chimères</em> et du Comité scientifique de la revue <em>Études balkaniques</em>. Croisant les enjeux de la philosophie esthétique, politique et médicale, elle a forgé un concept de la philosophie de terrain. Ouvrages parus : <em>Humanitaire, le cœur de la guerre</em> (ed. L’Insulaire, Paris, 2007) ;  <em>Le Milieu de nulle part</em> (en collaboration avec le photographe Philippe Bazin), ed. Créaphis, 2012 ;  <em>Pour une philosophie de terrain</em>, ed. Créaphis, 2017.</p>

<!-- This site is optimized with the Yoast SEO plugin v27.1.1 - https://yoast.com/product/yoast-seo-wordpress/ -->
<title>Vollaire - Editions LOCO</title>
<meta name="robots" content="index, follow, max-snippet:-1, max-image-preview:large, max-video-preview:-1" />
<link rel="canonical" href="https://www.editionsloco.com/biographie/vollaire/" />
<meta property="og:locale" content="en_US" />
<meta property="og:type" content="article" />
<meta property="og:title" content="Vollaire - Editions LOCO" />
<meta property="og:description" content="Christiane Vollaire est philosophe. Chercheure associée au CNAM, membre du programme Non-lieux de l’exil (Institut Convergences Migrations, EHESS), membre de la rédaction de la revue [&hellip;]" />
<meta property="og:url" content="https://www.editionsloco.com/biographie/vollaire/" />
<meta property="og:site_name" content="Editions LOCO" />
<meta property="og:image" content="https://www.editionsloco.com/wp-content/uploads/2012/05/arton76-47e.jpg" />
	<meta property="og:image:width" content="425" />
	<meta property="og:image:height" content="492" />
	<meta property="og:image:type" content="image/jpeg" />
<meta name="twitter:card" content="summary_large_image" />
<script type="application/ld+json" class="yoast-schema-graph">{"@context":"https://schema.org","@graph":[{"@type":"WebPage","@id":"https://www.editionsloco.com/biographie/vollaire/","url":"https://www.editionsloco.com/biographie/vollaire/","name":"Vollaire - Editions LOCO","isPartOf":{"@id":"https://www.editionsloco.com/#website"},"primaryImageOfPage":{"@id":"https://www.editionsloco.com/biographie/vollaire/#primaryimage"},"image":{"@id":"https://www.editionsloco.com/biographie/vollaire/#primaryimage"},"thumbnailUrl":"https://www.editionsloco.com/wp-content/uploads/2012/05/arton76-47e.jpg","datePublished":"2012-05-22T13:34:49+00:00","breadcrumb":{"@id":"https://www.editionsloco.com/biographie/vollaire/#breadcrumb"},"inLanguage":"en-US","potentialAction":[{"@type":"ReadAction","target":["https://www.editionsloco.com/biographie/vollaire/"]}]},{"@type":"ImageObject","inLanguage":"en-US","@id":"https://www.editionsloco.com/biographie/vollaire/#primaryimage","url":"https://www.editionsloco.com/wp-content/uploads/2012/05/arton76-47e.jpg","contentUrl":"https://www.editionsloco.com/wp-content/uploads/2012/05/arton76-47e.jpg","width":425,"height":492},{"@type":"BreadcrumbList","@id":"https://www.editionsloco.com/biographie/vollaire/#breadcrumb","itemListElement":[{"@type":"ListItem","position":1,"name":"Accueil","item":"https://www.editionsloco.com/en/"},{"@type":"ListItem","position":2,"name":"Vollaire"}]},{"@type":"WebSite","@id":"https://www.editionsloco.com/#website","url":"https://www.editionsloco.com/","name":"Editions LOCO","description":"","potentialAction":[{"@type":"SearchAction","target":{"@type":"EntryPoint","urlTemplate":"https://www.editionsloco.com/?s={search_term_string}"},"query-input":{"@type":"PropertyValueSpecification","valueRequired":true,"valueName":"search_term_string"}}],"inLanguage":"en-US"}]}</script>
<!-- / Yoast SEO plugin. -->

Christiane Vollaire est philosophe. Chercheure associée au CNAM, membre du programme Non-lieux de l’exil (Institut Convergences Migrations, EHESS), membre de la rédaction de la revue [&hellip;]
