{"id":12297,"date":"2012-05-22T15:29:12","date_gmt":"2012-05-22T13:29:12","guid":{"rendered":"https:\/\/www.editionsloco.com\/\/poivert\/"},"modified":"2012-05-22T15:29:12","modified_gmt":"2012-05-22T13:29:12","slug":"poivert","status":"publish","type":"biographie","link":"https:\/\/www.editionsloco.com\/en\/biographie\/poivert\/","title":{"rendered":"Poivert"},"content":{"rendered":"<p>Professeur \u00e0 l\u2019Universit\u00e9 Paris I Panth\u00e9on-Sorbonne, <strong>Michel Poivert<\/strong> dirige l\u2019Unit\u00e9 de formation et de recherche Histoire de l\u2019art et Arch\u00e9ologie. Pr\u00e9sident de la Soci\u00e9t\u00e9 fran\u00e7aise de photographie membre de la r\u00e9daction de <em>La Revue de l\u2019Art<\/em> et de la revue <em>\u00c9tudes photographiques<\/em>. Il a notamment publi\u00e9 <em>Patrick Tosani<\/em> (Flammarion, 2011), <em>La photographie contemporaine<\/em> (Flammarion en 2002 et 2010), L\u2019image au service de la r\u00e9volution (Le Point du Jour \u00c9diteurs, 2006). Il a codirig\u00e9 avec Andr\u00e9 Gunthert <em>L\u2019Art de la photographie, des origines \u00e0 nos jours<\/em> (Citadelles et Mazenod, 2007).<\/p>\n","protected":false},"author":13,"featured_media":12296,"template":"","format":"standard","meta":{"_acf_changed":false,"footnotes":""},"class_list":["post-12297","biographie","type-biographie","status-publish","format-standard","has-post-thumbnail","hentry"],"acf":[],"yoast_head":"<!-- This site is optimized with the Yoast SEO plugin v27.1.1 - https:\/\/yoast.com\/product\/yoast-seo-wordpress\/ -->\n<title>Poivert - Editions LOCO<\/title>\n<meta name=\"robots\" content=\"index, follow, max-snippet:-1, max-image-preview:large, max-video-preview:-1\" \/>\n<link rel=\"canonical\" href=\"https:\/\/www.editionsloco.com\/biographie\/poivert\/\" \/>\n<meta property=\"og:locale\" content=\"en_US\" \/>\n<meta property=\"og:type\" content=\"article\" \/>\n<meta property=\"og:title\" content=\"Poivert - Editions LOCO\" \/>\n<meta property=\"og:description\" content=\"Professeur \u00e0 l\u2019Universit\u00e9 Paris I Panth\u00e9on-Sorbonne, Michel Poivert dirige l\u2019Unit\u00e9 de formation et de recherche Histoire de l\u2019art et Arch\u00e9ologie. Pr\u00e9sident de la Soci\u00e9t\u00e9 fran\u00e7aise [&hellip;]\" \/>\n<meta property=\"og:url\" content=\"https:\/\/www.editionsloco.com\/biographie\/poivert\/\" \/>\n<meta property=\"og:site_name\" content=\"Editions LOCO\" \/>\n<meta property=\"og:image\" content=\"https:\/\/www.editionsloco.com\/wp-content\/uploads\/2012\/05\/arton40-4e3.jpg\" \/>\n\t<meta property=\"og:image:width\" content=\"498\" \/>\n\t<meta property=\"og:image:height\" content=\"752\" \/>\n\t<meta property=\"og:image:type\" content=\"image\/jpeg\" \/>\n<meta name=\"twitter:card\" content=\"summary_large_image\" \/>\n<script type=\"application\/ld+json\" class=\"yoast-schema-graph\">{\"@context\":\"https:\/\/schema.org\",\"@graph\":[{\"@type\":\"WebPage\",\"@id\":\"https:\/\/www.editionsloco.com\/biographie\/poivert\/\",\"url\":\"https:\/\/www.editionsloco.com\/biographie\/poivert\/\",\"name\":\"Poivert - Editions LOCO\",\"isPartOf\":{\"@id\":\"https:\/\/www.editionsloco.com\/#website\"},\"primaryImageOfPage\":{\"@id\":\"https:\/\/www.editionsloco.com\/biographie\/poivert\/#primaryimage\"},\"image\":{\"@id\":\"https:\/\/www.editionsloco.com\/biographie\/poivert\/#primaryimage\"},\"thumbnailUrl\":\"https:\/\/www.editionsloco.com\/wp-content\/uploads\/2012\/05\/arton40-4e3.jpg\",\"datePublished\":\"2012-05-22T13:29:12+00:00\",\"breadcrumb\":{\"@id\":\"https:\/\/www.editionsloco.com\/biographie\/poivert\/#breadcrumb\"},\"inLanguage\":\"en-US\",\"potentialAction\":[{\"@type\":\"ReadAction\",\"target\":[\"https:\/\/www.editionsloco.com\/biographie\/poivert\/\"]}]},{\"@type\":\"ImageObject\",\"inLanguage\":\"en-US\",\"@id\":\"https:\/\/www.editionsloco.com\/biographie\/poivert\/#primaryimage\",\"url\":\"https:\/\/www.editionsloco.com\/wp-content\/uploads\/2012\/05\/arton40-4e3.jpg\",\"contentUrl\":\"https:\/\/www.editionsloco.com\/wp-content\/uploads\/2012\/05\/arton40-4e3.jpg\",\"width\":498,\"height\":752},{\"@type\":\"BreadcrumbList\",\"@id\":\"https:\/\/www.editionsloco.com\/biographie\/poivert\/#breadcrumb\",\"itemListElement\":[{\"@type\":\"ListItem\",\"position\":1,\"name\":\"Accueil\",\"item\":\"https:\/\/www.editionsloco.com\/en\/\"},{\"@type\":\"ListItem\",\"position\":2,\"name\":\"Poivert\"}]},{\"@type\":\"WebSite\",\"@id\":\"https:\/\/www.editionsloco.com\/#website\",\"url\":\"https:\/\/www.editionsloco.com\/\",\"name\":\"Editions LOCO\",\"description\":\"\",\"potentialAction\":[{\"@type\":\"SearchAction\",\"target\":{\"@type\":\"EntryPoint\",\"urlTemplate\":\"https:\/\/www.editionsloco.com\/?s={search_term_string}\"},\"query-input\":{\"@type\":\"PropertyValueSpecification\",\"valueRequired\":true,\"valueName\":\"search_term_string\"}}],\"inLanguage\":\"en-US\"}]}<\/script>\n<!-- \/ Yoast SEO plugin. -->","yoast_head_json":{"title":"Poivert - Editions LOCO","robots":{"index":"index","follow":"follow","max-snippet":"max-snippet:-1","max-image-preview":"max-image-preview:large","max-video-preview":"max-video-preview:-1"},"canonical":"https:\/\/www.editionsloco.com\/biographie\/poivert\/","og_locale":"en_US","og_type":"article","og_title":"Poivert - Editions LOCO","og_description":"Professeur \u00e0 l\u2019Universit\u00e9 Paris I Panth\u00e9on-Sorbonne, Michel Poivert dirige l\u2019Unit\u00e9 de formation et de recherche Histoire de l\u2019art et Arch\u00e9ologie. Pr\u00e9sident de la Soci\u00e9t\u00e9 fran\u00e7aise [&hellip;]","og_url":"https:\/\/www.editionsloco.com\/biographie\/poivert\/","og_site_name":"Editions LOCO","og_image":[{"width":498,"height":752,"url":"https:\/\/www.editionsloco.com\/wp-content\/uploads\/2012\/05\/arton40-4e3.jpg","type":"image\/jpeg"}],"twitter_card":"summary_large_image","schema":{"@context":"https:\/\/schema.org","@graph":[{"@type":"WebPage","@id":"https:\/\/www.editionsloco.com\/biographie\/poivert\/","url":"https:\/\/www.editionsloco.com\/biographie\/poivert\/","name":"Poivert - Editions LOCO","isPartOf":{"@id":"https:\/\/www.editionsloco.com\/#website"},"primaryImageOfPage":{"@id":"https:\/\/www.editionsloco.com\/biographie\/poivert\/#primaryimage"},"image":{"@id":"https:\/\/www.editionsloco.com\/biographie\/poivert\/#primaryimage"},"thumbnailUrl":"https:\/\/www.editionsloco.com\/wp-content\/uploads\/2012\/05\/arton40-4e3.jpg","datePublished":"2012-05-22T13:29:12+00:00","breadcrumb":{"@id":"https:\/\/www.editionsloco.com\/biographie\/poivert\/#breadcrumb"},"inLanguage":"en-US","potentialAction":[{"@type":"ReadAction","target":["https:\/\/www.editionsloco.com\/biographie\/poivert\/"]}]},{"@type":"ImageObject","inLanguage":"en-US","@id":"https:\/\/www.editionsloco.com\/biographie\/poivert\/#primaryimage","url":"https:\/\/www.editionsloco.com\/wp-content\/uploads\/2012\/05\/arton40-4e3.jpg","contentUrl":"https:\/\/www.editionsloco.com\/wp-content\/uploads\/2012\/05\/arton40-4e3.jpg","width":498,"height":752},{"@type":"BreadcrumbList","@id":"https:\/\/www.editionsloco.com\/biographie\/poivert\/#breadcrumb","itemListElement":[{"@type":"ListItem","position":1,"name":"Accueil","item":"https:\/\/www.editionsloco.com\/en\/"},{"@type":"ListItem","position":2,"name":"Poivert"}]},{"@type":"WebSite","@id":"https:\/\/www.editionsloco.com\/#website","url":"https:\/\/www.editionsloco.com\/","name":"Editions LOCO","description":"","potentialAction":[{"@type":"SearchAction","target":{"@type":"EntryPoint","urlTemplate":"https:\/\/www.editionsloco.com\/?s={search_term_string}"},"query-input":{"@type":"PropertyValueSpecification","valueRequired":true,"valueName":"search_term_string"}}],"inLanguage":"en-US"}]}},"_links":{"self":[{"href":"https:\/\/www.editionsloco.com\/en\/wp-json\/wp\/v2\/biographie\/12297","targetHints":{"allow":["GET"]}}],"collection":[{"href":"https:\/\/www.editionsloco.com\/en\/wp-json\/wp\/v2\/biographie"}],"about":[{"href":"https:\/\/www.editionsloco.com\/en\/wp-json\/wp\/v2\/types\/biographie"}],"author":[{"embeddable":true,"href":"https:\/\/www.editionsloco.com\/en\/wp-json\/wp\/v2\/users\/13"}],"version-history":[{"count":0,"href":"https:\/\/www.editionsloco.com\/en\/wp-json\/wp\/v2\/biographie\/12297\/revisions"}],"wp:featuredmedia":[{"embeddable":true,"href":"https:\/\/www.editionsloco.com\/en\/wp-json\/wp\/v2\/media\/12296"}],"wp:attachment":[{"href":"https:\/\/www.editionsloco.com\/en\/wp-json\/wp\/v2\/media?parent=12297"}],"curies":[{"name":"wp","href":"https:\/\/api.w.org\/{rel}","templated":true}]}}

<p>Professeur à l’Université Paris I Panthéon-Sorbonne, <strong>Michel Poivert</strong> dirige l’Unité de formation et de recherche Histoire de l’art et Archéologie. Président de la Société française de photographie membre de la rédaction de <em>La Revue de l’Art</em> et de la revue <em>Études photographiques</em>. Il a notamment publié <em>Patrick Tosani</em> (Flammarion, 2011), <em>La photographie contemporaine</em> (Flammarion en 2002 et 2010), L’image au service de la révolution (Le Point du Jour Éditeurs, 2006). Il a codirigé avec André Gunthert <em>L’Art de la photographie, des origines à nos jours</em> (Citadelles et Mazenod, 2007).</p>

<!-- This site is optimized with the Yoast SEO plugin v27.1.1 - https://yoast.com/product/yoast-seo-wordpress/ -->
<title>Poivert - Editions LOCO</title>
<meta name="robots" content="index, follow, max-snippet:-1, max-image-preview:large, max-video-preview:-1" />
<link rel="canonical" href="https://www.editionsloco.com/biographie/poivert/" />
<meta property="og:locale" content="en_US" />
<meta property="og:type" content="article" />
<meta property="og:title" content="Poivert - Editions LOCO" />
<meta property="og:description" content="Professeur à l’Université Paris I Panthéon-Sorbonne, Michel Poivert dirige l’Unité de formation et de recherche Histoire de l’art et Archéologie. Président de la Société française [&hellip;]" />
<meta property="og:url" content="https://www.editionsloco.com/biographie/poivert/" />
<meta property="og:site_name" content="Editions LOCO" />
<meta property="og:image" content="https://www.editionsloco.com/wp-content/uploads/2012/05/arton40-4e3.jpg" />
	<meta property="og:image:width" content="498" />
	<meta property="og:image:height" content="752" />
	<meta property="og:image:type" content="image/jpeg" />
<meta name="twitter:card" content="summary_large_image" />
<script type="application/ld+json" class="yoast-schema-graph">{"@context":"https://schema.org","@graph":[{"@type":"WebPage","@id":"https://www.editionsloco.com/biographie/poivert/","url":"https://www.editionsloco.com/biographie/poivert/","name":"Poivert - Editions LOCO","isPartOf":{"@id":"https://www.editionsloco.com/#website"},"primaryImageOfPage":{"@id":"https://www.editionsloco.com/biographie/poivert/#primaryimage"},"image":{"@id":"https://www.editionsloco.com/biographie/poivert/#primaryimage"},"thumbnailUrl":"https://www.editionsloco.com/wp-content/uploads/2012/05/arton40-4e3.jpg","datePublished":"2012-05-22T13:29:12+00:00","breadcrumb":{"@id":"https://www.editionsloco.com/biographie/poivert/#breadcrumb"},"inLanguage":"en-US","potentialAction":[{"@type":"ReadAction","target":["https://www.editionsloco.com/biographie/poivert/"]}]},{"@type":"ImageObject","inLanguage":"en-US","@id":"https://www.editionsloco.com/biographie/poivert/#primaryimage","url":"https://www.editionsloco.com/wp-content/uploads/2012/05/arton40-4e3.jpg","contentUrl":"https://www.editionsloco.com/wp-content/uploads/2012/05/arton40-4e3.jpg","width":498,"height":752},{"@type":"BreadcrumbList","@id":"https://www.editionsloco.com/biographie/poivert/#breadcrumb","itemListElement":[{"@type":"ListItem","position":1,"name":"Accueil","item":"https://www.editionsloco.com/en/"},{"@type":"ListItem","position":2,"name":"Poivert"}]},{"@type":"WebSite","@id":"https://www.editionsloco.com/#website","url":"https://www.editionsloco.com/","name":"Editions LOCO","description":"","potentialAction":[{"@type":"SearchAction","target":{"@type":"EntryPoint","urlTemplate":"https://www.editionsloco.com/?s={search_term_string}"},"query-input":{"@type":"PropertyValueSpecification","valueRequired":true,"valueName":"search_term_string"}}],"inLanguage":"en-US"}]}</script>
<!-- / Yoast SEO plugin. -->

Professeur à l’Université Paris I Panthéon-Sorbonne, Michel Poivert dirige l’Unité de formation et de recherche Histoire de l’art et Archéologie. Président de la Société française [&hellip;]
