{"id":12295,"date":"2012-05-22T15:29:15","date_gmt":"2012-05-22T13:29:15","guid":{"rendered":"https:\/\/www.editionsloco.com\/\/tremorin\/"},"modified":"2012-05-22T15:29:15","modified_gmt":"2012-05-22T13:29:15","slug":"tremorin","status":"publish","type":"biographie","link":"https:\/\/www.editionsloco.com\/en\/biographie\/tremorin\/","title":{"rendered":"Tr\u00e9morin"},"content":{"rendered":"<p><strong>Yves Tr\u00e9morin<\/strong> est n\u00e9 en 1959 \u00e0 Rennes. Apr\u00e8s des \u00e9tudes sup\u00e9rieures de math\u00e9matiques en analyse num\u00e9rique, il se consacre \u00e0 la photographie. Ses principaux axes de travail sont : les mises en sc\u00e8ne dans un dispositif param\u00e9tr\u00e9 de mani\u00e8re rigoureuse, l&#8217;utilisation du m\u00e9dium photographique dans sa sp\u00e9cificit\u00e9 propre, le travail sur ses proches et son environnement, la vision intime en gros plan. Il est un des repr\u00e9sentants les plus importants de la sc\u00e8ne photographique fran\u00e7aise et expose r\u00e9guli\u00e8rement en France et \u00e0 l&#8217;\u00e9tranger.<\/p>\n<p><a href=\"http:\/\/ddab.org\/fr\/oeuvres\/TREMORIN\">Le site de Yves Tr\u00e9morin<\/a> <\/p>\n","protected":false},"author":13,"featured_media":12294,"template":"","format":"standard","meta":{"_acf_changed":false,"footnotes":""},"class_list":["post-12295","biographie","type-biographie","status-publish","format-standard","has-post-thumbnail","hentry"],"acf":[],"yoast_head":"<!-- This site is optimized with the Yoast SEO plugin v27.1.1 - https:\/\/yoast.com\/product\/yoast-seo-wordpress\/ -->\n<title>Tr\u00e9morin - Editions LOCO<\/title>\n<meta name=\"robots\" content=\"index, follow, max-snippet:-1, max-image-preview:large, max-video-preview:-1\" \/>\n<link rel=\"canonical\" href=\"https:\/\/www.editionsloco.com\/biographie\/tremorin\/\" \/>\n<meta property=\"og:locale\" content=\"en_US\" \/>\n<meta property=\"og:type\" content=\"article\" \/>\n<meta property=\"og:title\" content=\"Tr\u00e9morin - Editions LOCO\" \/>\n<meta property=\"og:description\" content=\"Yves Tr\u00e9morin est n\u00e9 en 1959 \u00e0 Rennes. Apr\u00e8s des \u00e9tudes sup\u00e9rieures de math\u00e9matiques en analyse num\u00e9rique, il se consacre \u00e0 la photographie. Ses principaux [&hellip;]\" \/>\n<meta property=\"og:url\" content=\"https:\/\/www.editionsloco.com\/biographie\/tremorin\/\" \/>\n<meta property=\"og:site_name\" content=\"Editions LOCO\" \/>\n<meta property=\"og:image\" content=\"https:\/\/www.editionsloco.com\/wp-content\/uploads\/2012\/05\/arton39-5e2.jpg\" \/>\n\t<meta property=\"og:image:width\" content=\"284\" \/>\n\t<meta property=\"og:image:height\" content=\"333\" \/>\n\t<meta property=\"og:image:type\" content=\"image\/jpeg\" \/>\n<meta name=\"twitter:card\" content=\"summary_large_image\" \/>\n<meta name=\"twitter:label1\" content=\"Est. reading time\" \/>\n\t<meta name=\"twitter:data1\" content=\"1 minute\" \/>\n<script type=\"application\/ld+json\" class=\"yoast-schema-graph\">{\"@context\":\"https:\/\/schema.org\",\"@graph\":[{\"@type\":\"WebPage\",\"@id\":\"https:\/\/www.editionsloco.com\/biographie\/tremorin\/\",\"url\":\"https:\/\/www.editionsloco.com\/biographie\/tremorin\/\",\"name\":\"Tr\u00e9morin - Editions LOCO\",\"isPartOf\":{\"@id\":\"https:\/\/www.editionsloco.com\/#website\"},\"primaryImageOfPage\":{\"@id\":\"https:\/\/www.editionsloco.com\/biographie\/tremorin\/#primaryimage\"},\"image\":{\"@id\":\"https:\/\/www.editionsloco.com\/biographie\/tremorin\/#primaryimage\"},\"thumbnailUrl\":\"https:\/\/www.editionsloco.com\/wp-content\/uploads\/2012\/05\/arton39-5e2.jpg\",\"datePublished\":\"2012-05-22T13:29:15+00:00\",\"breadcrumb\":{\"@id\":\"https:\/\/www.editionsloco.com\/biographie\/tremorin\/#breadcrumb\"},\"inLanguage\":\"en-US\",\"potentialAction\":[{\"@type\":\"ReadAction\",\"target\":[\"https:\/\/www.editionsloco.com\/biographie\/tremorin\/\"]}]},{\"@type\":\"ImageObject\",\"inLanguage\":\"en-US\",\"@id\":\"https:\/\/www.editionsloco.com\/biographie\/tremorin\/#primaryimage\",\"url\":\"https:\/\/www.editionsloco.com\/wp-content\/uploads\/2012\/05\/arton39-5e2.jpg\",\"contentUrl\":\"https:\/\/www.editionsloco.com\/wp-content\/uploads\/2012\/05\/arton39-5e2.jpg\",\"width\":284,\"height\":333},{\"@type\":\"BreadcrumbList\",\"@id\":\"https:\/\/www.editionsloco.com\/biographie\/tremorin\/#breadcrumb\",\"itemListElement\":[{\"@type\":\"ListItem\",\"position\":1,\"name\":\"Accueil\",\"item\":\"https:\/\/www.editionsloco.com\/en\/\"},{\"@type\":\"ListItem\",\"position\":2,\"name\":\"Tr\u00e9morin\"}]},{\"@type\":\"WebSite\",\"@id\":\"https:\/\/www.editionsloco.com\/#website\",\"url\":\"https:\/\/www.editionsloco.com\/\",\"name\":\"Editions LOCO\",\"description\":\"\",\"potentialAction\":[{\"@type\":\"SearchAction\",\"target\":{\"@type\":\"EntryPoint\",\"urlTemplate\":\"https:\/\/www.editionsloco.com\/?s={search_term_string}\"},\"query-input\":{\"@type\":\"PropertyValueSpecification\",\"valueRequired\":true,\"valueName\":\"search_term_string\"}}],\"inLanguage\":\"en-US\"}]}<\/script>\n<!-- \/ Yoast SEO plugin. -->","yoast_head_json":{"title":"Tr\u00e9morin - Editions LOCO","robots":{"index":"index","follow":"follow","max-snippet":"max-snippet:-1","max-image-preview":"max-image-preview:large","max-video-preview":"max-video-preview:-1"},"canonical":"https:\/\/www.editionsloco.com\/biographie\/tremorin\/","og_locale":"en_US","og_type":"article","og_title":"Tr\u00e9morin - Editions LOCO","og_description":"Yves Tr\u00e9morin est n\u00e9 en 1959 \u00e0 Rennes. Apr\u00e8s des \u00e9tudes sup\u00e9rieures de math\u00e9matiques en analyse num\u00e9rique, il se consacre \u00e0 la photographie. Ses principaux [&hellip;]","og_url":"https:\/\/www.editionsloco.com\/biographie\/tremorin\/","og_site_name":"Editions LOCO","og_image":[{"width":284,"height":333,"url":"https:\/\/www.editionsloco.com\/wp-content\/uploads\/2012\/05\/arton39-5e2.jpg","type":"image\/jpeg"}],"twitter_card":"summary_large_image","twitter_misc":{"Est. reading time":"1 minute"},"schema":{"@context":"https:\/\/schema.org","@graph":[{"@type":"WebPage","@id":"https:\/\/www.editionsloco.com\/biographie\/tremorin\/","url":"https:\/\/www.editionsloco.com\/biographie\/tremorin\/","name":"Tr\u00e9morin - Editions LOCO","isPartOf":{"@id":"https:\/\/www.editionsloco.com\/#website"},"primaryImageOfPage":{"@id":"https:\/\/www.editionsloco.com\/biographie\/tremorin\/#primaryimage"},"image":{"@id":"https:\/\/www.editionsloco.com\/biographie\/tremorin\/#primaryimage"},"thumbnailUrl":"https:\/\/www.editionsloco.com\/wp-content\/uploads\/2012\/05\/arton39-5e2.jpg","datePublished":"2012-05-22T13:29:15+00:00","breadcrumb":{"@id":"https:\/\/www.editionsloco.com\/biographie\/tremorin\/#breadcrumb"},"inLanguage":"en-US","potentialAction":[{"@type":"ReadAction","target":["https:\/\/www.editionsloco.com\/biographie\/tremorin\/"]}]},{"@type":"ImageObject","inLanguage":"en-US","@id":"https:\/\/www.editionsloco.com\/biographie\/tremorin\/#primaryimage","url":"https:\/\/www.editionsloco.com\/wp-content\/uploads\/2012\/05\/arton39-5e2.jpg","contentUrl":"https:\/\/www.editionsloco.com\/wp-content\/uploads\/2012\/05\/arton39-5e2.jpg","width":284,"height":333},{"@type":"BreadcrumbList","@id":"https:\/\/www.editionsloco.com\/biographie\/tremorin\/#breadcrumb","itemListElement":[{"@type":"ListItem","position":1,"name":"Accueil","item":"https:\/\/www.editionsloco.com\/en\/"},{"@type":"ListItem","position":2,"name":"Tr\u00e9morin"}]},{"@type":"WebSite","@id":"https:\/\/www.editionsloco.com\/#website","url":"https:\/\/www.editionsloco.com\/","name":"Editions LOCO","description":"","potentialAction":[{"@type":"SearchAction","target":{"@type":"EntryPoint","urlTemplate":"https:\/\/www.editionsloco.com\/?s={search_term_string}"},"query-input":{"@type":"PropertyValueSpecification","valueRequired":true,"valueName":"search_term_string"}}],"inLanguage":"en-US"}]}},"_links":{"self":[{"href":"https:\/\/www.editionsloco.com\/en\/wp-json\/wp\/v2\/biographie\/12295","targetHints":{"allow":["GET"]}}],"collection":[{"href":"https:\/\/www.editionsloco.com\/en\/wp-json\/wp\/v2\/biographie"}],"about":[{"href":"https:\/\/www.editionsloco.com\/en\/wp-json\/wp\/v2\/types\/biographie"}],"author":[{"embeddable":true,"href":"https:\/\/www.editionsloco.com\/en\/wp-json\/wp\/v2\/users\/13"}],"version-history":[{"count":0,"href":"https:\/\/www.editionsloco.com\/en\/wp-json\/wp\/v2\/biographie\/12295\/revisions"}],"wp:featuredmedia":[{"embeddable":true,"href":"https:\/\/www.editionsloco.com\/en\/wp-json\/wp\/v2\/media\/12294"}],"wp:attachment":[{"href":"https:\/\/www.editionsloco.com\/en\/wp-json\/wp\/v2\/media?parent=12295"}],"curies":[{"name":"wp","href":"https:\/\/api.w.org\/{rel}","templated":true}]}}

Trémorin

<p><strong>Yves Trémorin</strong> est né en 1959 à Rennes. Après des études supérieures de mathématiques en analyse numérique, il se consacre à la photographie. Ses principaux axes de travail sont : les mises en scène dans un dispositif paramétré de manière rigoureuse, l&#8217;utilisation du médium photographique dans sa spécificité propre, le travail sur ses proches et son environnement, la vision intime en gros plan. Il est un des représentants les plus importants de la scène photographique française et expose régulièrement en France et à l&#8217;étranger.</p>
<p><a href="http://ddab.org/fr/oeuvres/TREMORIN">Le site de Yves Trémorin</a> </p>

<!-- This site is optimized with the Yoast SEO plugin v27.1.1 - https://yoast.com/product/yoast-seo-wordpress/ -->
<title>Trémorin - Editions LOCO</title>
<meta name="robots" content="index, follow, max-snippet:-1, max-image-preview:large, max-video-preview:-1" />
<link rel="canonical" href="https://www.editionsloco.com/biographie/tremorin/" />
<meta property="og:locale" content="en_US" />
<meta property="og:type" content="article" />
<meta property="og:title" content="Trémorin - Editions LOCO" />
<meta property="og:description" content="Yves Trémorin est né en 1959 à Rennes. Après des études supérieures de mathématiques en analyse numérique, il se consacre à la photographie. Ses principaux [&hellip;]" />
<meta property="og:url" content="https://www.editionsloco.com/biographie/tremorin/" />
<meta property="og:site_name" content="Editions LOCO" />
<meta property="og:image" content="https://www.editionsloco.com/wp-content/uploads/2012/05/arton39-5e2.jpg" />
	<meta property="og:image:width" content="284" />
	<meta property="og:image:height" content="333" />
	<meta property="og:image:type" content="image/jpeg" />
<meta name="twitter:card" content="summary_large_image" />
<meta name="twitter:label1" content="Est. reading time" />
	<meta name="twitter:data1" content="1 minute" />
<script type="application/ld+json" class="yoast-schema-graph">{"@context":"https://schema.org","@graph":[{"@type":"WebPage","@id":"https://www.editionsloco.com/biographie/tremorin/","url":"https://www.editionsloco.com/biographie/tremorin/","name":"Trémorin - Editions LOCO","isPartOf":{"@id":"https://www.editionsloco.com/#website"},"primaryImageOfPage":{"@id":"https://www.editionsloco.com/biographie/tremorin/#primaryimage"},"image":{"@id":"https://www.editionsloco.com/biographie/tremorin/#primaryimage"},"thumbnailUrl":"https://www.editionsloco.com/wp-content/uploads/2012/05/arton39-5e2.jpg","datePublished":"2012-05-22T13:29:15+00:00","breadcrumb":{"@id":"https://www.editionsloco.com/biographie/tremorin/#breadcrumb"},"inLanguage":"en-US","potentialAction":[{"@type":"ReadAction","target":["https://www.editionsloco.com/biographie/tremorin/"]}]},{"@type":"ImageObject","inLanguage":"en-US","@id":"https://www.editionsloco.com/biographie/tremorin/#primaryimage","url":"https://www.editionsloco.com/wp-content/uploads/2012/05/arton39-5e2.jpg","contentUrl":"https://www.editionsloco.com/wp-content/uploads/2012/05/arton39-5e2.jpg","width":284,"height":333},{"@type":"BreadcrumbList","@id":"https://www.editionsloco.com/biographie/tremorin/#breadcrumb","itemListElement":[{"@type":"ListItem","position":1,"name":"Accueil","item":"https://www.editionsloco.com/en/"},{"@type":"ListItem","position":2,"name":"Trémorin"}]},{"@type":"WebSite","@id":"https://www.editionsloco.com/#website","url":"https://www.editionsloco.com/","name":"Editions LOCO","description":"","potentialAction":[{"@type":"SearchAction","target":{"@type":"EntryPoint","urlTemplate":"https://www.editionsloco.com/?s={search_term_string}"},"query-input":{"@type":"PropertyValueSpecification","valueRequired":true,"valueName":"search_term_string"}}],"inLanguage":"en-US"}]}</script>
<!-- / Yoast SEO plugin. -->

Trémorin - Editions LOCO

Yves Trémorin est né en 1959 à Rennes. Après des études supérieures de mathématiques en analyse numérique, il se consacre à la photographie. Ses principaux [&hellip;]
